67.195.112.98 - - [10/Oct/2011:02:48:34 +0200] "GET /robots.txt HTTP/1.0" 404 466 "-" "Mozilla/5.0 (compatible; Yahoo! Slurp; http://help.yahoo.com/help/us/ysearch/slurp)"
67.195.112.98 - - [10/Oct/2011:02:48:34 +0200] "GET / HTTP/1.0" 200 335 "-" "Mozilla/5.0 (compatible; Yahoo! Slurp; http://help.yahoo.com/help/us/ysearch/slurp)"
124.115.11.187 - - [10/Oct/2011:04:01:00 +0200] "GET / HTTP/1.1" 200 373 "-" "Mozilla/4.0 (compatible; MSIE 6.0; Windows NT 5.1)"
124.115.1.66 - - [10/Oct/2011:04:18:17 +0200] "GET / HTTP/1.1" 200 373 "-" "Mozilla/4.0 (compatible; MSIE 6.0; Windows NT 5.1)"
124.115.1.61 - - [10/Oct/2011:05:12:27 +0200] "GET / HTTP/1.1" 200 373 "-" "Mozilla/4.0 (compatible; MSIE 6.0; Windows NT 5.1)"
124.115.10.193 - - [10/Oct/2011:05:20:31 +0200] "GET / HTTP/1.1" 200 373 "-" "Mozilla/4.0 (compatible; MSIE 6.0; Windows NT 5.1)"
124.115.1.62 - - [10/Oct/2011:05:52:48 +0200] "GET / HTTP/1.1" 200 373 "-" "Mozilla/4.0 (compatible; MSIE 6.0; Windows NT 5.1)"
123.125.71.97 - - [10/Oct/2011:06:22:18 +0200] "GET / HTTP/1.1" 200 335 "-" "Mozilla/5.0 (compatible; Baiduspider/2.0; +http://www.baidu.com/search/spider.html)"
180.76.5.89 - - [10/Oct/2011:11:44:13 +0200] "GET /robots.txt HTTP/1.1" 404 466 "-" "Baiduspider+(+http://www.baidu.com/search/spider.htm)"
123.125.71.80 - - [10/Oct/2011:15:54:28 +0200] "GET /robots.txt HTTP/1.1" 404 466 "-" "Baiduspider+(+http://www.baidu.com/search/spider.htm)"
71.63.46.62 - - [10/Oct/2011:17:09:54 +0200] "GET /torrentflux/downloads/chanti/Supernatural.S02E09.HDTV.XviD-NoTV.avi HTTP/1.1" 404 586 "http://www.deinon.net/torrentflux/downloads/chanti" "Mozilla/4.0 (compatible; MSIE 6.0; Windows NT 5.1; SV1)"
71.63.46.62 - - [10/Oct/2011:19:33:46 +0200] "GET /torrentflux/downloads/chanti/Supernatural.S02E18.HDTV.XviD-XOR.avi HTTP/1.1" 404 585 "http://www.deinon.net/torrentflux/downloads/chanti" "Mozilla/4.0 (compatible; MSIE 6.0; Windows NT 5.1; SV1)"
193.252.118.176 - - [11/Oct/2011:00:13:51 +0200] "GET /robots.txt HTTP/1.1" 404 466 "-" "Mozilla/5.0 (Windows; U; Windows NT 5.1; fr; rv:1.8.1) VoilaBot BETA 1.2 (support.voilabot@orange-ftgroup.com)"
193.252.118.176 - - [11/Oct/2011:00:14:05 +0200] "GET / HTTP/1.1" 200 335 "-" "Mozilla/5.0 (Windows; U; Windows NT 5.1; fr; rv:1.8.1) VoilaBot BETA 1.2 (support.voilabot@orange-ftgroup.com)"
180.76.5.138 - - [11/Oct/2011:00:33:57 +0200] "GET /robots.txt HTTP/1.1" 404 466 "-" "Baiduspider+(+http://www.baidu.com/search/spider.htm)"
208.80.194.28 - - [11/Oct/2011:00:38:31 +0200] "GET / HTTP/1.0" 200 291 "-" "Mozilla/4.0 (compatible; MSIE 7.0; Windows NT 6.0; FunWebProducts; YPC 3.2.0; SLCC1; .NET CLR 2.0.50727; Media Center PC 5.0; .NET CLR 3.0.04506; .NET CLR 1.1.4322; IEMB3)"
124.115.1.66 - - [11/Oct/2011:04:30:35 +0200] "GET / HTTP/1.1" 200 373 "-" "Mozilla/4.0 (compatible; MSIE 6.0; Windows NT 5.1)"
124.115.1.62 - - [11/Oct/2011:04:51:49 +0200] "GET / HTTP/1.1" 200 373 "-" "Mozilla/4.0 (compatible; MSIE 6.0; Windows NT 5.1)"
124.115.11.187 - - [11/Oct/2011:05:14:57 +0200] "GET / HTTP/1.1" 200 373 "-" "Mozilla/4.0 (compatible; MSIE 6.0; Windows NT 5.1)"
124.115.10.193 - - [11/Oct/2011:05:16:35 +0200] "GET / HTTP/1.1" 200 373 "-" "Mozilla/4.0 (compatible; MSIE 6.0; Windows NT 5.1)"
66.249.72.205 - - [11/Oct/2011:05:25:23 +0200] "GET /robots.txt HTTP/1.1" 404 504 "-" "Mozilla/5.0 (compatible; Googlebot/2.1; +http://www.google.com/bot.html)"
66.249.72.205 - - [11/Oct/2011:05:25:24 +0200] "GET /~gerard/bcrs/index.php?option=com_content&view=article&id=6&Itemid=30 HTTP/1.1" 200 3312 "-" "Mozilla/5.0 (compatible; Googlebot/2.1; +http://www.google.com/bot.html)"
124.115.1.61 - - [11/Oct/2011:05:42:57 +0200] "GET / HTTP/1.1" 200 373 "-" "Mozilla/4.0 (compatible; MSIE 6.0; Windows NT 5.1)"
123.125.71.112 - - [11/Oct/2011:08:27:51 +0200] "GET / HTTP/1.1" 200 335 "-" "Mozilla/5.0 (compatible; Baiduspider/2.0; +http://www.baidu.com/search/spider.html)"
66.249.72.205 - - [11/Oct/2011:10:18:15 +0200] "GET /~gerard/bcrs/index.php?option=com_content&view=article&id=24&Itemid=49 HTTP/1.1" 200 2956 "-" "Mozilla/5.0 (compatible; Googlebot/2.1; +http://www.google.com/bot.html)"
66.249.72.205 - - [11/Oct/2011:10:30:02 +0200] "GET /~gerard/bcrs/index.php?option=com_content&view=section&layout=blog&id=1&Itemid=3 HTTP/1.1" 200 4800 "-" "Mozilla/5.0 (compatible; Googlebot/2.1; +http://www.google.com/bot.html)"
66.249.72.205 - - [11/Oct/2011:11:12:28 +0200] "GET /~gerard/bcrs/index.php?option=com_content&view=article&id=34&Itemid=54 HTTP/1.1" 200 2643 "-" "Mozilla/5.0 (compatible; Googlebot/2.1; +http://www.google.com/bot.html)"
66.249.72.205 - - [11/Oct/2011:11:34:56 +0200] "GET /~gerard/bcrs/index.php?option=com_content&view=article&id=57&Itemid=58 HTTP/1.1" 200 2727 "-" "Mozilla/5.0 (compatible; Googlebot/2.1; +http://www.google.com/bot.html)"
66.249.72.205 - - [11/Oct/2011:12:26:23 +0200] "GET /~gerard/bcrs/index.php?option=com_content&view=section&layout=blog&id=1&Itemid=3&limitstart=12 HTTP/1.1" 200 3426 "-" "Mozilla/5.0 (compatible; Googlebot/2.1; +http://www.google.com/bot.html)"
66.249.72.205 - - [11/Oct/2011:13:38:57 +0200] "GET /~gerard/bcrs/index.php?option=com_content&view=section&layout=blog&id=1&Itemid=3&limitstart=24 HTTP/1.1" 200 4620 "-" "Mozilla/5.0 (compatible; Googlebot/2.1; +http://www.google.com/bot.html)"
66.249.72.205 - - [11/Oct/2011:13:44:13 +0200] "GET /~gerard/bcrs/index.php?option=com_content&view=section&layout=blog&id=1&Itemid=3&limitstart=16 HTTP/1.1" 200 3936 "-" "Mozilla/5.0 (compatible; Googlebot/2.1; +http://www.google.com/bot.html)"
66.249.72.205 - - [11/Oct/2011:13:52:08 +0200] "GET /~gerard/bcrs/index.php?option=com_content&view=section&layout=blog&id=1&Itemid=3&limitstart=36 HTTP/1.1" 200 4393 "-" "Mozilla/5.0 (compatible; Googlebot/2.1; +http://www.google.com/bot.html)"
66.249.72.205 - - [11/Oct/2011:15:08:15 +0200] "GET /~gerard/bcrs/index.php?option=com_content&view=article&id=66:team-bcrs-1-kampioen-erc&catid=8:recreanten&Itemid=34 HTTP/1.1" 200 3170 "-" "Mozilla/5.0 (compatible; Googlebot/2.1; +http://www.google.com/bot.html)"
66.249.72.205 - - [11/Oct/2011:17:23:01 +0200] "GET /~gerard/bcrs/index.php?option=com_content&view=article&id=1:welkom-op-de-website-van-badminton-centrum-ritte-spijkenisse&catid=5:frontpage HTTP/1.1" 200 3019 "-" "Mozilla/5.0 (compatible; Googlebot/2.1; +http://www.google.com/bot.html)"
123.125.71.87 - - [11/Oct/2011:21:33:47 +0200] "GET /robots.txt HTTP/1.1" 404 466 "-" "Baiduspider+(+http://www.baidu.com/search/spider.htm)"
114.80.93.71 - - [12/Oct/2011:03:14:00 +0200] "GET / HTTP/1.1" 200 373 "-" "Mozilla/4.0 (compatible; MSIE 6.0; Windows NT 5.1)"
124.115.10.193 - - [12/Oct/2011:04:20:23 +0200] "GET / HTTP/1.1" 200 373 "-" "Mozilla/4.0 (compatible; MSIE 6.0; Windows NT 5.1)"
124.115.11.187 - - [12/Oct/2011:04:33:27 +0200] "GET / HTTP/1.1" 200 373 "-" "Mozilla/4.0 (compatible; MSIE 6.0; Windows NT 5.1)"
124.115.1.61 - - [12/Oct/2011:04:53:40 +0200] "GET / HTTP/1.1" 200 373 "-" "Mozilla/4.0 (compatible; MSIE 6.0; Windows NT 5.1)"
124.115.1.62 - - [12/Oct/2011:05:09:16 +0200] "GET / HTTP/1.1" 200 373 "-" "Mozilla/4.0 (compatible; MSIE 6.0; Windows NT 5.1)"
124.115.1.66 - - [12/Oct/2011:05:47:52 +0200] "GET / HTTP/1.1" 200 373 "-" "Mozilla/4.0 (compatible; MSIE 6.0; Windows NT 5.1)"
180.76.5.161 - - [12/Oct/2011:07:03:17 +0200] "GET /robots.txt HTTP/1.1" 404 466 "-" "Baiduspider+(+http://www.baidu.com/search/spider.htm)"
208.80.194.35 - - [12/Oct/2011:07:49:05 +0200] "GET / HTTP/1.0" 200 291 "-" "Mozilla/4.0 (compatible; MSIE 7.0; Windows NT 5.1; {626B604C-D125-5C82-EAEB-464F9C1BDBEE}; .NET CLR 1.0.3705; .NET CLR 2.0.50727; .NET CLR 1.1.4322)"
123.125.71.98 - - [12/Oct/2011:08:05:49 +0200] "GET / HTTP/1.1" 200 335 "-" "Mozilla/5.0 (compatible; Baiduspider/2.0; +http://www.baidu.com/search/spider.html)"
123.125.71.77 - - [12/Oct/2011:20:48:41 +0200] "GET /robots.txt HTTP/1.1" 404 466 "-" "Baiduspider+(+http://www.baidu.com/search/spider.htm)"
124.115.1.62 - - [13/Oct/2011:03:38:06 +0200] "GET / HTTP/1.1" 200 373 "-" "Mozilla/4.0 (compatible; MSIE 6.0; Windows NT 5.1)"
124.115.10.193 - - [13/Oct/2011:03:43:00 +0200] "GET / HTTP/1.1" 200 373 "-" "Mozilla/4.0 (compatible; MSIE 6.0; Windows NT 5.1)"
124.115.1.61 - - [13/Oct/2011:03:51:41 +0200] "GET / HTTP/1.1" 200 373 "-" "Mozilla/4.0 (compatible; MSIE 6.0; Windows NT 5.1)"
124.115.1.66 - - [13/Oct/2011:03:56:44 +0200] "GET / HTTP/1.1" 200 373 "-" "Mozilla/4.0 (compatible; MSIE 6.0; Windows NT 5.1)"
124.115.11.187 - - [13/Oct/2011:03:58:03 +0200] "GET / HTTP/1.1" 200 373 "-" "Mozilla/4.0 (compatible; MSIE 6.0; Windows NT 5.1)"
123.125.71.104 - - [13/Oct/2011:06:27:25 +0200] "GET / HTTP/1.1" 200 335 "-" "Mozilla/5.0 (compatible; Baiduspider/2.0; +http://www.baidu.com/search/spider.html)"
123.125.71.80 - - [13/Oct/2011:06:55:47 +0200] "GET /robots.txt HTTP/1.1" 404 466 "-" "Baiduspider+(+http://www.baidu.com/search/spider.htm)"
180.76.5.89 - - [13/Oct/2011:08:08:22 +0200] "GET /robots.txt HTTP/1.1" 404 466 "-" "Baiduspider+(+http://www.baidu.com/search/spider.htm)"
213.125.96.196 - - [13/Oct/2011:11:02:44 +0200] "GET / HTTP/1.1" 200 373 "http://www.google.nl/search?q=deinon&hl=nl&gs_sm=e&gs_upl=215477l216122l0l216279l6l5l0l0l0l0l173l644l2.3l5l0&um=1&sa=N&tab=Tw&oq=deinon&aq=f&aqi=g4g-s2g4&aql=" "Mozilla/4.0 (compatible; MSIE 6.0; Windows NT 5.1; SV1; .NET CLR 1.1.4322; InfoPath.1; .NET CLR 2.0.50727; .NET CLR 3.0.4506.2152; .NET CLR 3.5.30729)"
213.125.96.196 - - [13/Oct/2011:11:02:45 +0200] "GET / HTTP/1.1" 200 373 "http://www.google.nl/search?q=deinon&hl=nl&gs_sm=e&gs_upl=215477l216122l0l216279l6l5l0l0l0l0l173l644l2.3l5l0&um=1&sa=N&tab=Tw&oq=deinon&aq=f&aqi=g4g-s2g4&aql=" "Mozilla/4.0 (compatible; MSIE 6.0; Windows NT 5.1; SV1; .NET CLR 1.1.4322; InfoPath.1; .NET CLR 2.0.50727; .NET CLR 3.0.4506.2152; .NET CLR 3.5.30729)"
66.249.72.205 - - [13/Oct/2011:12:06:45 +0200] "GET /robots.txt HTTP/1.1" 404 504 "-" "Mozilla/5.0 (compatible; Googlebot/2.1; +http://www.google.com/bot.html)"
66.249.72.205 - - [13/Oct/2011:12:06:45 +0200] "GET /~gerard/bcrs/index.php?option=com_content&view=article&id=20&Itemid=33 HTTP/1.1" 200 3694 "-" "Mozilla/5.0 (compatible; Googlebot/2.1; +http://www.google.com/bot.html)"
157.55.17.192 - - [13/Oct/2011:12:11:32 +0200] "GET /robots.txt HTTP/1.1" 404 529 "-" "Mozilla/5.0 (compatible; bingbot/2.0; +http://www.bing.com/bingbot.htm)"
157.55.17.192 - - [13/Oct/2011:12:12:33 +0200] "GET / HTTP/1.1" 304 211 "-" "Mozilla/5.0 (compatible; bingbot/2.0; +http://www.bing.com/bingbot.htm)"
184.73.21.239 - - [13/Oct/2011:13:17:04 +0200] "GET / HTTP/1.0" 200 291 "http://www.teissl.info" "Mozilla/4.0 (compatible; MSIE 7.0; Windows NT 6.0; Trident/4.0)"
66.249.72.205 - - [13/Oct/2011:13:28:37 +0200] "GET /~gerard/bcrs/index.php?option=com_content&view=article&id=70&Itemid=59 HTTP/1.1" 200 2873 "-" "Mozilla/5.0 (compatible; Googlebot/2.1; +http://www.google.com/bot.html)"
66.249.72.205 - - [13/Oct/2011:13:59:57 +0200] "GET /~gerard/bcrs/index.php?option=com_content&view=article&id=12&Itemid=38 HTTP/1.1" 200 3568 "-" "Mozilla/5.0 (compatible; Googlebot/2.1; +http://www.google.com/bot.html)"
208.80.194.37 - - [13/Oct/2011:15:13:01 +0200] "GET / HTTP/1.0" 200 291 "-" "Mozilla/4.0 (compatible; MSIE 6.0; Windows NT 5.1; SV1; sbcydsl 3.12; YComp 5.0.0.0; ZangoToolbar 4.8.3; yplus 3.01)"
66.249.72.205 - - [13/Oct/2011:15:25:03 +0200] "GET /~gerard/bcrs/index.php?option=com_content&view=article&id=27&Itemid=51 HTTP/1.1" 200 3212 "-" "Mozilla/5.0 (compatible; Googlebot/2.1; +http://www.google.com/bot.html)"
66.249.72.205 - - [13/Oct/2011:15:42:33 +0200] "GET /~gerard/bcrs/index.php?option=com_content&view=section&layout=blog&id=1&Itemid=3&limitstart=8 HTTP/1.1" 200 4402 "-" "Mozilla/5.0 (compatible; Googlebot/2.1; +http://www.google.com/bot.html)"
193.252.118.176 - - [14/Oct/2011:01:32:32 +0200] "GET / HTTP/1.1" 200 335 "-" "Mozilla/5.0 (Windows; U; Windows NT 5.1; fr; rv:1.8.1) VoilaBot BETA 1.2 (support.voilabot@orange-ftgroup.com)"
124.115.1.61 - - [14/Oct/2011:03:44:02 +0200] "GET / HTTP/1.1" 200 373 "-" "Mozilla/4.0 (compatible; MSIE 6.0; Windows NT 5.1)"
124.115.1.66 - - [14/Oct/2011:03:47:28 +0200] "GET / HTTP/1.1" 200 373 "-" "Mozilla/4.0 (compatible; MSIE 6.0; Windows NT 5.1)"
124.115.10.193 - - [14/Oct/2011:03:49:08 +0200] "GET / HTTP/1.1" 200 373 "-" "Mozilla/4.0 (compatible; MSIE 6.0; Windows NT 5.1)"
124.115.11.187 - - [14/Oct/2011:03:51:12 +0200] "GET / HTTP/1.1" 200 373 "-" "Mozilla/4.0 (compatible; MSIE 6.0; Windows NT 5.1)"
124.115.1.62 - - [14/Oct/2011:04:00:48 +0200] "GET / HTTP/1.1" 200 373 "-" "Mozilla/4.0 (compatible; MSIE 6.0; Windows NT 5.1)"
123.125.71.105 - - [14/Oct/2011:06:59:34 +0200] "GET / HTTP/1.1" 200 335 "-" "Mozilla/5.0 (compatible; Baiduspider/2.0; +http://www.baidu.com/search/spider.html)"
123.125.71.74 - - [14/Oct/2011:14:56:25 +0200] "GET /robots.txt HTTP/1.1" 404 466 "-" "Baiduspider+(+http://www.baidu.com/search/spider.htm)"
180.76.5.176 - - [14/Oct/2011:15:38:35 +0200] "GET /robots.txt HTTP/1.1" 404 466 "-" "Baiduspider+(+http://www.baidu.com/search/spider.htm)"
208.80.194.29 - - [14/Oct/2011:23:04:14 +0200] "GET / HTTP/1.0" 200 291 "-" "Mozilla/4.0 (compatible; MSIE 7.0; Windows NT 5.1; FunWebProducts; .NET CLR 1.0.3705; .NET CLR 1.1.4322; Media Center PC 3.1; IEMB3; InfoPath.1; IEMB3)"
77.88.24.28 - - [15/Oct/2011:02:25:42 +0200] "GET /robots.txt HTTP/1.1" 404 529 "-" "Mozilla/5.0 (compatible; YandexBot/3.0; +http://yandex.com/bots)"
124.115.1.62 - - [15/Oct/2011:04:29:13 +0200] "GET / HTTP/1.1" 200 373 "-" "Mozilla/4.0 (compatible; MSIE 6.0; Windows NT 5.1)"
124.115.1.61 - - [15/Oct/2011:04:40:49 +0200] "GET / HTTP/1.1" 200 373 "-" "Mozilla/4.0 (compatible; MSIE 6.0; Windows NT 5.1)"
124.115.11.187 - - [15/Oct/2011:05:06:39 +0200] "GET / HTTP/1.1" 200 373 "-" "Mozilla/4.0 (compatible; MSIE 6.0; Windows NT 5.1)"
124.115.1.66 - - [15/Oct/2011:05:11:50 +0200] "GET / HTTP/1.1" 200 373 "-" "Mozilla/4.0 (compatible; MSIE 6.0; Windows NT 5.1)"
124.115.10.193 - - [15/Oct/2011:05:31:41 +0200] "GET / HTTP/1.1" 200 373 "-" "Mozilla/4.0 (compatible; MSIE 6.0; Windows NT 5.1)"
180.76.5.150 - - [15/Oct/2011:07:17:37 +0200] "GET /robots.txt HTTP/1.1" 404 466 "-" "Baiduspider+(+http://www.baidu.com/search/spider.htm)"
123.125.71.90 - - [15/Oct/2011:08:58:51 +0200] "GET /robots.txt HTTP/1.1" 404 466 "-" "Baiduspider+(+http://www.baidu.com/search/spider.htm)"
66.249.72.205 - - [15/Oct/2011:09:57:18 +0200] "GET /robots.txt HTTP/1.1" 404 504 "-" "Mozilla/5.0 (compatible; Googlebot/2.1; +http://www.google.com/bot.html)"
66.249.72.205 - - [15/Oct/2011:09:57:18 +0200] "GET /~gerard/bcrs/index.php?option=com_content&view=article&id=18&Itemid=43 HTTP/1.1" 200 2682 "-" "Mozilla/5.0 (compatible; Googlebot/2.1; +http://www.google.com/bot.html)"
66.249.72.205 - - [15/Oct/2011:10:21:49 +0200] "GET /~gerard/bcrs/index.php?option=com_content&view=article&id=16&Itemid=41 HTTP/1.1" 200 2798 "-" "Mozilla/5.0 (compatible; Googlebot/2.1; +http://www.google.com/bot.html)"
208.115.111.68 - - [15/Oct/2011:11:11:11 +0200] "GET /robots.txt HTTP/1.1" 404 472 "-" "Mozilla/5.0 (compatible; Ezooms/1.0; ezooms.bot@gmail.com)"
66.249.72.205 - - [15/Oct/2011:11:36:36 +0200] "GET /~gerard/bcrs/index.php?option=com_content&view=section&id=1&Itemid=34 HTTP/1.1" 200 2866 "-" "Mozilla/5.0 (compatible; Googlebot/2.1; +http://www.google.com/bot.html)"
208.115.111.68 - - [15/Oct/2011:11:46:25 +0200] "GET / HTTP/1.1" 200 298 "-" "Mozilla/5.0 (compatible; Ezooms/1.0; ezooms.bot@gmail.com)"
114.80.93.71 - - [15/Oct/2011:11:46:42 +0200] "GET / HTTP/1.1" 200 373 "-" "Mozilla/4.0 (compatible; MSIE 6.0; Windows NT 5.1)"
66.249.72.205 - - [15/Oct/2011:11:59:48 +0200] "GET /~gerard/bcrs/index.php?option=com_content&view=article&id=22&Itemid=47 HTTP/1.1" 200 3814 "-" "Mozilla/5.0 (compatible; Googlebot/2.1; +http://www.google.com/bot.html)"
77.88.24.28 - - [15/Oct/2011:12:05:57 +0200] "GET / HTTP/1.1" 200 373 "-" "Mozilla/5.0 (compatible; YandexBot/3.0; +http://yandex.com/bots)"
66.249.72.205 - - [15/Oct/2011:14:52:37 +0200] "GET /~gerard/bcrs/index.php?option=com_content&view=article&id=17&Itemid=40 HTTP/1.1" 200 2711 "-" "Mozilla/5.0 (compatible; Googlebot/2.1; +http://www.google.com/bot.html)"
77.75.77.11 - - [15/Oct/2011:19:23:40 +0200] "GET /robots.txt HTTP/1.1" 404 504 "-" "SeznamBot/3.0 (+http://fulltext.sblog.cz/)"
77.75.77.11 - - [15/Oct/2011:19:23:41 +0200] "GET / HTTP/1.1" 200 372 "-" "SeznamBot/3.0 (+http://fulltext.sblog.cz/)"
72.94.249.38 - - [15/Oct/2011:23:28:46 +0200] "GET / HTTP/1.1" 200 291 "-" "Mozilla/4.0 (compatible; MSIE 6.0; Windows NT 5.1; SV1; .NET CLR 1.1.4322)"
124.115.11.187 - - [16/Oct/2011:03:48:13 +0200] "GET / HTTP/1.1" 200 373 "-" "Mozilla/4.0 (compatible; MSIE 6.0; Windows NT 5.1)"
124.115.1.66 - - [16/Oct/2011:03:54:06 +0200] "GET / HTTP/1.1" 200 373 "-" "Mozilla/4.0 (compatible; MSIE 6.0; Windows NT 5.1)"
124.115.1.61 - - [16/Oct/2011:03:57:07 +0200] "GET / HTTP/1.1" 200 373 "-" "Mozilla/4.0 (compatible; MSIE 6.0; Windows NT 5.1)"
124.115.10.193 - - [16/Oct/2011:04:11:47 +0200] "GET / HTTP/1.1" 200 373 "-" "Mozilla/4.0 (compatible; MSIE 6.0; Windows NT 5.1)"
124.115.1.62 - - [16/Oct/2011:04:31:27 +0200] "GET / HTTP/1.1" 200 373 "-" "Mozilla/4.0 (compatible; MSIE 6.0; Windows NT 5.1)"
114.80.93.71 - - [16/Oct/2011:05:28:13 +0200] "GET / HTTP/1.1" 200 373 "-" "Mozilla/4.0 (compatible; MSIE 6.0; Windows NT 5.1)"
123.125.71.97 - - [16/Oct/2011:07:25:17 +0200] "GET / HTTP/1.1" 200 335 "-" "Mozilla/5.0 (compatible; Baiduspider/2.0; +http://www.baidu.com/search/spider.html)"
208.80.194.26 - - [16/Oct/2011:08:48:11 +0200] "GET / HTTP/1.0" 200 291 "-" "Mozilla/4.0 (compatible; MSIE 6.0; Windows NT 5.1; iebar; acc=; SV1; .NET CLR 1.1.4322)"
78.170.9.110 - - [16/Oct/2011:13:09:23 +0200] "GET /torrentflux/downloads/chanti/Sim%20City%204000%20with%20KeyGen%20and%20NoCD%20Crack/simcity%204.exe HTTP/1.1" 404 602 "http://www.deinon.net/torrentflux/downloads/chanti/Sim%20City%204000%20with%20KeyGen%20and%20NoCD%20Crack" "Mozilla/4.0 (compatible; MSIE 6.0; Windows NT 5.1; SV1)"
78.170.9.110 - - [16/Oct/2011:13:15:54 +0200] "GET /torrentflux/downloads/chanti/Sim%20City%204000%20with%20KeyGen%20and%20NoCD%20Crack/simcity%204.exe HTTP/1.1" 404 602 "http://www.deinon.net/torrentflux/downloads/chanti/Sim%20City%204000%20with%20KeyGen%20and%20NoCD%20Crack" "Mozilla/4.0 (compatible; MSIE 6.0; Windows NT 5.1; SV1)"
216.145.14.142 - - [16/Oct/2011:17:53:33 +0200] "GET /robots.txt HTTP/1.0" 404 491 "-" "Mozilla/5.0 (Windows; U; Windows NT 5.1; en; rv:1.9.0.13) Gecko/2009073022 Firefox/3.5.2 (.NET CLR 3.5.30729) SurveyBot/2.3 (DomainTools)"
216.145.14.142 - - [16/Oct/2011:17:53:33 +0200] "GET / HTTP/1.1" 200 335 "http://whois.domaintools.com/deinon.net" "Mozilla/5.0 (Windows; U; Windows NT 5.1; en; rv:1.9.0.13) Gecko/2009073022 Firefox/3.5.2 (.NET CLR 3.5.30729) SurveyBot/2.3 (DomainTools)"
69.84.207.147 - - [16/Oct/2011:18:19:40 +0200] "GET / HTTP/1.1" 206 372 "-" "Mozilla/4.0 (compatible; MSIE 7.0;Windows NT 5.1;.NET CLR 1.1.4322;.NET CLR 2.0.50727;.NET CLR 3.0.04506.30) Lightspeedsystems"
66.249.72.147 - - [16/Oct/2011:18:27:52 +0200] "GET /robots.txt HTTP/1.1" 404 504 "-" "Mozilla/5.0 (compatible; Googlebot/2.1; +http://www.google.com/bot.html)"
66.249.72.147 - - [16/Oct/2011:18:27:52 +0200] "GET /~gerard/bcrs/index.php?option=com_content&view=article&id=17&Itemid=40 HTTP/1.1" 200 2710 "-" "Mozilla/5.0 (compatible; Googlebot/2.1; +http://www.google.com/bot.html)"
123.125.71.69 - - [16/Oct/2011:19:27:56 +0200] "GET /robots.txt HTTP/1.1" 404 466 "-" "Baiduspider+(+http://www.baidu.com/search/spider.htm)"
193.252.118.176 - - [17/Oct/2011:00:39:49 +0200] "GET /robots.txt HTTP/1.1" 404 466 "-" "Mozilla/5.0 (Windows; U; Windows NT 5.1; fr; rv:1.8.1) VoilaBot BETA 1.2 (support.voilabot@orange-ftgroup.com)"
193.252.118.176 - - [17/Oct/2011:00:40:05 +0200] "GET / HTTP/1.1" 200 335 "-" "Mozilla/5.0 (Windows; U; Windows NT 5.1; fr; rv:1.8.1) VoilaBot BETA 1.2 (support.voilabot@orange-ftgroup.com)"
38.100.21.21 - - [17/Oct/2011:02:45:25 +0200] "GET / HTTP/1.1" 200 329 "-" "Mozilla/4.0 (compatible; MSIE 7.0; Windows NT 5.2)"
124.115.1.62 - - [17/Oct/2011:03:20:28 +0200] "GET / HTTP/1.1" 200 373 "-" "Mozilla/4.0 (compatible; MSIE 6.0; Windows NT 5.1)"
124.115.1.61 - - [17/Oct/2011:03:24:20 +0200] "GET / HTTP/1.1" 200 373 "-" "Mozilla/4.0 (compatible; MSIE 6.0; Windows NT 5.1)"
124.115.10.193 - - [17/Oct/2011:03:26:24 +0200] "GET / HTTP/1.1" 200 373 "-" "Mozilla/4.0 (compatible; MSIE 6.0; Windows NT 5.1)"
124.115.1.66 - - [17/Oct/2011:03:27:14 +0200] "GET / HTTP/1.1" 200 373 "-" "Mozilla/4.0 (compatible; MSIE 6.0; Windows NT 5.1)"
124.115.11.187 - - [17/Oct/2011:03:35:41 +0200] "GET / HTTP/1.1" 200 373 "-" "Mozilla/4.0 (compatible; MSIE 6.0; Windows NT 5.1)"
123.125.71.108 - - [17/Oct/2011:05:43:27 +0200] "GET / HTTP/1.1" 200 335 "-" "Mozilla/5.0 (compatible; Baiduspider/2.0; +http://www.baidu.com/search/spider.html)"
66.249.72.147 - - [17/Oct/2011:06:56:21 +0200] "GET /robots.txt HTTP/1.1" 404 504 "-" "Mozilla/5.0 (compatible; Googlebot/2.1; +http://www.google.com/bot.html)"
66.249.72.147 - - [17/Oct/2011:06:56:21 +0200] "GET /~gerard/bcrs/index.php?option=com_content&view=article&id=34&Itemid=54 HTTP/1.1" 200 2642 "-" "Mozilla/5.0 (compatible; Googlebot/2.1; +http://www.google.com/bot.html)"
66.249.72.147 - - [17/Oct/2011:07:06:25 +0200] "GET /~gerard/bcrs/index.php?option=com_content&view=category&layout=blog&id=19&Itemid=56&limitstart=30 HTTP/1.1" 200 2952 "-" "Mozilla/5.0 (compatible; Googlebot/2.1; +http://www.google.com/bot.html)"
66.249.72.147 - - [17/Oct/2011:07:13:10 +0200] "GET /~gerard/bcrs/index.php?option=com_content&view=section&layout=blog&id=1&Itemid=3&limitstart=36 HTTP/1.1" 200 4393 "-" "Mozilla/5.0 (compatible; Googlebot/2.1; +http://www.google.com/bot.html)"
66.249.72.147 - - [17/Oct/2011:07:13:20 +0200] "GET /~gerard/bcrs/index.php?option=com_content&view=article&id=81:spijkenisse-sport-sponsor-battle&catid=20:algemeen&Itemid=34 HTTP/1.1" 200 2845 "-" "Mozilla/5.0 (compatible; Googlebot/2.1; +http://www.google.com/bot.html)"
123.125.71.87 - - [17/Oct/2011:16:13:27 +0200] "GET /robots.txt HTTP/1.1" 404 466 "-" "Baiduspider+(+http://www.baidu.com/search/spider.htm)"
184.72.135.195 - - [17/Oct/2011:20:08:13 +0200] "GET / HTTP/1.0" 200 291 "http://www.designs-studio.com" "Mozilla/5.0 (compatible; MSIE 9.0; Windows NT 6.1; Trident/5.0)"
208.80.194.29 - - [17/Oct/2011:20:58:34 +0200] "GET / HTTP/1.0" 200 291 "-" "Mozilla/4.0 (compatible; MSIE 6.0; Windows NT 5.1; SV1; EmbeddedWB 14,52 from: http://www.bsalsa.com/ EmbeddedWB 14,52)"
69.84.207.147 - - [17/Oct/2011:22:01:22 +0200] "GET / HTTP/1.1" 206 372 "-" "Mozilla/4.0 (compatible; MSIE 7.0;Windows NT 5.1;.NET CLR 1.1.4322;.NET CLR 2.0.50727;.NET CLR 3.0.04506.30) Lightspeedsystems"
114.80.93.71 - - [18/Oct/2011:02:26:53 +0200] "GET / HTTP/1.1" 200 373 "-" "Mozilla/4.0 (compatible; MSIE 6.0; Windows NT 5.1)"
124.115.1.62 - - [18/Oct/2011:02:42:13 +0200] "GET / HTTP/1.1" 200 373 "-" "Mozilla/4.0 (compatible; MSIE 6.0; Windows NT 5.1)"
124.115.1.66 - - [18/Oct/2011:02:55:40 +0200] "GET / HTTP/1.1" 200 373 "-" "Mozilla/4.0 (compatible; MSIE 6.0; Windows NT 5.1)"
124.115.10.193 - - [18/Oct/2011:03:06:49 +0200] "GET / HTTP/1.1" 200 373 "-" "Mozilla/4.0 (compatible; MSIE 6.0; Windows NT 5.1)"
124.115.1.61 - - [18/Oct/2011:03:27:11 +0200] "GET / HTTP/1.1" 200 373 "-" "Mozilla/4.0 (compatible; MSIE 6.0; Windows NT 5.1)"
124.115.11.187 - - [18/Oct/2011:03:45:24 +0200] "GET / HTTP/1.1" 200 373 "-" "Mozilla/4.0 (compatible; MSIE 6.0; Windows NT 5.1)"
66.249.72.147 - - [18/Oct/2011:04:07:13 +0200] "GET /robots.txt HTTP/1.1" 404 504 "-" "Mozilla/5.0 (compatible; Googlebot/2.1; +http://www.google.com/bot.html)"
66.249.72.147 - - [18/Oct/2011:04:07:13 +0200] "GET /~gerard/bcrs/index.php?option=com_content&view=article&id=99&Itemid=64 HTTP/1.1" 200 3258 "-" "Mozilla/5.0 (compatible; Googlebot/2.1; +http://www.google.com/bot.html)"
123.125.71.80 - - [18/Oct/2011:04:53:10 +0200] "GET / HTTP/1.1" 200 335 "-" "Mozilla/5.0 (compatible; Baiduspider/2.0; +http://www.baidu.com/search/spider.html)"
66.249.72.147 - - [18/Oct/2011:05:35:11 +0200] "GET /~gerard/bcrs/index.php?option=com_content&view=article&id=1:welkom-op-de-website-van-badminton-centrum-ritte-spijkenisse&catid=5:frontpage HTTP/1.1" 200 3019 "-" "Mozilla/5.0 (compatible; Googlebot/2.1; +http://www.google.com/bot.html)"
50.16.29.47 - - [18/Oct/2011:09:49:39 +0200] "GET / HTTP/1.0" 200 291 "http://www.teissl.info" "Mozilla/4.0 (compatible; MSIE 7.0; Windows NT 6.0; Trident/4.0)"
124.115.10.193 - - [19/Oct/2011:02:37:26 +0200] "GET / HTTP/1.1" 200 373 "-" "Mozilla/4.0 (compatible; MSIE 6.0; Windows NT 5.1)"
124.115.11.187 - - [19/Oct/2011:02:39:09 +0200] "GET / HTTP/1.1" 200 373 "-" "Mozilla/4.0 (compatible; MSIE 6.0; Windows NT 5.1)"
124.115.1.61 - - [19/Oct/2011:02:58:49 +0200] "GET / HTTP/1.1" 200 373 "-" "Mozilla/4.0 (compatible; MSIE 6.0; Windows NT 5.1)"
124.115.1.66 - - [19/Oct/2011:03:01:03 +0200] "GET / HTTP/1.1" 200 373 "-" "Mozilla/4.0 (compatible; MSIE 6.0; Windows NT 5.1)"
124.115.1.62 - - [19/Oct/2011:03:03:10 +0200] "GET / HTTP/1.1" 200 373 "-" "Mozilla/4.0 (compatible; MSIE 6.0; Windows NT 5.1)"
123.125.67.212 - - [19/Oct/2011:04:47:54 +0200] "GET / HTTP/1.1" 200 335 "-" "Mozilla/5.0 (Windows NT 5.1; rv:6.0.2) Gecko/20100101 Firefox/6.0.2"
208.80.194.31 - - [19/Oct/2011:07:33:06 +0200] "GET / HTTP/1.0" 200 291 "-" "Mozilla/4.0 (compatible; MSIE 6.0; Windows NT 5.1; {04397278-3DD8-29DB-F026-7729601D7FBF}; FunWebProducts; SV1)"
123.125.71.56 - - [19/Oct/2011:08:33:53 +0200] "GET / HTTP/1.1" 200 335 "-" "Mozilla/5.0 (compatible; Baiduspider/2.0; +http://www.baidu.com/search/spider.html)"
123.125.71.72 - - [19/Oct/2011:10:37:58 +0200] "GET /robots.txt HTTP/1.1" 404 466 "-" "Baiduspider+(+http://www.baidu.com/search/spider.htm)"
66.249.71.1 - - [19/Oct/2011:15:26:33 +0200] "GET /robots.txt HTTP/1.1" 404 504 "-" "Mozilla/5.0 (compatible; Googlebot/2.1; +http://www.google.com/bot.html)"
66.249.71.1 - - [19/Oct/2011:15:26:33 +0200] "GET /~gerard/bcrs/index.php?option=com_content&view=article&id=24&Itemid=49 HTTP/1.1" 200 2955 "-" "Mozilla/5.0 (compatible; Googlebot/2.1; +http://www.google.com/bot.html)"
66.249.72.147 - - [19/Oct/2011:16:25:53 +0200] "GET /robots.txt HTTP/1.1" 404 504 "-" "Mozilla/5.0 (compatible; Googlebot/2.1; +http://www.google.com/bot.html)"
66.249.72.147 - - [19/Oct/2011:16:25:53 +0200] "GET /~gerard/bcrs/index.php?option=com_content&view=section&layout=blog&id=1&Itemid=3 HTTP/1.1" 200 4207 "-" "Mozilla/5.0 (compatible; Googlebot/2.1; +http://www.google.com/bot.html)"
66.249.72.147 - - [19/Oct/2011:17:28:59 +0200] "GET /~gerard/bcrs/index.php?option=com_content&view=article&id=6&Itemid=30 HTTP/1.1" 200 3313 "-" "Mozilla/5.0 (compatible; Googlebot/2.1; +http://www.google.com/bot.html)"
66.249.72.147 - - [19/Oct/2011:17:56:45 +0200] "GET /~gerard/bcrs/index.php?option=com_content&view=article&id=13&Itemid=29 HTTP/1.1" 200 2686 "-" "Mozilla/5.0 (compatible; Googlebot/2.1; +http://www.google.com/bot.html)"
66.249.72.147 - - [19/Oct/2011:18:15:41 +0200] "GET /~gerard/bcrs/index.php?option=com_content&view=article&id=98&catid=13&Itemid=34 HTTP/1.1" 200 3104 "-" "Mozilla/5.0 (compatible; Googlebot/2.1; +http://www.google.com/bot.html)"
66.249.72.147 - - [19/Oct/2011:19:42:49 +0200] "GET /~gerard/bcrs/index.php?option=com_content&view=section&layout=blog&id=1&Itemid=3&limitstart=12 HTTP/1.1" 200 3814 "-" "Mozilla/5.0 (compatible; Googlebot/2.1; +http://www.google.com/bot.html)"
66.249.72.147 - - [19/Oct/2011:20:13:07 +0200] "GET /~gerard/bcrs/index.php?option=com_content&view=section&layout=blog&id=1&Itemid=3&limitstart=24 HTTP/1.1" 200 4384 "-" "Mozilla/5.0 (compatible; Googlebot/2.1; +http://www.google.com/bot.html)"
66.249.72.147 - - [19/Oct/2011:20:35:50 +0200] "GET /~gerard/bcrs/index.php?option=com_content&view=section&layout=blog&id=1&Itemid=3&limitstart=16 HTTP/1.1" 200 3379 "-" "Mozilla/5.0 (compatible; Googlebot/2.1; +http://www.google.com/bot.html)"
66.249.72.147 - - [19/Oct/2011:20:40:53 +0200] "GET /~gerard/bcrs/index.php?option=com_content&view=article&id=56:jeugdkamp-2011&catid=19:mededelingen-jeugdcommissie&Itemid=56 HTTP/1.1" 200 2687 "-" "Mozilla/5.0 (compatible; Googlebot/2.1; +http://www.google.com/bot.html)"
66.249.72.147 - - [19/Oct/2011:21:16:14 +0200] "GET /~gerard/bcrs/index.php?option=com_content&view=section&layout=blog&id=1&Itemid=3&limitstart=56 HTTP/1.1" 200 4010 "-" "Mozilla/5.0 (compatible; Googlebot/2.1; +http://www.google.com/bot.html)"
2.145.214.167 - - [19/Oct/2011:23:13:33 +0200] "GET /torrentflux/downloads/chanti/The%20Matrix%20Trilogy/The.Matrix.Revolutions-2004%20DVDRip.Xvid.avi HTTP/1.1" 404 610 "http://www.deinon.net/torrentflux/downloads/chanti/The%20Matrix%20Trilogy" "Mozilla/4.0 (compatible; MSIE 6.0; Windows NT 5.1; SV1)"
2.145.214.167 - - [19/Oct/2011:23:14:04 +0200] "GET /torrentflux/downloads/chanti/The%20Matrix%20Trilogy/The.Matrix.Revolutions-2004%20DVDRip.Xvid.avi HTTP/1.1" 404 610 "http://www.deinon.net/torrentflux/downloads/chanti/The%20Matrix%20Trilogy" "Mozilla/4.0 (compatible; MSIE 6.0; Windows NT 5.1; SV1)"
124.115.1.62 - - [20/Oct/2011:03:01:39 +0200] "GET / HTTP/1.1" 200 373 "-" "Mozilla/4.0 (compatible; MSIE 6.0; Windows NT 5.1)"
124.115.1.66 - - [20/Oct/2011:03:18:15 +0200] "GET / HTTP/1.1" 200 373 "-" "Mozilla/4.0 (compatible; MSIE 6.0; Windows NT 5.1)"
124.115.10.193 - - [20/Oct/2011:03:23:23 +0200] "GET / HTTP/1.1" 200 373 "-" "Mozilla/4.0 (compatible; MSIE 6.0; Windows NT 5.1)"
124.115.1.61 - - [20/Oct/2011:03:28:37 +0200] "GET / HTTP/1.1" 200 373 "-" "Mozilla/4.0 (compatible; MSIE 6.0; Windows NT 5.1)"
124.115.11.187 - - [20/Oct/2011:03:41:37 +0200] "GET / HTTP/1.1" 200 373 "-" "Mozilla/4.0 (compatible; MSIE 6.0; Windows NT 5.1)"
193.252.118.176 - - [20/Oct/2011:04:20:22 +0200] "GET / HTTP/1.1" 200 335 "-" "Mozilla/5.0 (Windows; U; Windows NT 5.1; fr; rv:1.8.1) VoilaBot BETA 1.2 (support.voilabot@orange-ftgroup.com)"
123.125.71.25 - - [20/Oct/2011:09:35:38 +0200] "GET / HTTP/1.1" 200 335 "-" "Mozilla/5.0 (compatible; Baiduspider/2.0; +http://www.baidu.com/search/spider.html)"
123.125.71.79 - - [20/Oct/2011:12:20:47 +0200] "GET /robots.txt HTTP/1.1" 404 466 "-" "Baiduspider+(+http://www.baidu.com/search/spider.htm)"
66.249.72.147 - - [20/Oct/2011:12:58:20 +0200] "GET /robots.txt HTTP/1.1" 404 504 "-" "Mozilla/5.0 (compatible; Googlebot/2.1; +http://www.google.com/bot.html)"
66.249.72.147 - - [20/Oct/2011:12:58:20 +0200] "GET / HTTP/1.1" 200 372 "-" "Mozilla/5.0 (compatible; Googlebot/2.1; +http://www.google.com/bot.html)"
208.80.194.26 - - [20/Oct/2011:17:49:37 +0200] "GET / HTTP/1.0" 200 291 "-" "Mozilla/4.0 (compatible; MSIE 7.0; Windows NT 5.1; FunWebProducts; .NET CLR 1.1.4322; HbTools 4.8.2; ZangoToolbar 4.8.3)"
66.249.72.147 - - [20/Oct/2011:22:51:43 +0200] "GET /robots.txt HTTP/1.1" 404 504 "-" "Mozilla/5.0 (compatible; Googlebot/2.1; +http://www.google.com/bot.html)"
66.249.72.147 - - [20/Oct/2011:22:51:43 +0200] "GET / HTTP/1.1" 304 210 "-" "Mozilla/5.0 (compatible; Googlebot/2.1; +http://www.google.com/bot.html)"
124.115.1.66 - - [21/Oct/2011:03:33:14 +0200] "GET / HTTP/1.1" 200 373 "-" "Mozilla/4.0 (compatible; MSIE 6.0; Windows NT 5.1)"
124.115.10.193 - - [21/Oct/2011:03:34:42 +0200] "GET / HTTP/1.1" 200 373 "-" "Mozilla/4.0 (compatible; MSIE 6.0; Windows NT 5.1)"
124.115.11.187 - - [21/Oct/2011:03:45:35 +0200] "GET / HTTP/1.1" 200 373 "-" "Mozilla/4.0 (compatible; MSIE 6.0; Windows NT 5.1)"
124.115.1.61 - - [21/Oct/2011:04:20:07 +0200] "GET / HTTP/1.1" 200 373 "-" "Mozilla/4.0 (compatible; MSIE 6.0; Windows NT 5.1)"
124.115.1.62 - - [21/Oct/2011:04:33:15 +0200] "GET / HTTP/1.1" 200 373 "-" "Mozilla/4.0 (compatible; MSIE 6.0; Windows NT 5.1)"
173.192.34.95 - - [21/Oct/2011:08:57:39 +0200] "GET /robots.txt HTTP/1.1" 404 529 "-" "Aboundex/0.2 (http://www.aboundex.com/crawler/)"
173.192.34.95 - - [21/Oct/2011:08:57:40 +0200] "GET / HTTP/1.1" 200 328 "-" "Aboundex/0.2 (http://www.aboundex.com/crawler/)"
66.249.72.147 - - [21/Oct/2011:09:40:15 +0200] "GET /~gerard/bcrs/index.php?option=com_content&view=article&id=70&Itemid=59 HTTP/1.1" 200 2873 "-" "Mozilla/5.0 (compatible; Googlebot/2.1; +http://www.google.com/bot.html)"
66.249.72.225 - - [21/Oct/2011:10:57:43 +0200] "GET /robots.txt HTTP/1.1" 404 504 "-" "Mozilla/5.0 (compatible; Googlebot/2.1; +http://www.google.com/bot.html)"
66.249.72.225 - - [21/Oct/2011:10:57:43 +0200] "GET /~gerard/bcrs/index.php?option=com_content&view=article&id=96&catid=12&Itemid=34 HTTP/1.1" 200 3022 "-" "Mozilla/5.0 (compatible; Googlebot/2.1; +http://www.google.com/bot.html)"
66.249.72.225 - - [21/Oct/2011:11:58:36 +0200] "GET /~gerard/bcrs/index.php?option=com_content&view=article&id=27&Itemid=51 HTTP/1.1" 200 3209 "-" "Mozilla/5.0 (compatible; Googlebot/2.1; +http://www.google.com/bot.html)"
66.249.72.225 - - [21/Oct/2011:12:24:53 +0200] "GET /~gerard/bcrs/index.php?option=com_content&view=article&id=28&Itemid=52 HTTP/1.1" 200 2815 "-" "Mozilla/5.0 (compatible; Googlebot/2.1; +http://www.google.com/bot.html)"
123.125.71.83 - - [21/Oct/2011:21:41:54 +0200] "GET /robots.txt HTTP/1.1" 404 466 "-" "Baiduspider+(+http://www.baidu.com/search/spider.htm)"
124.115.11.187 - - [22/Oct/2011:03:47:30 +0200] "GET / HTTP/1.1" 200 373 "-" "Mozilla/4.0 (compatible; MSIE 6.0; Windows NT 5.1)"
124.115.1.61 - - [22/Oct/2011:04:11:59 +0200] "GET / HTTP/1.1" 200 373 "-" "Mozilla/4.0 (compatible; MSIE 6.0; Windows NT 5.1)"
124.115.1.66 - - [22/Oct/2011:04:21:48 +0200] "GET / HTTP/1.1" 200 373 "-" "Mozilla/4.0 (compatible; MSIE 6.0; Windows NT 5.1)"
107.22.31.67 - - [22/Oct/2011:04:22:59 +0200] "GET / HTTP/1.0" 200 291 "http://www.webmasters-paradise.com" "Mozilla/4.0 (compatible; MSIE 7.0; Windows NT 6.0; Trident/4.0)"
124.115.1.62 - - [22/Oct/2011:04:49:03 +0200] "GET / HTTP/1.1" 200 373 "-" "Mozilla/4.0 (compatible; MSIE 6.0; Windows NT 5.1)"
124.115.10.193 - - [22/Oct/2011:04:49:04 +0200] "GET / HTTP/1.1" 200 373 "-" "Mozilla/4.0 (compatible; MSIE 6.0; Windows NT 5.1)"
208.80.194.29 - - [22/Oct/2011:08:04:15 +0200] "GET / HTTP/1.0" 200 291 "-" "Mozilla/4.0 (compatible; MSIE 6.0; AOL 9.0; Windows NT 5.1; SV1; SpamBlockerUtility 4.8.0)"
123.125.71.21 - - [22/Oct/2011:16:12:12 +0200] "GET / HTTP/1.1" 200 335 "-" "Mozilla/5.0 (compatible; Baiduspider/2.0; +http://www.baidu.com/search/spider.html)"
195.241.222.206 - - [22/Oct/2011:17:18:14 +0200] "GET /~gin/djpics/mybooth1.jpg HTTP/1.1" 404 517 "http://www.dj2dj.nl/forum/viewtopic.php?f=2&t=1922&start=50" "Mozilla/5.0 (Windows NT 6.1; WOW64) AppleWebKit/535.1 (KHTML, like Gecko) Chrome/14.0.835.202 Safari/535.1"
123.125.71.75 - - [22/Oct/2011:19:04:08 +0200] "GET /robots.txt HTTP/1.1" 404 466 "-" "Baiduspider+(+http://www.baidu.com/search/spider.htm)"
193.252.118.176 - - [23/Oct/2011:00:27:00 +0200] "GET /robots.txt HTTP/1.1" 404 466 "-" "Mozilla/5.0 (Windows; U; Windows NT 5.1; fr; rv:1.8.1) VoilaBot BETA 1.2 (support.voilabot@orange-ftgroup.com)"
193.252.118.176 - - [23/Oct/2011:00:27:21 +0200] "GET / HTTP/1.1" 200 335 "-" "Mozilla/5.0 (Windows; U; Windows NT 5.1; fr; rv:1.8.1) VoilaBot BETA 1.2 (support.voilabot@orange-ftgroup.com)"
124.115.1.66 - - [23/Oct/2011:03:30:38 +0200] "GET / HTTP/1.1" 200 373 "-" "Mozilla/4.0 (compatible; MSIE 6.0; Windows NT 5.1)"
124.115.11.187 - - [23/Oct/2011:03:46:28 +0200] "GET / HTTP/1.1" 200 373 "-" "Mozilla/4.0 (compatible; MSIE 6.0; Windows NT 5.1)"
124.115.1.62 - - [23/Oct/2011:03:58:39 +0200] "GET / HTTP/1.1" 200 373 "-" "Mozilla/4.0 (compatible; MSIE 6.0; Windows NT 5.1)"
124.115.1.61 - - [23/Oct/2011:04:16:39 +0200] "GET / HTTP/1.1" 200 373 "-" "Mozilla/4.0 (compatible; MSIE 6.0; Windows NT 5.1)"
124.115.10.193 - - [23/Oct/2011:04:38:29 +0200] "GET / HTTP/1.1" 200 373 "-" "Mozilla/4.0 (compatible; MSIE 6.0; Windows NT 5.1)"
220.181.108.77 - - [23/Oct/2011:04:58:02 +0200] "GET /robots.txt HTTP/1.1" 404 466 "-" "Baiduspider+(+http://www.baidu.com/search/spider.htm)"
208.80.194.29 - - [23/Oct/2011:06:52:44 +0200] "GET / HTTP/1.0" 200 291 "-" "Mozilla/4.0 (compatible; MSIE 7.0; Windows NT 5.1; Hotbar 4.5.0.0; .NET CLR 1.0.3705; .NET CLR 1.1.4322; .NET CLR 2.0.50727)"
66.249.72.225 - - [23/Oct/2011:11:46:52 +0200] "GET /robots.txt HTTP/1.1" 404 504 "-" "Mozilla/5.0 (compatible; Googlebot/2.1; +http://www.google.com/bot.html)"
66.249.72.225 - - [23/Oct/2011:11:46:52 +0200] "GET /~gerard/bcrs/index.php?option=com_content&view=category&id=19&layout=blog&Itemid=56 HTTP/1.1" 200 4194 "-" "Mozilla/5.0 (compatible; Googlebot/2.1; +http://www.google.com/bot.html)"
1.245.152.93 - - [23/Oct/2011:12:23:07 +0200] "GET /torrentflux/downloads/chanti/The%20Matrix%20Trilogy/The.Matrix.Revolutions-2004%20DVDRip.Xvid.avi HTTP/1.1" 404 610 "http://www.deinon.net/torrentflux/downloads/chanti/The%20Matrix%20Trilogy" "Mozilla/4.0 (compatible; MSIE 6.0; Windows NT 5.1; SV1)"
114.80.93.71 - - [23/Oct/2011:21:45:43 +0200] "GET / HTTP/1.1" 200 373 "-" "Mozilla/4.0 (compatible; MSIE 6.0; Windows NT 5.1)"
107.22.51.16 - - [23/Oct/2011:23:38:37 +0200] "GET / HTTP/1.0" 200 291 "http://www.webmasters-paradise.com" "Mozilla/4.0 (compatible; MSIE 7.0; Windows NT 6.0; Trident/4.0)"
77.75.77.11 - - [24/Oct/2011:01:43:58 +0200] "GET /robots.txt HTTP/1.1" 404 504 "-" "SeznamBot/3.0 (+http://fulltext.sblog.cz/)"
77.75.77.11 - - [24/Oct/2011:01:43:59 +0200] "GET / HTTP/1.1" 304 210 "-" "SeznamBot/3.0 (+http://fulltext.sblog.cz/)"
67.195.112.98 - - [24/Oct/2011:02:42:00 +0200] "GET /robots.txt HTTP/1.0" 404 466 "-" "Mozilla/5.0 (compatible; Yahoo! Slurp; http://help.yahoo.com/help/us/ysearch/slurp)"
67.195.112.98 - - [24/Oct/2011:02:42:00 +0200] "GET / HTTP/1.0" 200 335 "-" "Mozilla/5.0 (compatible; Yahoo! Slurp; http://help.yahoo.com/help/us/ysearch/slurp)"
124.115.1.62 - - [24/Oct/2011:04:00:41 +0200] "GET / HTTP/1.1" 200 373 "-" "Mozilla/4.0 (compatible; MSIE 6.0; Windows NT 5.1)"
123.125.71.105 - - [24/Oct/2011:04:35:03 +0200] "GET /robots.txt HTTP/1.1" 404 466 "-" "Baiduspider+(+http://www.baidu.com/search/spider.htm)"
124.115.1.66 - - [24/Oct/2011:04:45:42 +0200] "GET / HTTP/1.1" 200 373 "-" "Mozilla/4.0 (compatible; MSIE 6.0; Windows NT 5.1)"
124.115.1.61 - - [24/Oct/2011:04:53:34 +0200] "GET / HTTP/1.1" 200 373 "-" "Mozilla/4.0 (compatible; MSIE 6.0; Windows NT 5.1)"
124.115.11.187 - - [24/Oct/2011:05:12:46 +0200] "GET / HTTP/1.1" 200 373 "-" "Mozilla/4.0 (compatible; MSIE 6.0; Windows NT 5.1)"
124.115.10.193 - - [24/Oct/2011:05:17:03 +0200] "GET / HTTP/1.1" 200 373 "-" "Mozilla/4.0 (compatible; MSIE 6.0; Windows NT 5.1)"
66.249.72.225 - - [24/Oct/2011:10:19:55 +0200] "GET /robots.txt HTTP/1.1" 404 504 "-" "Mozilla/5.0 (compatible; Googlebot/2.1; +http://www.google.com/bot.html)"
66.249.72.225 - - [24/Oct/2011:10:19:55 +0200] "GET /~gerard/bcrs/index.php?option=com_content&view=article&id=57&Itemid=58 HTTP/1.1" 200 2726 "-" "Mozilla/5.0 (compatible; Googlebot/2.1; +http://www.google.com/bot.html)"
123.125.71.17 - - [24/Oct/2011:10:34:27 +0200] "GET / HTTP/1.1" 200 335 "-" "Mozilla/5.0 (compatible; Baiduspider/2.0; +http://www.baidu.com/search/spider.html)"
66.249.72.225 - - [24/Oct/2011:11:54:53 +0200] "GET /~gerard/bcrs/index.php?option=com_content&view=article&id=66:team-bcrs-1-kampioen-erc&catid=8:recreanten&Itemid=34 HTTP/1.1" 200 3170 "-" "Mozilla/5.0 (compatible; Googlebot/2.1; +http://www.google.com/bot.html)"
208.80.194.27 - - [24/Oct/2011:13:18:45 +0200] "GET / HTTP/1.0" 200 291 "-" "Mozilla/4.0 (compatible; MSIE 7.0; America Online Browser 1.1; rev1.2; Windows NT 5.1; .NET CLR 2.0.50727; .NET CLR 1.1.4322; IEMB3; ZangoToolbar 4.8.2; IEMB3)"
77.88.24.28 - - [24/Oct/2011:14:33:20 +0200] "GET /robots.txt HTTP/1.1" 404 529 "-" "Mozilla/5.0 (compatible; YandexBot/3.0; +http://yandex.com/bots)"
74.87.85.188 - - [24/Oct/2011:17:23:24 +0200] "GET / HTTP/1.1" 200 316 "-" "Mozilla/4.0 (compatible; MSIE 7.0; Windows NT 5.1)"
77.88.24.28 - - [24/Oct/2011:18:25:04 +0200] "GET / HTTP/1.1" 200 373 "-" "Mozilla/5.0 (compatible; YandexBot/3.0; +http://yandex.com/bots)"
66.249.72.225 - - [24/Oct/2011:21:30:13 +0200] "GET /~gerard/bcrs/index.php?option=com_content&view=article&id=99&Itemid=64 HTTP/1.1" 200 3259 "-" "Mozilla/5.0 (compatible; Googlebot/2.1; +http://www.google.com/bot.html)"
124.115.11.187 - - [25/Oct/2011:03:32:51 +0200] "GET / HTTP/1.1" 200 373 "-" "Mozilla/4.0 (compatible; MSIE 6.0; Windows NT 5.1)"
124.115.1.66 - - [25/Oct/2011:03:50:44 +0200] "GET / HTTP/1.1" 200 373 "-" "Mozilla/4.0 (compatible; MSIE 6.0; Windows NT 5.1)"
124.115.10.193 - - [25/Oct/2011:03:53:17 +0200] "GET / HTTP/1.1" 200 373 "-" "Mozilla/4.0 (compatible; MSIE 6.0; Windows NT 5.1)"
124.115.1.62 - - [25/Oct/2011:04:09:59 +0200] "GET / HTTP/1.1" 200 373 "-" "Mozilla/4.0 (compatible; MSIE 6.0; Windows NT 5.1)"
124.115.1.61 - - [25/Oct/2011:04:17:57 +0200] "GET / HTTP/1.1" 200 373 "-" "Mozilla/4.0 (compatible; MSIE 6.0; Windows NT 5.1)"
66.249.72.225 - - [25/Oct/2011:11:41:21 +0200] "GET /robots.txt HTTP/1.1" 404 504 "-" "Mozilla/5.0 (compatible; Googlebot/2.1; +http://www.google.com/bot.html)"
66.249.72.225 - - [25/Oct/2011:11:41:22 +0200] "GET /~gerard/bcrs/index.php?option=com_content&view=article&id=20&Itemid=33 HTTP/1.1" 200 3694 "-" "Mozilla/5.0 (compatible; Googlebot/2.1; +http://www.google.com/bot.html)"
123.125.71.86 - - [25/Oct/2011:12:58:59 +0200] "GET /robots.txt HTTP/1.1" 404 466 "-" "Baiduspider+(+http://www.baidu.com/search/spider.htm)"
66.249.72.225 - - [25/Oct/2011:13:22:20 +0200] "GET /~gerard/bcrs/index.php?option=com_content&view=section&layout=blog&id=1&Itemid=3 HTTP/1.1" 200 4208 "-" "Mozilla/5.0 (compatible; Googlebot/2.1; +http://www.google.com/bot.html)"
66.249.72.225 - - [25/Oct/2011:15:26:21 +0200] "GET /~gerard/bcrs/index.php?option=com_content&view=section&id=1&Itemid=34 HTTP/1.1" 200 2866 "-" "Mozilla/5.0 (compatible; Googlebot/2.1; +http://www.google.com/bot.html)"
66.249.72.225 - - [25/Oct/2011:16:30:07 +0200] "GET /~gerard/bcrs/index.php?option=com_content&view=section&layout=blog&id=1&Itemid=3&limitstart=24 HTTP/1.1" 200 4383 "-" "Mozilla/5.0 (compatible; Googlebot/2.1; +http://www.google.com/bot.html)"
50.16.140.177 - - [25/Oct/2011:18:00:47 +0200] "GET / HTTP/1.0" 200 291 "http://www.webmasters-paradise.com" "Mozilla/4.0 (compatible; MSIE 7.0; Windows NT 6.0; Trident/4.0)"
66.249.72.225 - - [25/Oct/2011:18:10:26 +0200] "GET /~gerard/bcrs/index.php?option=com_content&view=section&layout=blog&id=1&Itemid=3&limitstart=16 HTTP/1.1" 200 3379 "-" "Mozilla/5.0 (compatible; Googlebot/2.1; +http://www.google.com/bot.html)"
208.80.194.30 - - [25/Oct/2011:20:33:24 +0200] "GET / HTTP/1.0" 200 291 "-" "Mozilla/4.0 (compatible; MSIE 7.0; Windows NT 6.0; SLCC1; .NET CLR 2.0.50727; .NET CLR 3.0.04506; yplus 5.1.04d)"
193.252.118.176 - - [26/Oct/2011:00:55:55 +0200] "GET / HTTP/1.1" 200 335 "-" "Mozilla/5.0 (Windows; U; Windows NT 5.1; fr; rv:1.8.1) VoilaBot BETA 1.2 (support.voilabot@orange-ftgroup.com)"
124.115.1.62 - - [26/Oct/2011:03:45:35 +0200] "GET / HTTP/1.1" 200 373 "-" "Mozilla/4.0 (compatible; MSIE 6.0; Windows NT 5.1)"
124.115.11.187 - - [26/Oct/2011:03:45:48 +0200] "GET / HTTP/1.1" 200 373 "-" "Mozilla/4.0 (compatible; MSIE 6.0; Windows NT 5.1)"
124.115.10.193 - - [26/Oct/2011:03:49:08 +0200] "GET / HTTP/1.1" 200 373 "-" "Mozilla/4.0 (compatible; MSIE 6.0; Windows NT 5.1)"
124.115.1.66 - - [26/Oct/2011:03:54:21 +0200] "GET / HTTP/1.1" 200 373 "-" "Mozilla/4.0 (compatible; MSIE 6.0; Windows NT 5.1)"
124.115.1.61 - - [26/Oct/2011:03:55:59 +0200] "GET / HTTP/1.1" 200 373 "-" "Mozilla/4.0 (compatible; MSIE 6.0; Windows NT 5.1)"
220.181.108.92 - - [26/Oct/2011:06:35:09 +0200] "GET / HTTP/1.1" 200 291 "-" "Mozilla/5.0 (compatible; Baiduspider/2.0; +http://www.baidu.com/search/spider.html)"
123.125.71.36 - - [26/Oct/2011:06:35:19 +0200] "GET / HTTP/1.1" 200 291 "-" "Mozilla/5.0 (compatible; Baiduspider/2.0; +http://www.baidu.com/search/spider.html)"
123.125.71.73 - - [26/Oct/2011:07:14:43 +0200] "GET / HTTP/1.1" 200 335 "-" "Mozilla/5.0 (compatible; Baiduspider/2.0; +http://www.baidu.com/search/spider.html)"
123.125.67.216 - - [26/Oct/2011:07:20:46 +0200] "GET / HTTP/1.1" 200 335 "-" "Mozilla/5.0 (Windows NT 5.1; rv:6.0.2) Gecko/20100101 Firefox/6.0.2"
66.249.72.225 - - [26/Oct/2011:14:10:39 +0200] "GET /robots.txt HTTP/1.1" 404 504 "-" "Mozilla/5.0 (compatible; Googlebot/2.1; +http://www.google.com/bot.html)"
66.249.72.225 - - [26/Oct/2011:14:10:39 +0200] "GET /~gerard/bcrs/index.php?option=com_content&view=article&id=98&catid=13&Itemid=34 HTTP/1.1" 200 3103 "-" "Mozilla/5.0 (compatible; Googlebot/2.1; +http://www.google.com/bot.html)"
66.249.72.225 - - [26/Oct/2011:19:59:25 +0200] "GET /~gerard/bcrs/index.php?option=com_content&view=article&id=41:nieuwjaarsreceptie&catid=13:bestuur&Itemid=34 HTTP/1.1" 200 2720 "-" "Mozilla/5.0 (compatible; Googlebot/2.1; +http://www.google.com/bot.html)"
123.125.71.87 - - [26/Oct/2011:22:29:27 +0200] "GET /robots.txt HTTP/1.1" 404 466 "-" "Baiduspider+(+http://www.baidu.com/search/spider.htm)"
66.249.72.225 - - [26/Oct/2011:23:37:27 +0200] "GET /~gerard/bcrs/index.php?option=com_content&view=section&layout=blog&id=1&Itemid=3&limitstart=12 HTTP/1.1" 200 3814 "-" "Mozilla/5.0 (compatible; Googlebot/2.1; +http://www.google.com/bot.html)"
124.115.1.66 - - [27/Oct/2011:03:45:50 +0200] "GET / HTTP/1.1" 200 373 "-" "Mozilla/4.0 (compatible; MSIE 6.0; Windows NT 5.1)"
124.115.11.187 - - [27/Oct/2011:03:46:57 +0200] "GET / HTTP/1.1" 200 373 "-" "Mozilla/4.0 (compatible; MSIE 6.0; Windows NT 5.1)"
124.115.1.62 - - [27/Oct/2011:03:49:46 +0200] "GET / HTTP/1.1" 200 373 "-" "Mozilla/4.0 (compatible; MSIE 6.0; Windows NT 5.1)"
124.115.1.61 - - [27/Oct/2011:03:53:39 +0200] "GET / HTTP/1.1" 200 373 "-" "Mozilla/4.0 (compatible; MSIE 6.0; Windows NT 5.1)"
124.115.10.193 - - [27/Oct/2011:04:05:30 +0200] "GET / HTTP/1.1" 200 373 "-" "Mozilla/4.0 (compatible; MSIE 6.0; Windows NT 5.1)"
67.207.136.128 - - [27/Oct/2011:06:04:41 +0200] "GET / HTTP/1.1" 200 291 "-" "Mozilla/5.0 (Macintosh; U; Intel Mac OS X 10_5_8; en-us) AppleWebKit/531.21.8 (KHTML, like Gecko) Version/4.0.4 Safari/531.21.10"
208.80.194.29 - - [27/Oct/2011:06:45:59 +0200] "GET / HTTP/1.0" 200 291 "-" "Mozilla/4.0 (compatible; MSIE 6.0; Windows NT 5.1; DigExt; Hotbar4.4.1.1415; SV1; SIMBAR Enabled; .NET CLR 1.1.4322)"
123.125.71.15 - - [27/Oct/2011:08:56:53 +0200] "GET / HTTP/1.1" 200 335 "-" "Mozilla/5.0 (compatible; Baiduspider/2.0; +http://www.baidu.com/search/spider.html)"
66.249.72.225 - - [27/Oct/2011:11:54:35 +0200] "GET /robots.txt HTTP/1.1" 404 504 "-" "Mozilla/5.0 (compatible; Googlebot/2.1; +http://www.google.com/bot.html)"
66.249.72.225 - - [27/Oct/2011:11:54:35 +0200] "GET /~gerard/bcrs/index.php?option=com_content&view=article&id=87:laatste-jeugdtraining&catid=6:jeugd&Itemid=34 HTTP/1.1" 200 2692 "-" "Mozilla/5.0 (compatible; Googlebot/2.1; +http://www.google.com/bot.html)"
66.249.71.1 - - [27/Oct/2011:18:43:28 +0200] "GET /robots.txt HTTP/1.1" 404 504 "-" "Mozilla/5.0 (compatible; Googlebot/2.1; +http://www.google.com/bot.html)"
66.249.71.1 - - [27/Oct/2011:18:43:28 +0200] "GET /~gerard/bcrs/index.php?option=com_content&view=article&id=34&Itemid=54 HTTP/1.1" 200 2642 "-" "Mozilla/5.0 (compatible; Googlebot/2.1; +http://www.google.com/bot.html)"
123.125.71.87 - - [27/Oct/2011:20:49:26 +0200] "GET /robots.txt HTTP/1.1" 404 466 "-" "Baiduspider+(+http://www.baidu.com/search/spider.htm)"
216.145.14.142 - - [27/Oct/2011:21:12:59 +0200] "GET /robots.txt HTTP/1.0" 404 491 "-" "Mozilla/5.0 (Windows; U; Windows NT 5.1; en; rv:1.9.0.13) Gecko/2009073022 Firefox/3.5.2 (.NET CLR 3.5.30729) SurveyBot/2.3 (DomainTools)"
216.145.14.142 - - [27/Oct/2011:21:12:59 +0200] "GET / HTTP/1.1" 200 335 "http://whois.domaintools.com/deinon.net" "Mozilla/5.0 (Windows; U; Windows NT 5.1; en; rv:1.9.0.13) Gecko/2009073022 Firefox/3.5.2 (.NET CLR 3.5.30729) SurveyBot/2.3 (DomainTools)"
124.115.1.66 - - [28/Oct/2011:03:35:46 +0200] "GET / HTTP/1.1" 200 373 "-" "Mozilla/4.0 (compatible; MSIE 6.0; Windows NT 5.1)"
124.115.1.61 - - [28/Oct/2011:03:36:50 +0200] "GET / HTTP/1.1" 200 373 "-" "Mozilla/4.0 (compatible; MSIE 6.0; Windows NT 5.1)"
66.249.71.1 - - [28/Oct/2011:04:08:37 +0200] "GET /robots.txt HTTP/1.1" 404 504 "-" "Mozilla/5.0 (compatible; Googlebot/2.1; +http://www.google.com/bot.html)"
66.249.71.1 - - [28/Oct/2011:04:08:37 +0200] "GET /~gerard/bcrs/index.php?option=com_content&view=section&layout=blog&id=1&Itemid=3&limitstart=36 HTTP/1.1" 200 4498 "-" "Mozilla/5.0 (compatible; Googlebot/2.1; +http://www.google.com/bot.html)"
124.115.1.62 - - [28/Oct/2011:04:15:47 +0200] "GET / HTTP/1.1" 200 373 "-" "Mozilla/4.0 (compatible; MSIE 6.0; Windows NT 5.1)"
124.115.10.193 - - [28/Oct/2011:04:25:58 +0200] "GET / HTTP/1.1" 200 373 "-" "Mozilla/4.0 (compatible; MSIE 6.0; Windows NT 5.1)"
124.115.11.187 - - [28/Oct/2011:04:30:09 +0200] "GET / HTTP/1.1" 200 373 "-" "Mozilla/4.0 (compatible; MSIE 6.0; Windows NT 5.1)"
208.80.194.31 - - [28/Oct/2011:16:53:50 +0200] "GET / HTTP/1.0" 200 291 "-" "Mozilla/4.0 (compatible; MSIE 7.0; Windows NT 5.1; SIMBAR Enabled; Ringo; GameBar; (R1 1.5); .NET CLR 1.1.4322; .NET CLR 2.0.50727)"
184.72.202.21 - - [28/Oct/2011:18:44:48 +0200] "GET / HTTP/1.0" 200 291 "http://www.webmasters-paradise.com" "Mozilla/4.0 (compatible; MSIE 7.0; Windows NT 6.0; Trident/4.0)"
123.125.71.89 - - [28/Oct/2011:19:13:02 +0200] "GET /robots.txt HTTP/1.1" 404 466 "-" "Baiduspider+(+http://www.baidu.com/search/spider.htm)"
193.252.118.176 - - [29/Oct/2011:01:09:13 +0200] "GET /robots.txt HTTP/1.1" 404 466 "-" "Mozilla/5.0 (Windows; U; Windows NT 5.1; fr; rv:1.8.1) VoilaBot BETA 1.2 (support.voilabot@orange-ftgroup.com)"
193.252.118.176 - - [29/Oct/2011:01:09:30 +0200] "GET / HTTP/1.1" 200 335 "-" "Mozilla/5.0 (Windows; U; Windows NT 5.1; fr; rv:1.8.1) VoilaBot BETA 1.2 (support.voilabot@orange-ftgroup.com)"
174.129.65.215 - - [29/Oct/2011:02:35:09 +0200] "GET / HTTP/1.0" 200 291 "-" "Mozilla/5.0 (compatible; NetcraftSurveyAgent/1.0; +info@netcraft.com)"
