145.94.185.62 - - [26/Sep/2011:16:50:26 +0200] "GET /home/roel/work/q2profiling HTTP/1.1" 404 515 "-" "Mozilla/5.0 (Windows NT 6.1) AppleWebKit/535.1 (KHTML, like Gecko) Chrome/14.0.835.186 Safari/535.1"
145.94.185.62 - - [26/Sep/2011:16:50:26 +0200] "GET /favicon.ico HTTP/1.1" 404 503 "-" "Mozilla/5.0 (Windows NT 6.1) AppleWebKit/535.1 (KHTML, like Gecko) Chrome/14.0.835.186 Safari/535.1"
145.94.185.62 - - [26/Sep/2011:16:51:57 +0200] "GET /home/roel/work/q2profiling HTTP/1.1" 404 515 "-" "Mozilla/5.0 (Windows NT 6.1) AppleWebKit/535.1 (KHTML, like Gecko) Chrome/14.0.835.186 Safari/535.1"
145.94.185.62 - - [26/Sep/2011:16:51:57 +0200] "GET /favicon.ico HTTP/1.1" 404 503 "-" "Mozilla/5.0 (Windows NT 6.1) AppleWebKit/535.1 (KHTML, like Gecko) Chrome/14.0.835.186 Safari/535.1"
145.94.185.62 - - [26/Sep/2011:16:52:08 +0200] "GET /home HTTP/1.1" 404 499 "-" "Mozilla/5.0 (Windows NT 6.1) AppleWebKit/535.1 (KHTML, like Gecko) Chrome/14.0.835.186 Safari/535.1"
145.94.185.62 - - [26/Sep/2011:16:52:08 +0200] "GET /favicon.ico HTTP/1.1" 404 503 "-" "Mozilla/5.0 (Windows NT 6.1) AppleWebKit/535.1 (KHTML, like Gecko) Chrome/14.0.835.186 Safari/535.1"
145.94.185.62 - - [26/Sep/2011:16:52:17 +0200] "GET / HTTP/1.1" 200 372 "-" "Mozilla/5.0 (Windows NT 6.1) AppleWebKit/535.1 (KHTML, like Gecko) Chrome/14.0.835.186 Safari/535.1"
145.94.185.62 - - [26/Sep/2011:16:52:17 +0200] "GET /favicon.ico HTTP/1.1" 404 503 "-" "Mozilla/5.0 (Windows NT 6.1) AppleWebKit/535.1 (KHTML, like Gecko) Chrome/14.0.835.186 Safari/535.1"
145.94.185.62 - - [26/Sep/2011:16:53:41 +0200] "OPTIONS /home/roel/work/q2profiling HTTP/1.1" 200 220 "-" "SVN/1.6.13 (r1002816)/TortoiseSVN-1.6.11.20210 neon/0.29.4"
145.94.185.62 - - [26/Sep/2011:16:53:41 +0200] "OPTIONS /home/roel/work/q2profiling HTTP/1.1" 200 220 "-" "SVN/1.6.13 (r1002816)/TortoiseSVN-1.6.11.20210 neon/0.29.4"
145.94.185.62 - - [26/Sep/2011:16:55:01 +0200] "OPTIONS /home/roel/work/q2profiling HTTP/1.1" 200 220 "-" "SVN/1.6.13 (r1002816) neon/0.29.4"
145.94.185.62 - - [26/Sep/2011:16:55:01 +0200] "OPTIONS /home/roel/work HTTP/1.1" 200 220 "-" "SVN/1.6.13 (r1002816) neon/0.29.4"
145.94.185.62 - - [26/Sep/2011:16:55:01 +0200] "OPTIONS /home/roel HTTP/1.1" 200 220 "-" "SVN/1.6.13 (r1002816) neon/0.29.4"
145.94.185.62 - - [26/Sep/2011:16:55:01 +0200] "OPTIONS /home HTTP/1.1" 200 220 "-" "SVN/1.6.13 (r1002816) neon/0.29.4"
145.94.185.62 - - [26/Sep/2011:16:55:01 +0200] "OPTIONS / HTTP/1.1" 200 287 "-" "SVN/1.6.13 (r1002816) neon/0.29.4"
145.94.185.62 - - [26/Sep/2011:16:55:35 +0200] "OPTIONS /home/roel/work/q2profiling HTTP/1.1" 200 220 "-" "SVN/1.6.13 (r1002816)/TortoiseSVN-1.6.11.20210 neon/0.29.4"
145.94.185.62 - - [26/Sep/2011:16:55:35 +0200] "OPTIONS /home/roel/work/q2profiling HTTP/1.1" 200 220 "-" "SVN/1.6.13 (r1002816)/TortoiseSVN-1.6.11.20210 neon/0.29.4"
145.94.185.62 - - [26/Sep/2011:17:01:22 +0200] "OPTIONS /home/roel/work/q2profiling HTTP/1.1" 200 220 "-" "SVN/1.6.13 (r1002816)/TortoiseSVN-1.6.11.20210 neon/0.29.4"
145.94.185.62 - - [26/Sep/2011:17:01:22 +0200] "OPTIONS /home/roel/work/q2profiling HTTP/1.1" 200 220 "-" "SVN/1.6.13 (r1002816)/TortoiseSVN-1.6.11.20210 neon/0.29.4"
145.94.185.62 - - [26/Sep/2011:17:02:02 +0200] "OPTIONS /home/roel/work/q2profiling HTTP/1.1" 200 220 "-" "SVN/1.6.13 (r1002816)/TortoiseSVN-1.6.11.20210 neon/0.29.4"
145.94.185.62 - - [26/Sep/2011:17:02:02 +0200] "OPTIONS /home/roel/work/q2profiling HTTP/1.1" 200 220 "-" "SVN/1.6.13 (r1002816)/TortoiseSVN-1.6.11.20210 neon/0.29.4"
123.125.71.74 - - [26/Sep/2011:18:03:23 +0200] "GET /robots.txt HTTP/1.1" 404 466 "-" "Baiduspider+(+http://www.baidu.com/search/spider.htm)"
124.115.1.66 - - [26/Sep/2011:19:16:04 +0200] "GET / HTTP/1.1" 200 373 "-" "Mozilla/4.0 (compatible; MSIE 6.0; Windows NT 5.1)"
180.76.5.87 - - [27/Sep/2011:00:08:32 +0200] "GET /robots.txt HTTP/1.1" 404 466 "-" "Baiduspider+(+http://www.baidu.com/search/spider.htm)"
50.17.78.99 - - [27/Sep/2011:01:46:35 +0200] "GET / HTTP/1.0" 200 291 "-" "Mozilla/5.0 (compatible; NetcraftSurveyAgent/1.0; +info@netcraft.com)"
123.125.71.29 - - [27/Sep/2011:07:38:58 +0200] "GET / HTTP/1.1" 200 335 "-" "Mozilla/5.0 (compatible; Baiduspider/2.0; +http://www.baidu.com/search/spider.html)"
208.80.194.26 - - [27/Sep/2011:08:29:33 +0200] "GET / HTTP/1.0" 200 291 "-" "Mozilla/4.0 (compatible; MSIE 6.0; Windows NT 5.1; SV1; CMS Music Store2 v1.00.12 (Music Store,1033); Embedded Web Browser from: http://bsalsa.com/; .NET CLR 1.1.4322)"
220.181.51.108 - - [27/Sep/2011:08:46:27 +0200] "GET / HTTP/1.1" 200 335 "-" "Mozilla/5.0 (Windows NT 5.1; rv:6.0.2) Gecko/20100101 Firefox/6.0.2"
206.183.1.74 - - [27/Sep/2011:09:08:14 +0200] "GET /robots.txt HTTP/1.1" 404 504 "-" "Mozilla/4.0 (compatible; http://search.thunderstone.com/texis/websearch/about.html)"
206.183.1.74 - - [27/Sep/2011:09:08:14 +0200] "GET / HTTP/1.1" 200 372 "-" "Mozilla/4.0 (compatible; http://search.thunderstone.com/texis/websearch/about.html)"
123.125.71.70 - - [27/Sep/2011:12:01:57 +0200] "GET /robots.txt HTTP/1.1" 404 466 "-" "Baiduspider+(+http://www.baidu.com/search/spider.htm)"
61.247.3.208 - - [27/Sep/2011:17:00:47 +0200] "GET /torrentflux/downloads/chanti/Supernatural.S02E11.Playthings.PROPER.HDTV.XviD-FQM.avi HTTP/1.1" 404 603 "http://www.deinon.net/torrentflux/downloads/chanti" "Mozilla/4.0 (compatible; MSIE 6.0; Windows NT 5.1; SV1)"
65.52.108.200 - - [27/Sep/2011:19:03:31 +0200] "GET /robots.txt HTTP/1.1" 404 529 "-" "Mozilla/5.0 (compatible; bingbot/2.0; +http://www.bing.com/bingbot.htm)"
65.52.108.200 - - [27/Sep/2011:19:04:05 +0200] "GET / HTTP/1.1" 304 211 "-" "Mozilla/5.0 (compatible; bingbot/2.0; +http://www.bing.com/bingbot.htm)"
180.76.5.168 - - [27/Sep/2011:20:34:06 +0200] "GET /robots.txt HTTP/1.1" 404 466 "-" "Baiduspider+(+http://www.baidu.com/search/spider.htm)"
66.249.72.150 - - [27/Sep/2011:22:32:44 +0200] "GET /robots.txt HTTP/1.1" 404 504 "-" "Mozilla/5.0 (compatible; Googlebot/2.1; +http://www.google.com/bot.html)"
66.249.72.150 - - [27/Sep/2011:22:32:44 +0200] "GET /~gerard/bcrs/index.php?option=com_content&view=section&layout=blog&id=1&Itemid=3&limitstart=64 HTTP/1.1" 200 3538 "-" "Mozilla/5.0 (compatible; Googlebot/2.1; +http://www.google.com/bot.html)"
66.249.72.150 - - [28/Sep/2011:01:47:32 +0200] "GET /~gerard/bcrs/index.php?option=com_content&view=article&id=13&Itemid=29 HTTP/1.1" 200 2686 "-" "Mozilla/5.0 (compatible; Googlebot/2.1; +http://www.google.com/bot.html)"
77.88.24.28 - - [28/Sep/2011:02:23:56 +0200] "GET /robots.txt HTTP/1.1" 404 529 "-" "Mozilla/5.0 (compatible; YandexBot/3.0; +http://yandex.com/bots)"
66.249.72.150 - - [28/Sep/2011:02:31:20 +0200] "GET /~gerard/bcrs/index.php?option=com_content&view=category&id=19&layout=blog&Itemid=56 HTTP/1.1" 200 4196 "-" "Mozilla/5.0 (compatible; Googlebot/2.1; +http://www.google.com/bot.html)"
66.249.72.150 - - [28/Sep/2011:03:43:30 +0200] "GET /~gerard/bcrs/index.php?option=com_content&view=article&id=57&Itemid=58 HTTP/1.1" 200 2727 "-" "Mozilla/5.0 (compatible; Googlebot/2.1; +http://www.google.com/bot.html)"
66.249.72.150 - - [28/Sep/2011:04:42:50 +0200] "GET /~gerard/bcrs/index.php?option=com_content&view=section&layout=blog&id=1&Itemid=3&limitstart=8 HTTP/1.1" 200 4402 "-" "Mozilla/5.0 (compatible; Googlebot/2.1; +http://www.google.com/bot.html)"
66.249.72.150 - - [28/Sep/2011:05:45:53 +0200] "GET /~gerard/bcrs/index.php?option=com_content&view=article&id=56:jeugdkamp-2011&catid=19:mededelingen-jeugdcommissie&Itemid=56 HTTP/1.1" 200 2687 "-" "Mozilla/5.0 (compatible; Googlebot/2.1; +http://www.google.com/bot.html)"
66.249.72.150 - - [28/Sep/2011:05:59:35 +0200] "GET /~gerard/bcrs/index.php?option=com_content&view=article&id=66:team-bcrs-1-kampioen-erc&catid=8:recreanten&Itemid=34 HTTP/1.1" 200 3170 "-" "Mozilla/5.0 (compatible; Googlebot/2.1; +http://www.google.com/bot.html)"
66.249.72.150 - - [28/Sep/2011:06:51:41 +0200] "GET /~gerard/bcrs/index.php?option=com_content&view=article&id=60:verslag-en-fotos-yonex-kids-games&catid=19:mededelingen-jeugdcommissie&Itemid=56 HTTP/1.1" 200 2913 "-" "Mozilla/5.0 (compatible; Googlebot/2.1; +http://www.google.com/bot.html)"
66.249.72.150 - - [28/Sep/2011:08:31:46 +0200] "GET /~gerard/bcrs/index.php?option=com_content&view=section&layout=blog&id=1&Itemid=3&limitstart=56 HTTP/1.1" 200 3821 "-" "Mozilla/5.0 (compatible; Googlebot/2.1; +http://www.google.com/bot.html)"
124.115.1.61 - - [28/Sep/2011:08:51:39 +0200] "GET / HTTP/1.1" 200 373 "-" "Mozilla/4.0 (compatible; MSIE 6.0; Windows NT 5.1)"
124.115.11.187 - - [28/Sep/2011:09:19:07 +0200] "GET / HTTP/1.1" 200 373 "-" "Mozilla/4.0 (compatible; MSIE 6.0; Windows NT 5.1)"
124.115.1.62 - - [28/Sep/2011:09:22:16 +0200] "GET / HTTP/1.1" 200 373 "-" "Mozilla/4.0 (compatible; MSIE 6.0; Windows NT 5.1)"
124.115.10.193 - - [28/Sep/2011:09:44:51 +0200] "GET / HTTP/1.1" 200 373 "-" "Mozilla/4.0 (compatible; MSIE 6.0; Windows NT 5.1)"
123.125.71.16 - - [28/Sep/2011:10:46:09 +0200] "GET / HTTP/1.1" 200 335 "-" "Mozilla/5.0 (compatible; Baiduspider/2.0; +http://www.baidu.com/search/spider.html)"
124.115.1.61 - - [28/Sep/2011:10:58:41 +0200] "GET / HTTP/1.1" 200 373 "-" "Mozilla/4.0 (compatible; MSIE 6.0; Windows NT 5.1)"
124.115.1.62 - - [28/Sep/2011:11:07:12 +0200] "GET / HTTP/1.1" 200 373 "-" "Mozilla/4.0 (compatible; MSIE 6.0; Windows NT 5.1)"
124.115.11.187 - - [28/Sep/2011:11:24:05 +0200] "GET / HTTP/1.1" 200 373 "-" "Mozilla/4.0 (compatible; MSIE 6.0; Windows NT 5.1)"
67.195.112.98 - - [28/Sep/2011:11:41:40 +0200] "GET /robots.txt HTTP/1.0" 404 466 "-" "Mozilla/5.0 (compatible; Yahoo! Slurp; http://help.yahoo.com/help/us/ysearch/slurp)"
67.195.112.98 - - [28/Sep/2011:11:41:41 +0200] "GET / HTTP/1.0" 200 335 "-" "Mozilla/5.0 (compatible; Yahoo! Slurp; http://help.yahoo.com/help/us/ysearch/slurp)"
124.115.10.193 - - [28/Sep/2011:12:01:10 +0200] "GET / HTTP/1.1" 200 373 "-" "Mozilla/4.0 (compatible; MSIE 6.0; Windows NT 5.1)"
208.80.194.27 - - [28/Sep/2011:14:12:56 +0200] "GET / HTTP/1.0" 200 291 "-" "Mozilla/4.0 (compatible; MSIE 7.0; AOL 9.0; Windows NT 5.1; YPC 3.0.1; PeoplePal 6.6; .NET CLR 1.1.4322)"
124.115.11.187 - - [28/Sep/2011:14:23:08 +0200] "GET / HTTP/1.1" 200 373 "-" "Mozilla/4.0 (compatible; MSIE 6.0; Windows NT 5.1)"
124.115.1.66 - - [28/Sep/2011:14:33:57 +0200] "GET / HTTP/1.1" 200 373 "-" "Mozilla/4.0 (compatible; MSIE 6.0; Windows NT 5.1)"
124.115.1.62 - - [28/Sep/2011:14:40:59 +0200] "GET / HTTP/1.1" 200 373 "-" "Mozilla/4.0 (compatible; MSIE 6.0; Windows NT 5.1)"
77.88.24.28 - - [28/Sep/2011:14:52:52 +0200] "GET / HTTP/1.1" 200 373 "-" "Mozilla/5.0 (compatible; YandexBot/3.0; +http://yandex.com/bots)"
124.115.10.193 - - [28/Sep/2011:14:54:08 +0200] "GET / HTTP/1.1" 200 373 "-" "Mozilla/4.0 (compatible; MSIE 6.0; Windows NT 5.1)"
124.115.1.61 - - [28/Sep/2011:14:57:59 +0200] "GET / HTTP/1.1" 200 373 "-" "Mozilla/4.0 (compatible; MSIE 6.0; Windows NT 5.1)"
124.115.1.66 - - [28/Sep/2011:16:51:46 +0200] "GET / HTTP/1.1" 200 373 "-" "Mozilla/4.0 (compatible; MSIE 6.0; Windows NT 5.1)"
124.115.1.61 - - [28/Sep/2011:17:45:19 +0200] "GET / HTTP/1.1" 200 373 "-" "Mozilla/4.0 (compatible; MSIE 6.0; Windows NT 5.1)"
124.115.1.66 - - [28/Sep/2011:18:01:11 +0200] "GET / HTTP/1.1" 200 373 "-" "Mozilla/4.0 (compatible; MSIE 6.0; Windows NT 5.1)"
124.115.11.187 - - [28/Sep/2011:18:26:10 +0200] "GET / HTTP/1.1" 200 373 "-" "Mozilla/4.0 (compatible; MSIE 6.0; Windows NT 5.1)"
124.115.1.61 - - [28/Sep/2011:18:51:08 +0200] "GET / HTTP/1.1" 200 373 "-" "Mozilla/4.0 (compatible; MSIE 6.0; Windows NT 5.1)"
124.115.1.62 - - [28/Sep/2011:19:10:09 +0200] "GET / HTTP/1.1" 200 373 "-" "Mozilla/4.0 (compatible; MSIE 6.0; Windows NT 5.1)"
124.115.10.193 - - [28/Sep/2011:19:31:54 +0200] "GET / HTTP/1.1" 200 373 "-" "Mozilla/4.0 (compatible; MSIE 6.0; Windows NT 5.1)"
124.115.10.193 - - [28/Sep/2011:20:28:32 +0200] "GET / HTTP/1.1" 200 373 "-" "Mozilla/4.0 (compatible; MSIE 6.0; Windows NT 5.1)"
180.76.5.93 - - [28/Sep/2011:20:35:44 +0200] "GET /robots.txt HTTP/1.1" 404 466 "-" "Baiduspider+(+http://www.baidu.com/search/spider.htm)"
124.115.1.66 - - [28/Sep/2011:20:59:42 +0200] "GET / HTTP/1.1" 200 373 "-" "Mozilla/4.0 (compatible; MSIE 6.0; Windows NT 5.1)"
124.115.10.193 - - [28/Sep/2011:22:32:44 +0200] "GET / HTTP/1.1" 200 373 "-" "Mozilla/4.0 (compatible; MSIE 6.0; Windows NT 5.1)"
66.249.72.150 - - [28/Sep/2011:22:44:46 +0200] "GET /robots.txt HTTP/1.1" 404 504 "-" "Mozilla/5.0 (compatible; Googlebot/2.1; +http://www.google.com/bot.html)"
66.249.72.150 - - [28/Sep/2011:22:44:46 +0200] "GET /~gerard/bcrs/index.php?option=com_content&view=article&id=28&Itemid=52 HTTP/1.1" 200 2814 "-" "Mozilla/5.0 (compatible; Googlebot/2.1; +http://www.google.com/bot.html)"
193.252.118.176 - - [29/Sep/2011:01:01:07 +0200] "GET /robots.txt HTTP/1.1" 404 466 "-" "Mozilla/5.0 (Windows; U; Windows NT 5.1; fr; rv:1.8.1) VoilaBot BETA 1.2 (support.voilabot@orange-ftgroup.com)"
193.252.118.176 - - [29/Sep/2011:01:01:09 +0200] "GET / HTTP/1.1" 200 335 "-" "Mozilla/5.0 (Windows; U; Windows NT 5.1; fr; rv:1.8.1) VoilaBot BETA 1.2 (support.voilabot@orange-ftgroup.com)"
124.115.1.62 - - [29/Sep/2011:05:12:27 +0200] "GET / HTTP/1.1" 200 373 "-" "Mozilla/4.0 (compatible; MSIE 6.0; Windows NT 5.1)"
124.115.11.187 - - [29/Sep/2011:05:36:35 +0200] "GET / HTTP/1.1" 200 373 "-" "Mozilla/4.0 (compatible; MSIE 6.0; Windows NT 5.1)"
124.115.1.66 - - [29/Sep/2011:05:55:55 +0200] "GET / HTTP/1.1" 200 373 "-" "Mozilla/4.0 (compatible; MSIE 6.0; Windows NT 5.1)"
124.115.1.61 - - [29/Sep/2011:07:05:45 +0200] "GET / HTTP/1.1" 200 373 "-" "Mozilla/4.0 (compatible; MSIE 6.0; Windows NT 5.1)"
124.115.10.193 - - [29/Sep/2011:07:34:30 +0200] "GET / HTTP/1.1" 200 373 "-" "Mozilla/4.0 (compatible; MSIE 6.0; Windows NT 5.1)"
123.125.71.82 - - [29/Sep/2011:17:50:42 +0200] "GET /robots.txt HTTP/1.1" 404 466 "-" "Baiduspider+(+http://www.baidu.com/search/spider.htm)"
66.249.72.243 - - [29/Sep/2011:23:07:59 +0200] "GET /robots.txt HTTP/1.1" 404 504 "-" "Mozilla/5.0 (compatible; Googlebot/2.1; +http://www.google.com/bot.html)"
66.249.72.243 - - [29/Sep/2011:23:07:59 +0200] "GET / HTTP/1.1" 304 210 "-" "Mozilla/5.0 (compatible; Googlebot/2.1; +http://www.google.com/bot.html)"
66.249.72.243 - - [29/Sep/2011:23:47:38 +0200] "GET /~gerard/bcrs/index.php?option=com_content&view=article&id=21&Itemid=44 HTTP/1.1" 200 2943 "-" "Mozilla/5.0 (compatible; Googlebot/2.1; +http://www.google.com/bot.html)"
180.76.5.94 - - [30/Sep/2011:00:07:41 +0200] "GET /robots.txt HTTP/1.1" 404 466 "-" "Baiduspider+(+http://www.baidu.com/search/spider.htm)"
208.80.194.71 - - [30/Sep/2011:00:08:32 +0200] "GET / HTTP/1.0" 200 291 "-" "Mozilla/4.0 (compatible; MSIE 7.0; Windows NT 5.1; YPC 3.2.0; FunWebProducts; .NET CLR 2.0.50727)"
66.249.72.243 - - [30/Sep/2011:00:39:49 +0200] "GET /~gerard/bcrs/index.php?option=com_content&view=article&id=25&Itemid=50 HTTP/1.1" 200 2939 "-" "Mozilla/5.0 (compatible; Googlebot/2.1; +http://www.google.com/bot.html)"
66.249.72.243 - - [30/Sep/2011:00:49:02 +0200] "GET /~gerard/bcrs/index.php?option=com_content&view=article&id=30&Itemid=53 HTTP/1.1" 200 2673 "-" "Mozilla/5.0 (compatible; Googlebot/2.1; +http://www.google.com/bot.html)"
80.67.0.130 - - [30/Sep/2011:01:21:23 +0200] "GET /robots.txt HTTP/1.0" 404 491 "http://www.domaincrawler.com/deinon.net" "DomainCrawler/2.0 (info@domaincrawler.com; http://www.domaincrawler.com/deinon.net"
80.67.0.130 - - [30/Sep/2011:01:22:38 +0200] "GET / HTTP/1.0" 206 334 "http://www.domaincrawler.com/deinon.net" "DomainCrawler/2.0 (info@domaincrawler.com; http://www.domaincrawler.com/deinon.net"
66.249.72.243 - - [30/Sep/2011:01:53:36 +0200] "GET /~gerard/bcrs/index.php?option=com_content&view=article&id=16&Itemid=41 HTTP/1.1" 200 2798 "-" "Mozilla/5.0 (compatible; Googlebot/2.1; +http://www.google.com/bot.html)"
66.249.72.243 - - [30/Sep/2011:01:55:01 +0200] "GET /~gerard/bcrs/index.php?option=com_content&view=article&id=19&Itemid=42 HTTP/1.1" 200 2905 "-" "Mozilla/5.0 (compatible; Googlebot/2.1; +http://www.google.com/bot.html)"
66.249.72.243 - - [30/Sep/2011:02:07:04 +0200] "GET /~gerard/bcrs/index.php?option=com_content&view=article&id=18&Itemid=43 HTTP/1.1" 200 2683 "-" "Mozilla/5.0 (compatible; Googlebot/2.1; +http://www.google.com/bot.html)"
66.249.72.243 - - [30/Sep/2011:02:21:16 +0200] "GET /~gerard/bcrs/index.php?option=com_content&view=article&id=28&Itemid=52 HTTP/1.1" 200 2815 "-" "Mozilla/5.0 (compatible; Googlebot/2.1; +http://www.google.com/bot.html)"
66.249.72.243 - - [30/Sep/2011:03:04:33 +0200] "GET /~gerard/bcrs/index.php?option=com_content&view=article&id=17&Itemid=40 HTTP/1.1" 200 2711 "-" "Mozilla/5.0 (compatible; Googlebot/2.1; +http://www.google.com/bot.html)"
66.249.72.243 - - [30/Sep/2011:03:33:38 +0200] "GET /~gerard/bcrs/index.php?option=com_content&view=article&id=15&Itemid=39 HTTP/1.1" 200 2854 "-" "Mozilla/5.0 (compatible; Googlebot/2.1; +http://www.google.com/bot.html)"
66.249.72.243 - - [30/Sep/2011:03:47:49 +0200] "GET /~gerard/bcrs/index.php?option=com_content&view=category&id=12&Itemid=34 HTTP/1.1" 200 3477 "-" "Mozilla/5.0 (compatible; Googlebot/2.1; +http://www.google.com/bot.html)"
66.249.72.243 - - [30/Sep/2011:04:59:28 +0200] "GET /~gerard/bcrs/index.php?option=com_content&view=article&id=87:laatste-jeugdtraining&catid=6:jeugd&Itemid=34 HTTP/1.1" 200 2693 "-" "Mozilla/5.0 (compatible; Googlebot/2.1; +http://www.google.com/bot.html)"
124.115.1.62 - - [30/Sep/2011:05:10:16 +0200] "GET / HTTP/1.1" 200 373 "-" "Mozilla/4.0 (compatible; MSIE 6.0; Windows NT 5.1)"
124.115.11.187 - - [30/Sep/2011:05:22:41 +0200] "GET / HTTP/1.1" 200 373 "-" "Mozilla/4.0 (compatible; MSIE 6.0; Windows NT 5.1)"
124.115.1.61 - - [30/Sep/2011:06:19:17 +0200] "GET / HTTP/1.1" 200 373 "-" "Mozilla/4.0 (compatible; MSIE 6.0; Windows NT 5.1)"
124.115.1.66 - - [30/Sep/2011:06:22:14 +0200] "GET / HTTP/1.1" 200 373 "-" "Mozilla/4.0 (compatible; MSIE 6.0; Windows NT 5.1)"
66.249.72.243 - - [30/Sep/2011:07:05:03 +0200] "GET /~gerard/bcrs/index.php?option=com_content&view=article&id=83:bcrs-wint-wisselbeker-unicum-jeugdtoernooi&catid=19:mededelingen-jeugdcommissie&Itemid=56 HTTP/1.1" 200 2635 "-" "Mozilla/5.0 (compatible; Googlebot/2.1; +http://www.google.com/bot.html)"
123.125.71.76 - - [30/Sep/2011:07:37:58 +0200] "GET / HTTP/1.1" 200 335 "-" "Mozilla/5.0 (compatible; Baiduspider/2.0; +http://www.baidu.com/search/spider.html)"
188.55.51.70 - - [30/Sep/2011:15:43:53 +0200] "GET /torrentflux/downloads/chanti/Supernatural.S02E18.HDTV.XviD-XOR.avi HTTP/1.1" 404 547 "http://www.deinon.net/torrentflux/downloads/chanti" "Mozilla/4.0 (compatible; MSIE 6.0; Windows NT 5.1; SV1; .NET CLR 1.1.4322; .NET CLR 2.0.50727)"
188.55.51.70 - - [30/Sep/2011:15:44:06 +0200] "GET /torrentflux/downloads/chanti/Supernatural.S02E09.HDTV.XviD-NoTV.avi HTTP/1.1" 404 548 "http://www.deinon.net/torrentflux/downloads/chanti" "Mozilla/4.0 (compatible; MSIE 6.0; Windows NT 5.1; SV1; .NET CLR 1.1.4322; .NET CLR 2.0.50727)"
66.249.72.243 - - [30/Sep/2011:16:04:22 +0200] "GET /robots.txt HTTP/1.1" 404 504 "-" "Mozilla/5.0 (compatible; Googlebot/2.1; +http://www.google.com/bot.html)"
66.249.72.243 - - [30/Sep/2011:16:04:23 +0200] "GET /~gin/djpics/mybooth1.jpg HTTP/1.1" 404 516 "-" "Mozilla/5.0 (compatible; Googlebot/2.1; +http://www.google.com/bot.html)"
124.115.10.193 - - [30/Sep/2011:21:48:21 +0200] "GET / HTTP/1.1" 200 373 "-" "Mozilla/4.0 (compatible; MSIE 6.0; Windows NT 5.1)"
114.80.93.71 - - [30/Sep/2011:22:24:34 +0200] "GET / HTTP/1.1" 200 373 "-" "Mozilla/4.0 (compatible; MSIE 6.0; Windows NT 5.1)"
220.181.51.108 - - [01/Oct/2011:01:39:59 +0200] "GET / HTTP/1.1" 200 335 "-" "Mozilla/5.0 (Windows NT 5.1; rv:6.0.2) Gecko/20100101 Firefox/6.0.2"
180.76.5.22 - - [01/Oct/2011:02:21:24 +0200] "GET / HTTP/1.1" 200 335 "-" "Mozilla/5.0 (compatible; Baiduspider/2.0; +http://www.baidu.com/search/spider.html)"
124.115.1.62 - - [01/Oct/2011:03:58:11 +0200] "GET / HTTP/1.1" 200 373 "-" "Mozilla/4.0 (compatible; MSIE 6.0; Windows NT 5.1)"
124.115.1.61 - - [01/Oct/2011:03:59:20 +0200] "GET / HTTP/1.1" 200 373 "-" "Mozilla/4.0 (compatible; MSIE 6.0; Windows NT 5.1)"
124.115.1.66 - - [01/Oct/2011:04:08:09 +0200] "GET / HTTP/1.1" 200 373 "-" "Mozilla/4.0 (compatible; MSIE 6.0; Windows NT 5.1)"
124.115.11.187 - - [01/Oct/2011:04:21:18 +0200] "GET / HTTP/1.1" 200 373 "-" "Mozilla/4.0 (compatible; MSIE 6.0; Windows NT 5.1)"
124.115.10.193 - - [01/Oct/2011:05:18:27 +0200] "GET / HTTP/1.1" 200 373 "-" "Mozilla/4.0 (compatible; MSIE 6.0; Windows NT 5.1)"
208.80.194.60 - - [01/Oct/2011:09:04:56 +0200] "GET / HTTP/1.0" 200 291 "-" "Mozilla/4.0 (compatible; MSIE 7.0; Windows NT 6.0; SLCC1; .NET CLR 2.0.50727; .NET CLR 3.0.04506; .NET CLR 1.1.4322; IEMB3)"
123.125.71.97 - - [01/Oct/2011:09:39:41 +0200] "GET / HTTP/1.1" 200 335 "-" "Mozilla/5.0 (compatible; Baiduspider/2.0; +http://www.baidu.com/search/spider.html)"
66.249.72.243 - - [01/Oct/2011:09:49:39 +0200] "GET /robots.txt HTTP/1.1" 404 504 "-" "Mozilla/5.0 (compatible; Googlebot/2.1; +http://www.google.com/bot.html)"
66.249.72.243 - - [01/Oct/2011:09:49:39 +0200] "GET /~gerard/bcrs/index.php?option=com_content&view=article&id=22&Itemid=47 HTTP/1.1" 200 3812 "-" "Mozilla/5.0 (compatible; Googlebot/2.1; +http://www.google.com/bot.html)"
66.249.72.243 - - [01/Oct/2011:10:46:56 +0200] "GET /~gerard/bcrs/index.php?option=com_content&view=article&id=13&Itemid=29 HTTP/1.1" 200 2686 "-" "Mozilla/5.0 (compatible; Googlebot/2.1; +http://www.google.com/bot.html)"
66.249.72.243 - - [01/Oct/2011:11:31:37 +0200] "GET /~gerard/bcrs/index.php?option=com_content&view=category&layout=blog&id=19&Itemid=56 HTTP/1.1" 200 4191 "-" "Mozilla/5.0 (compatible; Googlebot/2.1; +http://www.google.com/bot.html)"
66.249.72.243 - - [01/Oct/2011:11:37:55 +0200] "GET /~gerard/bcrs/index.php?option=com_content&view=article&id=56:jeugdkamp-2011&catid=19:mededelingen-jeugdcommissie&Itemid=56 HTTP/1.1" 200 2687 "-" "Mozilla/5.0 (compatible; Googlebot/2.1; +http://www.google.com/bot.html)"
66.249.72.243 - - [01/Oct/2011:11:47:55 +0200] "GET /~gerard/bcrs/index.php?option=com_content&view=section&layout=blog&id=1&Itemid=3&limitstart=64 HTTP/1.1" 200 3539 "-" "Mozilla/5.0 (compatible; Googlebot/2.1; +http://www.google.com/bot.html)"
66.249.72.243 - - [01/Oct/2011:11:52:07 +0200] "GET /~gerard/bcrs/index.php?option=com_content&view=section&layout=blog&id=1&Itemid=3&limitstart=56 HTTP/1.1" 200 3821 "-" "Mozilla/5.0 (compatible; Googlebot/2.1; +http://www.google.com/bot.html)"
123.125.71.92 - - [01/Oct/2011:16:33:10 +0200] "GET /robots.txt HTTP/1.1" 404 466 "-" "Baiduspider+(+http://www.baidu.com/search/spider.htm)"
193.252.118.176 - - [02/Oct/2011:00:57:54 +0200] "GET / HTTP/1.1" 200 335 "-" "Mozilla/5.0 (Windows; U; Windows NT 5.1; fr; rv:1.8.1) VoilaBot BETA 1.2 (support.voilabot@orange-ftgroup.com)"
124.115.11.187 - - [02/Oct/2011:03:19:15 +0200] "GET / HTTP/1.1" 200 373 "-" "Mozilla/4.0 (compatible; MSIE 6.0; Windows NT 5.1)"
124.115.10.193 - - [02/Oct/2011:03:30:20 +0200] "GET / HTTP/1.1" 200 373 "-" "Mozilla/4.0 (compatible; MSIE 6.0; Windows NT 5.1)"
124.115.1.66 - - [02/Oct/2011:03:47:22 +0200] "GET / HTTP/1.1" 200 373 "-" "Mozilla/4.0 (compatible; MSIE 6.0; Windows NT 5.1)"
124.115.1.61 - - [02/Oct/2011:03:53:40 +0200] "GET / HTTP/1.1" 200 373 "-" "Mozilla/4.0 (compatible; MSIE 6.0; Windows NT 5.1)"
124.115.1.62 - - [02/Oct/2011:04:52:53 +0200] "GET / HTTP/1.1" 200 373 "-" "Mozilla/4.0 (compatible; MSIE 6.0; Windows NT 5.1)"
208.80.194.26 - - [02/Oct/2011:15:03:22 +0200] "GET / HTTP/1.0" 200 291 "-" "Mozilla/4.0 (compatible; MSIE 7.0; Windows NT 5.1; Comcast Install 1.0; InfoPath.1; IEMB3; .NET CLR 1.1.4322; IEMB3)"
180.76.5.157 - - [02/Oct/2011:17:08:12 +0200] "GET /robots.txt HTTP/1.1" 404 466 "-" "Baiduspider+(+http://www.baidu.com/search/spider.htm)"
66.249.72.243 - - [02/Oct/2011:18:58:15 +0200] "GET /robots.txt HTTP/1.1" 404 504 "-" "Mozilla/5.0 (compatible; Googlebot/2.1; +http://www.google.com/bot.html)"
66.249.72.243 - - [02/Oct/2011:18:58:15 +0200] "GET /~gerard/bcrs/index.php?option=com_content&view=article&id=12&Itemid=38 HTTP/1.1" 200 3569 "-" "Mozilla/5.0 (compatible; Googlebot/2.1; +http://www.google.com/bot.html)"
124.115.11.187 - - [03/Oct/2011:04:13:14 +0200] "GET / HTTP/1.1" 200 373 "-" "Mozilla/4.0 (compatible; MSIE 6.0; Windows NT 5.1)"
124.115.1.61 - - [03/Oct/2011:04:42:11 +0200] "GET / HTTP/1.1" 200 373 "-" "Mozilla/4.0 (compatible; MSIE 6.0; Windows NT 5.1)"
124.115.1.66 - - [03/Oct/2011:04:54:19 +0200] "GET / HTTP/1.1" 200 373 "-" "Mozilla/4.0 (compatible; MSIE 6.0; Windows NT 5.1)"
124.115.10.193 - - [03/Oct/2011:05:54:27 +0200] "GET / HTTP/1.1" 200 373 "-" "Mozilla/4.0 (compatible; MSIE 6.0; Windows NT 5.1)"
66.249.72.243 - - [03/Oct/2011:06:01:24 +0200] "GET /~gerard/bcrs/index.php?option=com_content&view=article&id=28&Itemid=52 HTTP/1.1" 200 2815 "-" "Mozilla/5.0 (compatible; Googlebot/2.1; +http://www.google.com/bot.html)"
124.115.1.62 - - [03/Oct/2011:06:36:11 +0200] "GET / HTTP/1.1" 200 373 "-" "Mozilla/4.0 (compatible; MSIE 6.0; Windows NT 5.1)"
123.125.71.110 - - [03/Oct/2011:06:39:18 +0200] "GET / HTTP/1.1" 200 335 "-" "Mozilla/5.0 (compatible; Baiduspider/2.0; +http://www.baidu.com/search/spider.html)"
66.249.72.243 - - [03/Oct/2011:07:38:06 +0200] "GET /robots.txt HTTP/1.1" 404 504 "-" "Mozilla/5.0 (compatible; Googlebot/2.1; +http://www.google.com/bot.html)"
66.249.72.243 - - [03/Oct/2011:07:38:07 +0200] "GET /~gerard/bcrs/index.php?option=com_content&view=article&id=22&Itemid=47 HTTP/1.1" 200 3813 "-" "Mozilla/5.0 (compatible; Googlebot/2.1; +http://www.google.com/bot.html)"
66.249.72.243 - - [03/Oct/2011:07:41:59 +0200] "GET /~gerard/bcrs/index.php?option=com_content&view=article&id=57&Itemid=58 HTTP/1.1" 200 2727 "-" "Mozilla/5.0 (compatible; Googlebot/2.1; +http://www.google.com/bot.html)"
66.249.72.243 - - [03/Oct/2011:09:34:10 +0200] "GET /~gerard/bcrs/index.php?option=com_content&view=section&layout=blog&id=1&Itemid=3&limitstart=8 HTTP/1.1" 200 4404 "-" "Mozilla/5.0 (compatible; Googlebot/2.1; +http://www.google.com/bot.html)"
66.249.72.243 - - [03/Oct/2011:09:53:31 +0200] "GET /~gerard/bcrs/index.php?option=com_content&view=article&id=66:team-bcrs-1-kampioen-erc&catid=8:recreanten&Itemid=34 HTTP/1.1" 200 3170 "-" "Mozilla/5.0 (compatible; Googlebot/2.1; +http://www.google.com/bot.html)"
123.125.71.12 - - [03/Oct/2011:10:38:00 +0200] "GET / HTTP/1.1" 200 291 "-" "Mozilla/5.0 (compatible; Baiduspider/2.0; +http://www.baidu.com/search/spider.html)"
220.181.108.90 - - [03/Oct/2011:10:38:43 +0200] "GET / HTTP/1.1" 200 291 "-" "Mozilla/5.0 (compatible; Baiduspider/2.0; +http://www.baidu.com/search/spider.html)"
85.151.178.32 - - [03/Oct/2011:11:13:30 +0200] "GET /~gin/djpics/mybooth1.jpg HTTP/1.1" 404 517 "http://www.dj2dj.nl/forum/viewtopic.php?f=2&t=2668" "Mozilla/4.0 (compatible; MSIE 8.0; Windows NT 6.1; WOW64; Trident/4.0; SLCC2; .NET CLR 2.0.50727; .NET CLR 3.5.30729; .NET CLR 3.0.30729; Media Center PC 6.0; .NET4.0C; InfoPath.3; .NET4.0E; Creative AutoUpdate v1.40.04)"
85.151.178.32 - - [03/Oct/2011:11:13:36 +0200] "GET /~gin/djpics/mybooth1.jpg HTTP/1.1" 404 516 "http://www.dj2dj.nl/forum/viewtopic.php?f=2&t=2668" "Mozilla/4.0 (compatible; MSIE 8.0; Windows NT 6.1; WOW64; Trident/4.0; SLCC2; .NET CLR 2.0.50727; .NET CLR 3.5.30729; .NET CLR 3.0.30729; Media Center PC 6.0; .NET4.0C; InfoPath.3; .NET4.0E; Creative AutoUpdate v1.40.04)"
66.249.72.243 - - [03/Oct/2011:13:25:02 +0200] "GET /~gerard/bcrs/index.php?option=com_content&view=article&id=67:erc-slottoernooi&catid=8:recreanten&Itemid=34 HTTP/1.1" 200 3397 "-" "Mozilla/5.0 (compatible; Googlebot/2.1; +http://www.google.com/bot.html)"
180.76.5.113 - - [03/Oct/2011:14:33:05 +0200] "GET /robots.txt HTTP/1.1" 404 466 "-" "Baiduspider+(+http://www.baidu.com/search/spider.htm)"
123.125.71.86 - - [03/Oct/2011:16:08:20 +0200] "GET /robots.txt HTTP/1.1" 404 466 "-" "Baiduspider+(+http://www.baidu.com/search/spider.htm)"
114.80.93.71 - - [03/Oct/2011:16:37:42 +0200] "GET / HTTP/1.1" 200 373 "-" "Mozilla/4.0 (compatible; MSIE 6.0; Windows NT 5.1)"
64.246.161.30 - - [03/Oct/2011:21:02:59 +0200] "GET /robots.txt HTTP/1.0" 404 491 "-" "Mozilla/5.0 (Windows; U; Windows NT 5.1; en; rv:1.9.0.13) Gecko/2009073022 Firefox/3.5.2 (.NET CLR 3.5.30729) SurveyBot/2.3 (DomainTools)"
64.246.161.30 - - [03/Oct/2011:21:03:00 +0200] "GET / HTTP/1.1" 200 335 "http://whois.domaintools.com/deinon.net" "Mozilla/5.0 (Windows; U; Windows NT 5.1; en; rv:1.9.0.13) Gecko/2009073022 Firefox/3.5.2 (.NET CLR 3.5.30729) SurveyBot/2.3 (DomainTools)"
84.194.96.53 - - [04/Oct/2011:03:24:36 +0200] "GET /~gin/djpics/mybooth1.jpg HTTP/1.1" 404 517 "http://www.dj2dj.nl/forum/viewtopic.php?f=2&t=2668" "Mozilla/4.0 (compatible; MSIE 8.0; Windows NT 5.1; Trident/4.0; InfoPath.1; AskTbFWV5/5.13.0.17701)"
124.115.10.193 - - [04/Oct/2011:03:50:32 +0200] "GET / HTTP/1.1" 200 373 "-" "Mozilla/4.0 (compatible; MSIE 6.0; Windows NT 5.1)"
66.249.72.243 - - [04/Oct/2011:04:18:58 +0200] "GET /robots.txt HTTP/1.1" 404 504 "-" "Mozilla/5.0 (compatible; Googlebot/2.1; +http://www.google.com/bot.html)"
66.249.72.243 - - [04/Oct/2011:04:18:58 +0200] "GET /~gerard/bcrs/index.php?option=com_content&view=article&id=20&Itemid=33 HTTP/1.1" 200 3694 "-" "Mozilla/5.0 (compatible; Googlebot/2.1; +http://www.google.com/bot.html)"
124.115.1.62 - - [04/Oct/2011:05:20:42 +0200] "GET / HTTP/1.1" 200 373 "-" "Mozilla/4.0 (compatible; MSIE 6.0; Windows NT 5.1)"
123.125.71.73 - - [04/Oct/2011:05:24:45 +0200] "GET / HTTP/1.1" 200 335 "-" "Mozilla/5.0 (compatible; Baiduspider/2.0; +http://www.baidu.com/search/spider.html)"
124.115.11.187 - - [04/Oct/2011:05:34:40 +0200] "GET / HTTP/1.1" 200 373 "-" "Mozilla/4.0 (compatible; MSIE 6.0; Windows NT 5.1)"
124.115.1.66 - - [04/Oct/2011:05:49:01 +0200] "GET / HTTP/1.1" 200 373 "-" "Mozilla/4.0 (compatible; MSIE 6.0; Windows NT 5.1)"
124.115.1.61 - - [04/Oct/2011:06:11:40 +0200] "GET / HTTP/1.1" 200 373 "-" "Mozilla/4.0 (compatible; MSIE 6.0; Windows NT 5.1)"
180.76.5.155 - - [04/Oct/2011:08:37:01 +0200] "GET /robots.txt HTTP/1.1" 404 466 "-" "Baiduspider+(+http://www.baidu.com/search/spider.htm)"
208.80.194.31 - - [04/Oct/2011:10:38:08 +0200] "GET / HTTP/1.0" 200 291 "-" "Mozilla/4.0 (compatible; MSIE 6.0; Windows NT 5.1; SV1; MathPlayer 2.0; .NET CLR 1.1.4322; InfoPath.2)"
130.161.34.130 - - [04/Oct/2011:12:32:32 +0200] "GET / HTTP/1.1" 200 373 "-" "Mozilla/5.0 (Windows NT 6.1; WOW64; rv:7.0.1) Gecko/20100101 Firefox/7.0.1"
130.161.34.130 - - [04/Oct/2011:12:32:32 +0200] "GET /favicon.ico HTTP/1.1" 404 503 "-" "Mozilla/5.0 (Windows NT 6.1; WOW64; rv:7.0.1) Gecko/20100101 Firefox/7.0.1"
130.161.34.130 - - [04/Oct/2011:12:32:32 +0200] "GET /favicon.ico HTTP/1.1" 404 503 "-" "Mozilla/5.0 (Windows NT 6.1; WOW64; rv:7.0.1) Gecko/20100101 Firefox/7.0.1"
130.161.34.130 - - [04/Oct/2011:12:32:32 +0200] "GET /favicon.ico HTTP/1.1" 404 503 "-" "Mozilla/5.0 (Windows NT 6.1; WOW64; rv:7.0.1) Gecko/20100101 Firefox/7.0.1"
130.161.34.130 - - [04/Oct/2011:12:34:53 +0200] "GET /favicon.ico HTTP/1.1" 404 504 "-" "Mozilla/5.0 (Windows NT 6.1; WOW64; rv:7.0.1) Gecko/20100101 Firefox/7.0.1"
66.249.72.243 - - [04/Oct/2011:16:34:08 +0200] "GET /robots.txt HTTP/1.1" 404 504 "-" "Mozilla/5.0 (compatible; Googlebot/2.1; +http://www.google.com/bot.html)"
66.249.72.243 - - [04/Oct/2011:16:34:09 +0200] "GET /~gerard/bcrs/index.php?option=com_content&view=category&id=13&Itemid=34 HTTP/1.1" 200 3404 "-" "Mozilla/5.0 (compatible; Googlebot/2.1; +http://www.google.com/bot.html)"
220.181.108.80 - - [04/Oct/2011:22:32:31 +0200] "GET / HTTP/1.1" 200 291 "-" "Mozilla/5.0 (compatible; Baiduspider/2.0; +http://www.baidu.com/search/spider.html)"
123.125.71.21 - - [04/Oct/2011:22:33:33 +0200] "GET / HTTP/1.1" 200 291 "-" "Mozilla/5.0 (compatible; Baiduspider/2.0; +http://www.baidu.com/search/spider.html)"
208.90.56.152 - - [04/Oct/2011:22:55:27 +0200] "GET / HTTP/1.1" 200 291 "-" "Mozilla/5.0 (Macintosh; Intel Mac OS X 10.6; rv:2.0.1) Gecko/20100101 Firefox/4.0.1"
193.252.118.176 - - [05/Oct/2011:01:11:23 +0200] "GET /robots.txt HTTP/1.1" 404 466 "-" "Mozilla/5.0 (Windows; U; Windows NT 5.1; fr; rv:1.8.1) VoilaBot BETA 1.2 (support.voilabot@orange-ftgroup.com)"
193.252.118.176 - - [05/Oct/2011:01:11:36 +0200] "GET / HTTP/1.1" 200 335 "-" "Mozilla/5.0 (Windows; U; Windows NT 5.1; fr; rv:1.8.1) VoilaBot BETA 1.2 (support.voilabot@orange-ftgroup.com)"
95.108.151.244 - - [05/Oct/2011:02:03:17 +0200] "GET /robots.txt HTTP/1.1" 404 528 "-" "Mozilla/5.0 (compatible; YandexBot/3.0; +http://yandex.com/bots)"
95.108.151.244 - - [05/Oct/2011:02:03:18 +0200] "GET / HTTP/1.1" 200 372 "-" "Mozilla/5.0 (compatible; YandexBot/3.0; +http://yandex.com/bots)"
95.108.151.244 - - [05/Oct/2011:02:03:19 +0200] "GET / HTTP/1.1" 200 372 "-" "Mozilla/5.0 (compatible; YandexBot/3.0; +http://yandex.com/bots)"
66.249.72.243 - - [05/Oct/2011:03:36:33 +0200] "GET /~gerard/bcrs/index.php?option=com_content&view=article&id=20&Itemid=33 HTTP/1.1" 200 3695 "-" "Mozilla/5.0 (compatible; Googlebot/2.1; +http://www.google.com/bot.html)"
66.249.72.243 - - [05/Oct/2011:03:36:46 +0200] "GET /~gerard/bcrs/index.php?option=com_content&view=category&id=19&layout=blog&Itemid=56 HTTP/1.1" 200 4196 "-" "Mozilla/5.0 (compatible; Googlebot/2.1; +http://www.google.com/bot.html)"
66.249.72.243 - - [05/Oct/2011:03:37:03 +0200] "GET /~gerard/bcrs/index.php?option=com_content&view=article&id=16&Itemid=41 HTTP/1.1" 200 2798 "-" "Mozilla/5.0 (compatible; Googlebot/2.1; +http://www.google.com/bot.html)"
124.115.10.193 - - [05/Oct/2011:03:53:13 +0200] "GET / HTTP/1.1" 200 373 "-" "Mozilla/4.0 (compatible; MSIE 6.0; Windows NT 5.1)"
124.115.1.61 - - [05/Oct/2011:04:10:03 +0200] "GET / HTTP/1.1" 200 373 "-" "Mozilla/4.0 (compatible; MSIE 6.0; Windows NT 5.1)"
66.249.72.243 - - [05/Oct/2011:04:13:24 +0200] "GET /~gerard/bcrs/index.php?option=com_content&view=article&id=18&Itemid=43 HTTP/1.1" 200 2683 "-" "Mozilla/5.0 (compatible; Googlebot/2.1; +http://www.google.com/bot.html)"
180.76.5.165 - - [05/Oct/2011:04:27:07 +0200] "GET /robots.txt HTTP/1.1" 404 466 "-" "Baiduspider+(+http://www.baidu.com/search/spider.htm)"
123.125.71.41 - - [05/Oct/2011:04:44:57 +0200] "GET / HTTP/1.1" 200 335 "-" "Mozilla/5.0 (compatible; Baiduspider/2.0; +http://www.baidu.com/search/spider.html)"
66.249.72.243 - - [05/Oct/2011:04:52:19 +0200] "GET /robots.txt HTTP/1.1" 404 504 "-" "Mozilla/5.0 (compatible; Googlebot/2.1; +http://www.google.com/bot.html)"
66.249.72.243 - - [05/Oct/2011:04:52:20 +0200] "GET /~gerard/bcrs/index.php?option=com_content&view=article&id=17&Itemid=40 HTTP/1.1" 200 2710 "-" "Mozilla/5.0 (compatible; Googlebot/2.1; +http://www.google.com/bot.html)"
66.249.72.243 - - [05/Oct/2011:04:54:05 +0200] "GET /~gerard/bcrs/index.php?option=com_content&view=article&id=81:spijkenisse-sport-sponsor-battle&catid=20:algemeen&Itemid=34 HTTP/1.1" 200 2845 "-" "Mozilla/5.0 (compatible; Googlebot/2.1; +http://www.google.com/bot.html)"
124.115.1.62 - - [05/Oct/2011:05:00:17 +0200] "GET / HTTP/1.1" 200 373 "-" "Mozilla/4.0 (compatible; MSIE 6.0; Windows NT 5.1)"
124.115.11.187 - - [05/Oct/2011:05:12:24 +0200] "GET / HTTP/1.1" 200 373 "-" "Mozilla/4.0 (compatible; MSIE 6.0; Windows NT 5.1)"
124.115.1.66 - - [05/Oct/2011:05:29:32 +0200] "GET / HTTP/1.1" 200 373 "-" "Mozilla/4.0 (compatible; MSIE 6.0; Windows NT 5.1)"
123.125.71.17 - - [05/Oct/2011:05:32:30 +0200] "GET / HTTP/1.1" 200 291 "-" "Mozilla/5.0 (compatible; Baiduspider/2.0; +http://www.baidu.com/search/spider.html)"
220.181.108.93 - - [05/Oct/2011:05:33:02 +0200] "GET / HTTP/1.1" 200 291 "-" "Mozilla/5.0 (compatible; Baiduspider/2.0; +http://www.baidu.com/search/spider.html)"
173.208.143.82 - - [05/Oct/2011:06:04:48 +0200] "HEAD / HTTP/1.1" 200 276 "-" "Mozilla/5.0 (X11; U; Linux i686; rv:1.8) Gecko/20060109 Firefox/1.5"
64.15.129.143 - - [05/Oct/2011:06:11:54 +0200] "GET / HTTP/1.1" 200 373 "-" "User-Agent=Mozilla/5.0 (Windows; U; Windows NT 5.1; en-US; rv:1.9.0.1) Gecko/2008070208 Firefox/3.0.1"
77.88.24.28 - - [05/Oct/2011:14:34:13 +0200] "GET /robots.txt HTTP/1.1" 404 529 "-" "Mozilla/5.0 (compatible; YandexBot/3.0; +http://yandex.com/bots)"
66.249.72.243 - - [05/Oct/2011:14:53:13 +0200] "GET /robots.txt HTTP/1.1" 404 504 "-" "Mozilla/5.0 (compatible; Googlebot/2.1; +http://www.google.com/bot.html)"
208.80.194.28 - - [05/Oct/2011:18:21:43 +0200] "GET / HTTP/1.0" 200 291 "-" "Mozilla/4.0 (compatible; MSIE 6.0; Windows NT 5.1; SV1; (R1 1.5); InfoPath.1; .NET CLR 1.1.4322; .NET CLR 2.0.50727; .NET CLR 3.0.04506.30)"
77.88.24.28 - - [06/Oct/2011:00:38:19 +0200] "GET / HTTP/1.1" 200 373 "-" "Mozilla/5.0 (compatible; YandexBot/3.0; +http://yandex.com/bots)"
114.80.93.71 - - [06/Oct/2011:01:40:29 +0200] "GET / HTTP/1.1" 200 373 "-" "Mozilla/4.0 (compatible; MSIE 6.0; Windows NT 5.1)"
180.76.5.103 - - [06/Oct/2011:02:55:11 +0200] "GET /robots.txt HTTP/1.1" 404 466 "-" "Baiduspider+(+http://www.baidu.com/search/spider.htm)"
124.115.10.193 - - [06/Oct/2011:03:55:04 +0200] "GET / HTTP/1.1" 200 373 "-" "Mozilla/4.0 (compatible; MSIE 6.0; Windows NT 5.1)"
124.115.1.61 - - [06/Oct/2011:03:56:41 +0200] "GET / HTTP/1.1" 200 373 "-" "Mozilla/4.0 (compatible; MSIE 6.0; Windows NT 5.1)"
66.249.72.243 - - [06/Oct/2011:03:59:12 +0200] "GET /robots.txt HTTP/1.1" 404 504 "-" "Mozilla/5.0 (compatible; Googlebot/2.1; +http://www.google.com/bot.html)"
66.249.72.243 - - [06/Oct/2011:03:59:12 +0200] "GET /~gerard/bcrs/index.php?option=com_content&view=category&id=13:bestuur&Itemid=34&layout=default HTTP/1.1" 200 3421 "-" "Mozilla/5.0 (compatible; Googlebot/2.1; +http://www.google.com/bot.html)"
124.115.11.187 - - [06/Oct/2011:04:05:53 +0200] "GET / HTTP/1.1" 200 373 "-" "Mozilla/4.0 (compatible; MSIE 6.0; Windows NT 5.1)"
124.115.1.62 - - [06/Oct/2011:04:09:31 +0200] "GET / HTTP/1.1" 200 373 "-" "Mozilla/4.0 (compatible; MSIE 6.0; Windows NT 5.1)"
124.115.1.66 - - [06/Oct/2011:04:11:30 +0200] "GET / HTTP/1.1" 200 373 "-" "Mozilla/4.0 (compatible; MSIE 6.0; Windows NT 5.1)"
123.125.71.80 - - [06/Oct/2011:12:24:09 +0200] "GET /robots.txt HTTP/1.1" 404 466 "-" "Baiduspider+(+http://www.baidu.com/search/spider.htm)"
123.125.71.89 - - [06/Oct/2011:14:32:24 +0200] "GET / HTTP/1.1" 200 335 "-" "Mozilla/5.0 (compatible; Baiduspider/2.0; +http://www.baidu.com/search/spider.html)"
208.80.194.34 - - [07/Oct/2011:02:07:17 +0200] "GET / HTTP/1.0" 200 291 "-" "Mozilla/4.0 (compatible; MSIE 7.0; Windows NT 5.1; AtHome021SI; .NET CLR 1.1.4322)"
124.115.1.66 - - [07/Oct/2011:02:39:10 +0200] "GET / HTTP/1.1" 200 373 "-" "Mozilla/4.0 (compatible; MSIE 6.0; Windows NT 5.1)"
124.115.10.193 - - [07/Oct/2011:02:39:48 +0200] "GET / HTTP/1.1" 200 373 "-" "Mozilla/4.0 (compatible; MSIE 6.0; Windows NT 5.1)"
124.115.1.62 - - [07/Oct/2011:02:43:04 +0200] "GET / HTTP/1.1" 200 373 "-" "Mozilla/4.0 (compatible; MSIE 6.0; Windows NT 5.1)"
124.115.1.61 - - [07/Oct/2011:02:43:19 +0200] "GET / HTTP/1.1" 200 373 "-" "Mozilla/4.0 (compatible; MSIE 6.0; Windows NT 5.1)"
124.115.11.187 - - [07/Oct/2011:02:45:38 +0200] "GET / HTTP/1.1" 200 373 "-" "Mozilla/4.0 (compatible; MSIE 6.0; Windows NT 5.1)"
180.76.5.163 - - [07/Oct/2011:04:55:14 +0200] "GET /robots.txt HTTP/1.1" 404 466 "-" "Baiduspider+(+http://www.baidu.com/search/spider.htm)"
66.74.193.43 - - [07/Oct/2011:08:00:30 +0200] "GET / HTTP/1.1" 200 329 "-" "Mozilla/5.0 (Windows; U; Windows NT 6.1; en-US) AppleWebKit/532.5 (KHTML, like Gecko) Chrome/4.1.249.1064 Safari/532.5"
66.249.71.1 - - [07/Oct/2011:12:07:59 +0200] "GET /robots.txt HTTP/1.1" 404 504 "-" "Mozilla/5.0 (compatible; Googlebot/2.1; +http://www.google.com/bot.html)"
66.249.71.1 - - [07/Oct/2011:12:08:00 +0200] "GET /~roel/gdb.bt.txt HTTP/1.1" 404 509 "-" "Mozilla/5.0 (compatible; Googlebot/2.1; +http://www.google.com/bot.html)"
123.125.71.75 - - [07/Oct/2011:13:09:02 +0200] "GET /robots.txt HTTP/1.1" 404 466 "-" "Baiduspider+(+http://www.baidu.com/search/spider.htm)"
66.249.71.1 - - [07/Oct/2011:14:17:38 +0200] "GET /~gerard/bcrs/index.php?option=com_content&view=article&id=27&Itemid=51 HTTP/1.1" 200 3212 "-" "Mozilla/5.0 (compatible; Googlebot/2.1; +http://www.google.com/bot.html)"
66.249.72.205 - - [07/Oct/2011:17:36:13 +0200] "GET /robots.txt HTTP/1.1" 404 504 "-" "Mozilla/5.0 (compatible; Googlebot/2.1; +http://www.google.com/bot.html)"
66.249.72.205 - - [07/Oct/2011:17:36:13 +0200] "GET /~gerard/bcrs/index.php?option=com_content&view=article&id=9&Itemid=31 HTTP/1.1" 200 3514 "-" "Mozilla/5.0 (compatible; Googlebot/2.1; +http://www.google.com/bot.html)"
66.249.72.205 - - [07/Oct/2011:17:40:15 +0200] "GET /~gerard/bcrs/index.php?option=com_content&view=article&id=20&Itemid=33 HTTP/1.1" 200 3695 "-" "Mozilla/5.0 (compatible; Googlebot/2.1; +http://www.google.com/bot.html)"
66.249.72.205 - - [07/Oct/2011:17:50:23 +0200] "GET /~gerard/bcrs/index.php?option=com_content&view=article&id=6&Itemid=30 HTTP/1.1" 200 3313 "-" "Mozilla/5.0 (compatible; Googlebot/2.1; +http://www.google.com/bot.html)"
66.249.72.205 - - [07/Oct/2011:18:20:47 +0200] "GET /~gerard/bcrs/index.php?option=com_content&view=article&id=24&Itemid=49 HTTP/1.1" 200 2956 "-" "Mozilla/5.0 (compatible; Googlebot/2.1; +http://www.google.com/bot.html)"
66.249.72.205 - - [07/Oct/2011:18:26:52 +0200] "GET /~gerard/bcrs/index.php?option=com_content&view=article&id=13&Itemid=29 HTTP/1.1" 200 2686 "-" "Mozilla/5.0 (compatible; Googlebot/2.1; +http://www.google.com/bot.html)"
66.249.72.205 - - [07/Oct/2011:19:31:26 +0200] "GET /~gerard/bcrs/index.php?option=com_content&view=section&layout=blog&id=1&Itemid=3 HTTP/1.1" 200 4800 "-" "Mozilla/5.0 (compatible; Googlebot/2.1; +http://www.google.com/bot.html)"
66.249.72.205 - - [07/Oct/2011:20:24:10 +0200] "GET /~gerard/bcrs/index.php?option=com_content&view=article&id=22&Itemid=47 HTTP/1.1" 200 3814 "-" "Mozilla/5.0 (compatible; Googlebot/2.1; +http://www.google.com/bot.html)"
66.249.72.205 - - [07/Oct/2011:20:38:23 +0200] "GET /~gerard/bcrs/index.php?option=com_content&view=section&layout=blog&id=1&Itemid=3&limitstart=12 HTTP/1.1" 200 3426 "-" "Mozilla/5.0 (compatible; Googlebot/2.1; +http://www.google.com/bot.html)"
66.249.72.205 - - [07/Oct/2011:20:52:35 +0200] "GET /~gerard/bcrs/index.php?option=com_content&view=section&layout=blog&id=1&Itemid=3&limitstart=24 HTTP/1.1" 200 4620 "-" "Mozilla/5.0 (compatible; Googlebot/2.1; +http://www.google.com/bot.html)"
66.249.72.205 - - [07/Oct/2011:21:22:55 +0200] "GET /~gerard/bcrs/index.php?option=com_content&view=section&layout=blog&id=1&Itemid=3&limitstart=16 HTTP/1.1" 200 3936 "-" "Mozilla/5.0 (compatible; Googlebot/2.1; +http://www.google.com/bot.html)"
66.249.72.205 - - [07/Oct/2011:21:29:00 +0200] "GET /~gerard/bcrs/index.php?option=com_content&view=article&id=56:jeugdkamp-2011&catid=19:mededelingen-jeugdcommissie&Itemid=56 HTTP/1.1" 200 2687 "-" "Mozilla/5.0 (compatible; Googlebot/2.1; +http://www.google.com/bot.html)"
123.125.71.13 - - [07/Oct/2011:22:38:43 +0200] "GET / HTTP/1.1" 200 291 "-" "Mozilla/5.0 (compatible; Baiduspider/2.0; +http://www.baidu.com/search/spider.html)"
220.181.108.78 - - [07/Oct/2011:22:39:30 +0200] "GET / HTTP/1.1" 200 291 "-" "Mozilla/5.0 (compatible; Baiduspider/2.0; +http://www.baidu.com/search/spider.html)"
66.249.72.205 - - [07/Oct/2011:22:40:06 +0200] "GET /~gerard/bcrs/index.php?option=com_content&view=article&id=87:laatste-jeugdtraining&catid=6:jeugd&Itemid=34 HTTP/1.1" 200 2693 "-" "Mozilla/5.0 (compatible; Googlebot/2.1; +http://www.google.com/bot.html)"
66.249.72.205 - - [07/Oct/2011:22:41:40 +0200] "GET /~gerard/bcrs/index.php?option=com_content&view=section&layout=blog&id=1&Itemid=3&limitstart=56 HTTP/1.1" 200 3821 "-" "Mozilla/5.0 (compatible; Googlebot/2.1; +http://www.google.com/bot.html)"
193.252.118.176 - - [08/Oct/2011:00:12:08 +0200] "GET / HTTP/1.1" 200 335 "-" "Mozilla/5.0 (Windows; U; Windows NT 5.1; fr; rv:1.8.1) VoilaBot BETA 1.2 (support.voilabot@orange-ftgroup.com)"
69.58.178.56 - - [08/Oct/2011:01:57:36 +0200] "GET /robots.txt HTTP/1.1" 404 472 "-" "BlackBerry9000/4.6.0.167 Profile/MIDP-2.0 Configuration/CLDC-1.1 VendorID/102 ips-agent"
69.58.178.56 - - [08/Oct/2011:01:58:21 +0200] "GET / HTTP/1.1" 200 298 "-" "Mozilla/5.0 (X11; U; Linux i686; en-US; rv:1.9.2.22; ips-agent) Gecko/20110905 Ubuntu/10.04 (lucid) Firefox/6.0.2"
124.115.11.187 - - [08/Oct/2011:03:07:50 +0200] "GET / HTTP/1.1" 200 373 "-" "Mozilla/4.0 (compatible; MSIE 6.0; Windows NT 5.1)"
124.115.1.61 - - [08/Oct/2011:04:06:19 +0200] "GET / HTTP/1.1" 200 373 "-" "Mozilla/4.0 (compatible; MSIE 6.0; Windows NT 5.1)"
124.115.1.66 - - [08/Oct/2011:04:18:15 +0200] "GET / HTTP/1.1" 200 373 "-" "Mozilla/4.0 (compatible; MSIE 6.0; Windows NT 5.1)"
123.125.71.15 - - [08/Oct/2011:04:30:10 +0200] "GET / HTTP/1.1" 200 335 "-" "Mozilla/5.0 (compatible; Baiduspider/2.0; +http://www.baidu.com/search/spider.html)"
124.115.10.193 - - [08/Oct/2011:05:05:43 +0200] "GET / HTTP/1.1" 200 373 "-" "Mozilla/4.0 (compatible; MSIE 6.0; Windows NT 5.1)"
124.115.1.62 - - [08/Oct/2011:05:33:28 +0200] "GET / HTTP/1.1" 200 373 "-" "Mozilla/4.0 (compatible; MSIE 6.0; Windows NT 5.1)"
208.80.194.26 - - [08/Oct/2011:09:18:05 +0200] "GET / HTTP/1.0" 200 291 "-" "Mozilla/4.0 (compatible; MSIE 6.0; Windows 98; Win 9x 4.90; ESB{4328F414-B0A8-49E4-8423-8FF05172AB7B}; .NET CLR 1.1.4322)"
180.76.5.62 - - [08/Oct/2011:15:11:17 +0200] "GET /robots.txt HTTP/1.1" 404 466 "-" "Baiduspider+(+http://www.baidu.com/search/spider.htm)"
180.76.5.51 - - [09/Oct/2011:01:59:29 +0200] "GET /robots.txt HTTP/1.1" 404 466 "-" "Baiduspider+(+http://www.baidu.com/search/spider.htm)"
124.115.11.187 - - [09/Oct/2011:03:10:46 +0200] "GET / HTTP/1.1" 200 373 "-" "Mozilla/4.0 (compatible; MSIE 6.0; Windows NT 5.1)"
124.115.1.66 - - [09/Oct/2011:03:21:10 +0200] "GET / HTTP/1.1" 200 373 "-" "Mozilla/4.0 (compatible; MSIE 6.0; Windows NT 5.1)"
124.115.1.62 - - [09/Oct/2011:03:29:02 +0200] "GET / HTTP/1.1" 200 373 "-" "Mozilla/4.0 (compatible; MSIE 6.0; Windows NT 5.1)"
124.115.10.193 - - [09/Oct/2011:04:14:03 +0200] "GET / HTTP/1.1" 200 373 "-" "Mozilla/4.0 (compatible; MSIE 6.0; Windows NT 5.1)"
124.115.1.61 - - [09/Oct/2011:04:21:33 +0200] "GET / HTTP/1.1" 200 373 "-" "Mozilla/4.0 (compatible; MSIE 6.0; Windows NT 5.1)"
123.125.71.101 - - [09/Oct/2011:04:53:54 +0200] "GET / HTTP/1.1" 200 335 "-" "Mozilla/5.0 (compatible; Baiduspider/2.0; +http://www.baidu.com/search/spider.html)"
66.249.72.205 - - [09/Oct/2011:08:44:50 +0200] "GET /robots.txt HTTP/1.1" 404 504 "-" "Mozilla/5.0 (compatible; Googlebot/2.1; +http://www.google.com/bot.html)"
66.249.72.205 - - [09/Oct/2011:08:44:50 +0200] "GET / HTTP/1.1" 304 210 "-" "Mozilla/5.0 (compatible; Googlebot/2.1; +http://www.google.com/bot.html)"
66.249.72.205 - - [09/Oct/2011:11:00:05 +0200] "GET /~gerard/bcrs/index.php?option=com_content&view=article&id=70&Itemid=59 HTTP/1.1" 200 2873 "-" "Mozilla/5.0 (compatible; Googlebot/2.1; +http://www.google.com/bot.html)"
66.249.72.205 - - [09/Oct/2011:12:31:33 +0200] "GET /~gerard/bcrs/index.php?option=com_content&view=article&id=21&Itemid=44 HTTP/1.1" 200 2943 "-" "Mozilla/5.0 (compatible; Googlebot/2.1; +http://www.google.com/bot.html)"
66.249.72.205 - - [09/Oct/2011:12:55:04 +0200] "GET /~gerard/bcrs/index.php?option=com_content&view=category&layout=blog&id=19&Itemid=56 HTTP/1.1" 200 4191 "-" "Mozilla/5.0 (compatible; Googlebot/2.1; +http://www.google.com/bot.html)"
66.249.72.205 - - [09/Oct/2011:14:22:04 +0200] "GET /~gerard/bcrs/index.php?option=com_content&view=article&id=27&Itemid=51 HTTP/1.1" 200 3211 "-" "Mozilla/5.0 (compatible; Googlebot/2.1; +http://www.google.com/bot.html)"
66.249.72.205 - - [09/Oct/2011:14:33:50 +0200] "GET /~gerard/bcrs/index.php?option=com_content&view=article&id=28&Itemid=52 HTTP/1.1" 200 2815 "-" "Mozilla/5.0 (compatible; Googlebot/2.1; +http://www.google.com/bot.html)"
208.80.194.29 - - [09/Oct/2011:17:05:12 +0200] "GET / HTTP/1.0" 200 291 "-" "Mozilla/4.0 (compatible; MSIE 6.0; Windows NT 5.1; SV1; Hotbar 4.5.1.0; .NET CLR 1.1.4322)"
66.249.72.205 - - [09/Oct/2011:17:13:33 +0200] "GET /~gerard/bcrs/index.php?option=com_content&view=section&id=1&Itemid=34 HTTP/1.1" 200 2866 "-" "Mozilla/5.0 (compatible; Googlebot/2.1; +http://www.google.com/bot.html)"
66.249.72.205 - - [09/Oct/2011:17:27:41 +0200] "GET /~gerard/bcrs/index.php?option=com_content&view=article&id=25&Itemid=50 HTTP/1.1" 200 2939 "-" "Mozilla/5.0 (compatible; Googlebot/2.1; +http://www.google.com/bot.html)"
66.249.72.205 - - [09/Oct/2011:17:39:28 +0200] "GET /~gerard/bcrs/index.php?option=com_content&view=article&id=30&Itemid=53 HTTP/1.1" 200 2673 "-" "Mozilla/5.0 (compatible; Googlebot/2.1; +http://www.google.com/bot.html)"
66.249.72.205 - - [09/Oct/2011:18:21:50 +0200] "GET /~gerard/bcrs/index.php?option=com_content&view=article&id=19&Itemid=42 HTTP/1.1" 200 2905 "-" "Mozilla/5.0 (compatible; Googlebot/2.1; +http://www.google.com/bot.html)"
66.249.72.205 - - [09/Oct/2011:18:40:09 +0200] "GET /~gerard/bcrs/index.php?option=com_content&view=article&id=15&Itemid=39 HTTP/1.1" 200 2854 "-" "Mozilla/5.0 (compatible; Googlebot/2.1; +http://www.google.com/bot.html)"
66.249.72.205 - - [09/Oct/2011:18:49:03 +0200] "GET /~gerard/bcrs/index.php?option=com_content&view=article&id=81:spijkenisse-sport-sponsor-battle&catid=20:algemeen&Itemid=34 HTTP/1.1" 200 2845 "-" "Mozilla/5.0 (compatible; Googlebot/2.1; +http://www.google.com/bot.html)"
66.249.72.205 - - [09/Oct/2011:19:07:16 +0200] "GET /~gerard/bcrs/index.php?option=com_content&view=section&layout=blog&id=1&Itemid=3&limitstart=64 HTTP/1.1" 200 3538 "-" "Mozilla/5.0 (compatible; Googlebot/2.1; +http://www.google.com/bot.html)"
66.249.72.205 - - [09/Oct/2011:19:13:36 +0200] "GET /~gerard/bcrs/index.php?option=com_content&view=article&id=83:bcrs-wint-wisselbeker-unicum-jeugdtoernooi&catid=19:mededelingen-jeugdcommissie&Itemid=56 HTTP/1.1" 200 2635 "-" "Mozilla/5.0 (compatible; Googlebot/2.1; +http://www.google.com/bot.html)"
220.181.51.111 - - [10/Oct/2011:00:37:32 +0200] "GET / HTTP/1.1" 200 335 "-" "Mozilla/5.0 (Windows NT 5.1; rv:6.0.2) Gecko/20100101 Firefox/6.0.2"
