123.125.71.91 - - [09/Jan/2012:23:19:13 +0100] "GET /robots.txt HTTP/1.1" 404 466 "-" "Baiduspider+(+http://www.baidu.com/search/spider.htm)"
66.249.72.138 - - [10/Jan/2012:00:12:35 +0100] "GET /robots.txt HTTP/1.1" 404 504 "-" "Mozilla/5.0 (compatible; Googlebot/2.1; +http://www.google.com/bot.html)"
66.249.72.138 - - [10/Jan/2012:00:12:35 +0100] "GET /~gerard/bcrs/index.php?option=com_content&view=section&layout=blog&id=1&Itemid=3&limitstart=56 HTTP/1.1" 200 4009 "-" "Mozilla/5.0 (compatible; Googlebot/2.1; +http://www.google.com/bot.html)"
124.115.1.62 - - [10/Jan/2012:05:02:19 +0100] "GET / HTTP/1.1" 200 373 "-" "Mozilla/4.0 (compatible; MSIE 6.0; Windows NT 5.1)"
124.115.11.187 - - [10/Jan/2012:05:16:10 +0100] "GET / HTTP/1.1" 200 373 "-" "Mozilla/4.0 (compatible; MSIE 6.0; Windows NT 5.1)"
124.115.1.66 - - [10/Jan/2012:05:16:11 +0100] "GET / HTTP/1.1" 200 373 "-" "Mozilla/4.0 (compatible; MSIE 6.0; Windows NT 5.1)"
124.115.1.61 - - [10/Jan/2012:05:29:51 +0100] "GET / HTTP/1.1" 200 373 "-" "Mozilla/4.0 (compatible; MSIE 6.0; Windows NT 5.1)"
66.249.72.138 - - [10/Jan/2012:08:36:34 +0100] "GET /robots.txt HTTP/1.1" 404 504 "-" "Mozilla/5.0 (compatible; Googlebot/2.1; +http://www.google.com/bot.html)"
66.249.72.138 - - [10/Jan/2012:08:36:34 +0100] "GET /~gerard/bcrs/index.php?option=com_content&view=category&id=19&layout=blog&Itemid=56&limitstart=15 HTTP/1.1" 200 3753 "-" "Mozilla/5.0 (compatible; Googlebot/2.1; +http://www.google.com/bot.html)"
124.115.6.10 - - [10/Jan/2012:08:52:06 +0100] "GET /robots.txt HTTP/1.1" 404 504 "-" "Sosospider+(+http://help.soso.com/webspider.htm)"
66.249.72.138 - - [10/Jan/2012:10:44:39 +0100] "GET /~gerard/bcrs/index.php?option=com_content&view=article&id=12&Itemid=63 HTTP/1.1" 200 3561 "-" "Mozilla/5.0 (compatible; Googlebot/2.1; +http://www.google.com/bot.html)"
66.249.72.138 - - [10/Jan/2012:13:24:55 +0100] "GET /~gerard/bcrs/index.php?option=com_content&view=article&id=9&Itemid=31 HTTP/1.1" 200 3516 "-" "Mozilla/5.0 (compatible; Googlebot/2.1; +http://www.google.com/bot.html)"
123.125.71.24 - - [10/Jan/2012:15:05:57 +0100] "GET / HTTP/1.1" 200 335 "-" "Mozilla/5.0 (compatible; Baiduspider/2.0; +http://www.baidu.com/search/spider.html)"
66.249.72.138 - - [10/Jan/2012:16:07:55 +0100] "GET /~gerard/bcrs/index.php?option=com_content&view=category&layout=blog&id=19&Itemid=56&limitstart=15 HTTP/1.1" 200 3750 "-" "Mozilla/5.0 (compatible; Googlebot/2.1; +http://www.google.com/bot.html)"
208.80.194.35 - - [10/Jan/2012:17:31:10 +0100] "GET / HTTP/1.0" 200 291 "-" "Mozilla/4.0 (compatible; MSIE 6.0; AOL 9.0; Windows NT 5.1; SV1; .NET CLR 1.0.3705; .NET CLR 1.1.4322; Media Center PC 4.0; MEGAUPLOAD 1.0; HbTools 4.8.4)"
114.80.93.71 - - [10/Jan/2012:22:49:28 +0100] "GET / HTTP/1.1" 200 373 "-" "Mozilla/4.0 (compatible; MSIE 6.0; Windows NT 5.1)"
78.46.73.230 - - [11/Jan/2012:02:13:17 +0100] "GET /robots.txt HTTP/1.1" 404 472 "" "Mozilla/5.0 (compatible; en-US; ReverseGet/1.0; ; robot@reverseget.com)"
78.46.71.147 - - [11/Jan/2012:02:20:50 +0100] "GET /robots.txt HTTP/1.1" 404 472 "" "Mozilla/5.0 (compatible; en-US; ReverseGet/1.0; http://reverseget.com/; robot@reverseget.com)"
78.46.71.147 - - [11/Jan/2012:02:20:50 +0100] "GET / HTTP/1.1" 200 298 "" "Mozilla/5.0 (compatible; en-US; ReverseGet/1.0; http://reverseget.com/; robot@reverseget.com)"
124.115.11.187 - - [11/Jan/2012:03:26:12 +0100] "GET / HTTP/1.1" 200 373 "-" "Mozilla/4.0 (compatible; MSIE 6.0; Windows NT 5.1)"
124.115.1.62 - - [11/Jan/2012:03:30:34 +0100] "GET / HTTP/1.1" 200 373 "-" "Mozilla/4.0 (compatible; MSIE 6.0; Windows NT 5.1)"
124.115.1.61 - - [11/Jan/2012:03:37:31 +0100] "GET / HTTP/1.1" 200 373 "-" "Mozilla/4.0 (compatible; MSIE 6.0; Windows NT 5.1)"
124.115.1.66 - - [11/Jan/2012:03:53:28 +0100] "GET / HTTP/1.1" 200 373 "-" "Mozilla/4.0 (compatible; MSIE 6.0; Windows NT 5.1)"
124.115.6.10 - - [11/Jan/2012:10:56:13 +0100] "GET /robots.txt HTTP/1.1" 404 504 "-" "Sosospider+(+http://help.soso.com/webspider.htm)"
38.100.21.16 - - [11/Jan/2012:23:15:36 +0100] "GET / HTTP/1.1" 200 329 "-" "Mozilla/4.0 (compatible; MSIE 7.0; Windows NT 5.2)"
66.249.72.138 - - [11/Jan/2012:23:38:11 +0100] "GET /robots.txt HTTP/1.1" 404 504 "-" "Mozilla/5.0 (compatible; Googlebot/2.1; +http://www.google.com/bot.html)"
66.249.72.138 - - [11/Jan/2012:23:38:11 +0100] "GET /~gerard/bcrs/index.php?option=com_content&view=section&layout=blog&id=1&Itemid=3&limitstart=44 HTTP/1.1" 200 4775 "-" "Mozilla/5.0 (compatible; Googlebot/2.1; +http://www.google.com/bot.html)"
62.141.223.105 - - [12/Jan/2012:00:33:07 +0100] "GET /torrentflux/downloads/chanti/Simcity%204%20Deluxe%20Edition%20Serial%20Nocd%20Crack%20Sim%20City.rar HTTP/1.1" 404 603 "http://www.deinon.net/torrentflux/downloads/chanti" "Mozilla/4.0 (compatible; MSIE 6.0; Windows NT 5.1; SV1)"
193.252.118.176 - - [12/Jan/2012:00:45:17 +0100] "GET / HTTP/1.1" 200 335 "-" "Mozilla/5.0 (Windows; U; Windows NT 5.1; fr; rv:1.8.1) VoilaBot BETA 1.2 (support.voilabot@orange-ftgroup.com)"
62.141.207.151 - - [12/Jan/2012:00:57:18 +0100] "GET /torrentflux/downloads/chanti/Simcity%204%20Deluxe%20Edition%20Serial%20Nocd%20Crack%20Sim%20City.rar HTTP/1.1" 404 603 "http://www.deinon.net/torrentflux/downloads/chanti" "Mozilla/4.0 (compatible; MSIE 6.0; Windows NT 5.1; SV1)"
124.115.11.187 - - [12/Jan/2012:03:41:05 +0100] "GET / HTTP/1.1" 200 373 "-" "Mozilla/4.0 (compatible; MSIE 6.0; Windows NT 5.1)"
124.115.1.61 - - [12/Jan/2012:03:48:27 +0100] "GET / HTTP/1.1" 200 373 "-" "Mozilla/4.0 (compatible; MSIE 6.0; Windows NT 5.1)"
124.115.1.66 - - [12/Jan/2012:04:17:43 +0100] "GET / HTTP/1.1" 200 373 "-" "Mozilla/4.0 (compatible; MSIE 6.0; Windows NT 5.1)"
124.115.1.62 - - [12/Jan/2012:04:43:33 +0100] "GET / HTTP/1.1" 200 373 "-" "Mozilla/4.0 (compatible; MSIE 6.0; Windows NT 5.1)"
208.80.194.27 - - [12/Jan/2012:05:55:09 +0100] "GET / HTTP/1.0" 200 291 "-" "Mozilla/4.0 (compatible; MSIE 7.0; Windows NT 5.1; {51F8E5D6-D449-421F-BF01-FD43E02BD1F3}; .NET CLR 1.1.4322)"
77.75.77.11 - - [12/Jan/2012:06:06:45 +0100] "GET /robots.txt HTTP/1.1" 404 504 "-" "SeznamBot/3.0 (+http://fulltext.sblog.cz/)"
77.75.77.11 - - [12/Jan/2012:06:06:46 +0100] "GET / HTTP/1.1" 200 372 "-" "SeznamBot/3.0 (+http://fulltext.sblog.cz/)"
123.125.71.69 - - [12/Jan/2012:07:07:04 +0100] "GET / HTTP/1.1" 200 335 "-" "Mozilla/5.0 (compatible; Baiduspider/2.0; +http://www.baidu.com/search/spider.html)"
114.80.93.71 - - [12/Jan/2012:12:39:40 +0100] "GET / HTTP/1.1" 200 373 "-" "Mozilla/4.0 (compatible; MSIE 6.0; Windows NT 5.1)"
124.115.6.10 - - [12/Jan/2012:13:03:41 +0100] "GET /robots.txt HTTP/1.1" 404 504 "-" "Sosospider+(+http://help.soso.com/webspider.htm)"
114.80.93.71 - - [12/Jan/2012:23:09:08 +0100] "GET / HTTP/1.1" 200 373 "-" "Mozilla/4.0 (compatible; MSIE 6.0; Windows NT 5.1)"
66.249.72.161 - - [13/Jan/2012:02:08:40 +0100] "GET /robots.txt HTTP/1.1" 404 504 "-" "Mozilla/5.0 (compatible; Googlebot/2.1; +http://www.google.com/bot.html)"
66.249.72.161 - - [13/Jan/2012:02:08:40 +0100] "GET /~gerard/bcrs/index.php?option=com_content&view=article&id=54:bcrs-jx-toernooi-in-de-krant&catid=19:mededelingen-jeugdcommissie&Itemid=56 HTTP/1.1" 200 2667 "-" "Mozilla/5.0 (compatible; Googlebot/2.1; +http://www.google.com/bot.html)"
66.249.72.161 - - [13/Jan/2012:02:09:49 +0100] "GET /~gerard/bcrs/index.php?option=com_content&view=article&id=96:informatie-bardiensten-&catid=12:kantine&Itemid=34 HTTP/1.1" 200 3023 "-" "Mozilla/5.0 (compatible; Googlebot/2.1; +http://www.google.com/bot.html)"
66.249.72.161 - - [13/Jan/2012:02:09:55 +0100] "GET /~gerard/bcrs/index.php?option=com_content&view=category&id=6:jeugd&Itemid=34&layout=default HTTP/1.1" 200 3584 "-" "Mozilla/5.0 (compatible; Googlebot/2.1; +http://www.google.com/bot.html)"
124.115.1.62 - - [13/Jan/2012:04:27:18 +0100] "GET / HTTP/1.1" 200 373 "-" "Mozilla/4.0 (compatible; MSIE 6.0; Windows NT 5.1)"
124.115.1.61 - - [13/Jan/2012:04:35:27 +0100] "GET / HTTP/1.1" 200 373 "-" "Mozilla/4.0 (compatible; MSIE 6.0; Windows NT 5.1)"
124.115.11.187 - - [13/Jan/2012:04:37:01 +0100] "GET / HTTP/1.1" 200 373 "-" "Mozilla/4.0 (compatible; MSIE 6.0; Windows NT 5.1)"
124.115.1.66 - - [13/Jan/2012:05:00:52 +0100] "GET / HTTP/1.1" 200 373 "-" "Mozilla/4.0 (compatible; MSIE 6.0; Windows NT 5.1)"
220.181.51.107 - - [13/Jan/2012:07:44:34 +0100] "GET / HTTP/1.1" 200 335 "-" "Mozilla/5.0 (Windows NT 5.1; rv:6.0.2) Gecko/20100101 Firefox/6.0.2"
66.249.72.161 - - [13/Jan/2012:10:12:46 +0100] "GET /robots.txt HTTP/1.1" 404 504 "-" "Mozilla/5.0 (compatible; Googlebot/2.1; +http://www.google.com/bot.html)"
66.249.72.161 - - [13/Jan/2012:10:12:46 +0100] "GET /~gerard/bcrs/index.php?option=com_content&view=article&id=30&Itemid=53 HTTP/1.1" 200 2672 "-" "Mozilla/5.0 (compatible; Googlebot/2.1; +http://www.google.com/bot.html)"
123.125.71.77 - - [13/Jan/2012:13:49:23 +0100] "GET /robots.txt HTTP/1.1" 404 466 "-" "Baiduspider+(+http://www.baidu.com/search/spider.htm)"
208.80.194.34 - - [13/Jan/2012:14:13:42 +0100] "GET / HTTP/1.0" 200 291 "-" "Mozilla/4.0 (compatible; MSIE 6.0; Windows NT 5.1; {F7F379D8-B48C-40D8-86F1-F47DCE39EA88}; SV1; .NET CLR 1.0.3705)"
124.115.6.10 - - [13/Jan/2012:15:09:37 +0100] "GET /robots.txt HTTP/1.1" 404 504 "-" "Sosospider+(+http://help.soso.com/webspider.htm)"
77.75.77.17 - - [13/Jan/2012:19:37:01 +0100] "GET /robots.txt HTTP/1.1" 404 504 "-" "SeznamBot/3.0 (+http://fulltext.sblog.cz/)"
77.75.77.17 - - [13/Jan/2012:19:37:02 +0100] "GET / HTTP/1.1" 200 372 "-" "SeznamBot/3.0 (+http://fulltext.sblog.cz/)"
66.249.72.161 - - [13/Jan/2012:22:23:40 +0100] "GET /robots.txt HTTP/1.1" 404 504 "-" "Mozilla/5.0 (compatible; Googlebot/2.1; +http://www.google.com/bot.html)"
66.249.72.161 - - [13/Jan/2012:22:23:41 +0100] "GET /~gerard/bcrs/index.php?option=com_content&view=article&id=100:goede-toernooiprestaties-jeugd-bcrs&catid=19:mededelingen-jeugdcommissie&Itemid=56 HTTP/1.1" 200 2969 "-" "Mozilla/5.0 (compatible; Googlebot/2.1; +http://www.google.com/bot.html)"
208.115.113.84 - - [14/Jan/2012:01:42:06 +0100] "GET /robots.txt HTTP/1.1" 404 472 "-" "Mozilla/5.0 (compatible; Ezooms/1.0; ezooms.bot@gmail.com)"
208.115.113.84 - - [14/Jan/2012:02:07:33 +0100] "GET / HTTP/1.1" 200 298 "-" "Mozilla/5.0 (compatible; Ezooms/1.0; ezooms.bot@gmail.com)"
66.249.72.161 - - [14/Jan/2012:02:20:50 +0100] "GET /~gerard/bcrs/index.php?option=com_content&view=category&id=19&layout=blog&Itemid=56&limitstart=30 HTTP/1.1" 200 2958 "-" "Mozilla/5.0 (compatible; Googlebot/2.1; +http://www.google.com/bot.html)"
124.115.11.187 - - [14/Jan/2012:04:03:22 +0100] "GET / HTTP/1.1" 200 373 "-" "Mozilla/4.0 (compatible; MSIE 6.0; Windows NT 5.1)"
124.115.1.61 - - [14/Jan/2012:04:06:19 +0100] "GET / HTTP/1.1" 200 373 "-" "Mozilla/4.0 (compatible; MSIE 6.0; Windows NT 5.1)"
124.115.1.66 - - [14/Jan/2012:04:19:48 +0100] "GET / HTTP/1.1" 200 373 "-" "Mozilla/4.0 (compatible; MSIE 6.0; Windows NT 5.1)"
124.115.1.62 - - [14/Jan/2012:05:17:45 +0100] "GET / HTTP/1.1" 200 373 "-" "Mozilla/4.0 (compatible; MSIE 6.0; Windows NT 5.1)"
66.249.72.161 - - [14/Jan/2012:13:03:01 +0100] "GET /robots.txt HTTP/1.1" 404 504 "-" "Mozilla/5.0 (compatible; Googlebot/2.1; +http://www.google.com/bot.html)"
66.249.72.161 - - [14/Jan/2012:13:03:01 +0100] "GET /~gerard/bcrs/index.php?option=com_content&view=article&id=21&catid=17&Itemid=44 HTTP/1.1" 200 2942 "-" "Mozilla/5.0 (compatible; Googlebot/2.1; +http://www.google.com/bot.html)"
66.102.12.93 - - [14/Jan/2012:17:13:45 +0100] "GET / HTTP/1.1" 200 316 "http://www.google.com/search" "Mozilla/5.0 (X11; Linux x86_64) AppleWebKit/534.51 (KHTML, like Gecko; Google Web Preview) Chrome/12.0.742 Safari/534.51"
124.115.6.10 - - [14/Jan/2012:17:18:04 +0100] "GET /robots.txt HTTP/1.1" 404 504 "-" "Sosospider+(+http://help.soso.com/webspider.htm)"
123.125.71.77 - - [14/Jan/2012:21:04:41 +0100] "GET /robots.txt HTTP/1.1" 404 466 "-" "Baiduspider+(+http://www.baidu.com/search/spider.htm)"
208.80.194.34 - - [14/Jan/2012:21:54:07 +0100] "GET / HTTP/1.0" 200 291 "-" "Mozilla/4.0 (compatible; MSIE 6.0; Windows NT 5.1; Alisys_ONO; .NET CLR 1.1.4322; HbTools 4.8.2)"
157.55.18.22 - - [14/Jan/2012:22:11:47 +0100] "GET /robots.txt HTTP/1.1" 404 529 "-" "Mozilla/5.0 (compatible; bingbot/2.0; +http://www.bing.com/bingbot.htm)"
157.55.18.22 - - [14/Jan/2012:22:13:15 +0100] "GET / HTTP/1.1" 304 211 "-" "Mozilla/5.0 (compatible; bingbot/2.0; +http://www.bing.com/bingbot.htm)"
207.46.204.169 - - [14/Jan/2012:22:13:15 +0100] "GET / HTTP/1.1" 200 316 "-" "Mozilla/5.0 (Windows NT 6.1; WOW64) AppleWebKit/534+ (KHTML, like Gecko) BingPreview/1.0b"
123.125.71.14 - - [15/Jan/2012:01:29:52 +0100] "GET / HTTP/1.1" 200 291 "-" "Mozilla/5.0 (compatible; Baiduspider/2.0; +http://www.baidu.com/search/spider.html)"
220.181.108.85 - - [15/Jan/2012:01:30:22 +0100] "GET / HTTP/1.1" 200 291 "-" "Mozilla/5.0 (compatible; Baiduspider/2.0; +http://www.baidu.com/search/spider.html)"
193.252.118.176 - - [15/Jan/2012:01:57:42 +0100] "GET /robots.txt HTTP/1.1" 404 466 "-" "Mozilla/5.0 (Windows; U; Windows NT 5.1; fr; rv:1.8.1) VoilaBot BETA 1.2 (support.voilabot@orange-ftgroup.com)"
193.252.118.176 - - [15/Jan/2012:01:57:44 +0100] "GET / HTTP/1.1" 200 335 "-" "Mozilla/5.0 (Windows; U; Windows NT 5.1; fr; rv:1.8.1) VoilaBot BETA 1.2 (support.voilabot@orange-ftgroup.com)"
66.249.72.161 - - [15/Jan/2012:02:29:26 +0100] "GET /robots.txt HTTP/1.1" 404 504 "-" "Mozilla/5.0 (compatible; Googlebot/2.1; +http://www.google.com/bot.html)"
66.249.72.161 - - [15/Jan/2012:02:29:26 +0100] "GET /~gerard/bcrs/index.php?option=com_content&view=category&layout=blog&id=19&Itemid=56&limitstart=5 HTTP/1.1" 200 3486 "-" "Mozilla/5.0 (compatible; Googlebot/2.1; +http://www.google.com/bot.html)"
67.207.136.128 - - [15/Jan/2012:03:50:05 +0100] "GET / HTTP/1.1" 200 291 "-" "Mozilla/5.0 (Macintosh; U; Intel Mac OS X 10_5_8; en-us) AppleWebKit/531.21.8 (KHTML, like Gecko) Version/4.0.4 Safari/531.21.10"
124.115.1.66 - - [15/Jan/2012:04:36:43 +0100] "GET / HTTP/1.1" 200 373 "-" "Mozilla/4.0 (compatible; MSIE 6.0; Windows NT 5.1)"
124.115.1.62 - - [15/Jan/2012:04:41:51 +0100] "GET / HTTP/1.1" 200 373 "-" "Mozilla/4.0 (compatible; MSIE 6.0; Windows NT 5.1)"
124.115.1.61 - - [15/Jan/2012:04:46:19 +0100] "GET / HTTP/1.1" 200 373 "-" "Mozilla/4.0 (compatible; MSIE 6.0; Windows NT 5.1)"
124.115.11.187 - - [15/Jan/2012:04:47:49 +0100] "GET / HTTP/1.1" 200 373 "-" "Mozilla/4.0 (compatible; MSIE 6.0; Windows NT 5.1)"
123.125.71.21 - - [15/Jan/2012:08:41:14 +0100] "GET / HTTP/1.1" 200 335 "-" "Mozilla/5.0 (compatible; Baiduspider/2.0; +http://www.baidu.com/search/spider.html)"
66.249.72.161 - - [15/Jan/2012:11:04:35 +0100] "GET /~gerard/bcrs/index.php?option=com_content&view=article&id=13&Itemid=29 HTTP/1.1" 200 2686 "-" "Mozilla/5.0 (compatible; Googlebot/2.1; +http://www.google.com/bot.html)"
157.55.18.22 - - [15/Jan/2012:12:31:10 +0100] "GET /robots.txt HTTP/1.1" 404 529 "-" "Mozilla/5.0 (compatible; bingbot/2.0; +http://www.bing.com/bingbot.htm)"
157.55.18.22 - - [15/Jan/2012:12:31:44 +0100] "GET / HTTP/1.1" 304 211 "-" "Mozilla/5.0 (compatible; bingbot/2.0; +http://www.bing.com/bingbot.htm)"
207.46.12.76 - - [15/Jan/2012:12:32:18 +0100] "GET / HTTP/1.1" 200 316 "-" "Mozilla/5.0 (Windows NT 6.1; WOW64) AppleWebKit/534+ (KHTML, like Gecko) BingPreview/1.0b"
123.125.71.92 - - [15/Jan/2012:14:58:40 +0100] "GET /robots.txt HTTP/1.1" 404 466 "-" "Baiduspider+(+http://www.baidu.com/search/spider.htm)"
66.249.72.161 - - [15/Jan/2012:15:01:22 +0100] "GET /robots.txt HTTP/1.1" 404 504 "-" "Mozilla/5.0 (compatible; Googlebot/2.1; +http://www.google.com/bot.html)"
66.249.72.161 - - [15/Jan/2012:15:01:22 +0100] "GET /~gerard/bcrs/index.php?option=com_content&view=category&id=19&layout=blog&Itemid=56&limitstart=15 HTTP/1.1" 200 3753 "-" "Mozilla/5.0 (compatible; Googlebot/2.1; +http://www.google.com/bot.html)"
67.207.136.128 - - [15/Jan/2012:15:47:48 +0100] "GET / HTTP/1.1" 200 291 "-" "Mozilla/5.0 (Macintosh; U; Intel Mac OS X 10_5_8; en-us) AppleWebKit/531.21.8 (KHTML, like Gecko) Version/4.0.4 Safari/531.21.10"
66.249.72.161 - - [15/Jan/2012:17:06:59 +0100] "GET /~gerard/bcrs/index.php?option=com_content&view=category&id=19&layout=blog&Itemid=56&limitstart=30 HTTP/1.1" 200 2958 "-" "Mozilla/5.0 (compatible; Googlebot/2.1; +http://www.google.com/bot.html)"
124.115.6.10 - - [15/Jan/2012:19:26:09 +0100] "GET /robots.txt HTTP/1.1" 404 504 "-" "Sosospider+(+http://help.soso.com/webspider.htm)"
66.249.72.161 - - [15/Jan/2012:20:01:33 +0100] "GET /~gerard/bcrs/index.php?option=com_content&view=article&id=70&Itemid=59 HTTP/1.1" 200 2873 "-" "Mozilla/5.0 (compatible; Googlebot/2.1; +http://www.google.com/bot.html)"
114.80.93.71 - - [16/Jan/2012:04:29:08 +0100] "GET / HTTP/1.1" 200 373 "-" "Mozilla/4.0 (compatible; MSIE 6.0; Windows NT 5.1)"
124.115.1.62 - - [16/Jan/2012:05:52:17 +0100] "GET / HTTP/1.1" 200 373 "-" "Mozilla/4.0 (compatible; MSIE 6.0; Windows NT 5.1)"
124.115.1.66 - - [16/Jan/2012:06:10:33 +0100] "GET / HTTP/1.1" 200 373 "-" "Mozilla/4.0 (compatible; MSIE 6.0; Windows NT 5.1)"
124.115.1.61 - - [16/Jan/2012:06:11:31 +0100] "GET / HTTP/1.1" 200 373 "-" "Mozilla/4.0 (compatible; MSIE 6.0; Windows NT 5.1)"
124.115.11.187 - - [16/Jan/2012:06:15:56 +0100] "GET / HTTP/1.1" 200 373 "-" "Mozilla/4.0 (compatible; MSIE 6.0; Windows NT 5.1)"
77.88.24.28 - - [16/Jan/2012:08:28:45 +0100] "GET /robots.txt HTTP/1.1" 404 529 "-" "Mozilla/5.0 (compatible; YandexBot/3.0; +http://yandex.com/bots)"
208.80.194.30 - - [16/Jan/2012:10:12:43 +0100] "GET / HTTP/1.0" 200 291 "-" "Mozilla/4.0 (compatible; MSIE 6.0; Windows NT 5.1; sbcydsl 3.12; SV1; YPC 3.0.3; FunWebProducts; .NET CLR 1.0.3705)"
77.88.24.28 - - [16/Jan/2012:13:38:15 +0100] "GET / HTTP/1.1" 200 373 "-" "Mozilla/5.0 (compatible; YandexBot/3.0; +http://yandex.com/bots)"
66.249.72.161 - - [16/Jan/2012:20:30:06 +0100] "GET /robots.txt HTTP/1.1" 404 504 "-" "Mozilla/5.0 (compatible; Googlebot/2.1; +http://www.google.com/bot.html)"
66.249.72.161 - - [16/Jan/2012:20:30:06 +0100] "GET /~gerard/bcrs/index.php?option=com_content&view=section&layout=blog&id=1&Itemid=3&limitstart=12 HTTP/1.1" 200 3812 "-" "Mozilla/5.0 (compatible; Googlebot/2.1; +http://www.google.com/bot.html)"
124.115.6.10 - - [16/Jan/2012:21:17:15 +0100] "GET /robots.txt HTTP/1.1" 404 504 "-" "Sosospider+(+http://help.soso.com/webspider.htm)"
66.249.72.161 - - [16/Jan/2012:23:40:37 +0100] "GET /~gerard/bcrs/index.php?option=com_content&view=section&layout=blog&id=1&Itemid=3&limitstart=16 HTTP/1.1" 200 3379 "-" "Mozilla/5.0 (compatible; Googlebot/2.1; +http://www.google.com/bot.html)"
64.246.165.200 - - [17/Jan/2012:03:49:24 +0100] "GET /robots.txt HTTP/1.0" 404 491 "-" "Mozilla/5.0 (Windows; U; Windows NT 5.1; en; rv:1.9.0.13) Gecko/2009073022 Firefox/3.5.2 (.NET CLR 3.5.30729) SurveyBot/2.3 (DomainTools)"
64.246.165.200 - - [17/Jan/2012:03:49:25 +0100] "GET / HTTP/1.1" 200 335 "http://whois.domaintools.com/deinon.net" "Mozilla/5.0 (Windows; U; Windows NT 5.1; en; rv:1.9.0.13) Gecko/2009073022 Firefox/3.5.2 (.NET CLR 3.5.30729) SurveyBot/2.3 (DomainTools)"
124.115.1.66 - - [17/Jan/2012:05:45:01 +0100] "GET / HTTP/1.1" 200 373 "-" "Mozilla/4.0 (compatible; MSIE 6.0; Windows NT 5.1)"
124.115.1.62 - - [17/Jan/2012:06:03:42 +0100] "GET / HTTP/1.1" 200 373 "-" "Mozilla/4.0 (compatible; MSIE 6.0; Windows NT 5.1)"
124.115.1.61 - - [17/Jan/2012:06:16:05 +0100] "GET / HTTP/1.1" 200 373 "-" "Mozilla/4.0 (compatible; MSIE 6.0; Windows NT 5.1)"
124.115.11.187 - - [17/Jan/2012:06:36:00 +0100] "GET / HTTP/1.1" 200 373 "-" "Mozilla/4.0 (compatible; MSIE 6.0; Windows NT 5.1)"
66.249.72.161 - - [17/Jan/2012:09:17:00 +0100] "GET /robots.txt HTTP/1.1" 404 504 "-" "Mozilla/5.0 (compatible; Googlebot/2.1; +http://www.google.com/bot.html)"
66.249.72.161 - - [17/Jan/2012:09:17:00 +0100] "GET /~gerard/bcrs/index.php?option=com_content&view=section&layout=blog&id=1&Itemid=3&limitstart=52 HTTP/1.1" 200 3568 "-" "Mozilla/5.0 (compatible; Googlebot/2.1; +http://www.google.com/bot.html)"
114.80.93.71 - - [17/Jan/2012:09:59:48 +0100] "GET / HTTP/1.1" 200 373 "-" "Mozilla/4.0 (compatible; MSIE 6.0; Windows NT 5.1)"
66.249.72.161 - - [17/Jan/2012:16:53:43 +0100] "GET /~gerard/bcrs/index.php?option=com_content&view=section&layout=blog&id=1&Itemid=3 HTTP/1.1" 200 4614 "-" "Mozilla/5.0 (compatible; Googlebot/2.1; +http://www.google.com/bot.html)"
66.249.72.161 - - [17/Jan/2012:18:54:39 +0100] "GET /~gerard/bcrs/index.php?option=com_content&view=article&id=70&Itemid=59 HTTP/1.1" 200 2873 "-" "Mozilla/5.0 (compatible; Googlebot/2.1; +http://www.google.com/bot.html)"
66.249.72.161 - - [17/Jan/2012:19:10:03 +0100] "GET /~gerard/bcrs/index.php?option=com_content&view=article&id=25&Itemid=50 HTTP/1.1" 200 2939 "-" "Mozilla/5.0 (compatible; Googlebot/2.1; +http://www.google.com/bot.html)"
66.249.72.161 - - [17/Jan/2012:19:16:35 +0100] "GET /~gerard/bcrs/index.php?option=com_content&view=article&id=24&Itemid=49 HTTP/1.1" 200 2956 "-" "Mozilla/5.0 (compatible; Googlebot/2.1; +http://www.google.com/bot.html)"
124.115.6.10 - - [17/Jan/2012:22:58:59 +0100] "GET /robots.txt HTTP/1.1" 404 504 "-" "Sosospider+(+http://help.soso.com/webspider.htm)"
66.249.72.161 - - [17/Jan/2012:23:05:28 +0100] "GET /robots.txt HTTP/1.1" 404 504 "-" "Mozilla/5.0 (compatible; Googlebot/2.1; +http://www.google.com/bot.html)"
66.249.72.161 - - [17/Jan/2012:23:05:28 +0100] "GET /~gerard/bcrs/index.php?option=com_content&view=article&id=11&Itemid=37 HTTP/1.1" 200 2663 "-" "Mozilla/5.0 (compatible; Googlebot/2.1; +http://www.google.com/bot.html)"
193.252.118.176 - - [18/Jan/2012:00:27:38 +0100] "GET / HTTP/1.1" 200 335 "-" "Mozilla/5.0 (Windows; U; Windows NT 5.1; fr; rv:1.8.1) VoilaBot BETA 1.2 (support.voilabot@orange-ftgroup.com)"
208.80.194.28 - - [18/Jan/2012:02:54:08 +0100] "GET / HTTP/1.0" 200 291 "-" "Mozilla/4.0 (compatible; MSIE 6.0; Windows NT 5.1; {332A434B-E9D6-431E-BD6F-85264FACE78D}; SV1; .NET CLR 1.1.4322)"
66.249.72.161 - - [18/Jan/2012:03:27:43 +0100] "GET / HTTP/1.1" 304 211 "-" "Mozilla/5.0 (compatible; Googlebot/2.1; +http://www.google.com/bot.html)"
114.80.93.71 - - [18/Jan/2012:03:33:45 +0100] "GET / HTTP/1.1" 200 373 "-" "Mozilla/4.0 (compatible; MSIE 6.0; Windows NT 5.1)"
123.125.71.71 - - [18/Jan/2012:03:45:11 +0100] "GET /robots.txt HTTP/1.1" 404 466 "-" "Baiduspider+(+http://www.baidu.com/search/spider.htm)"
124.115.1.61 - - [18/Jan/2012:04:20:49 +0100] "GET / HTTP/1.1" 200 373 "-" "Mozilla/4.0 (compatible; MSIE 6.0; Windows NT 5.1)"
124.115.1.62 - - [18/Jan/2012:04:58:37 +0100] "GET / HTTP/1.1" 200 373 "-" "Mozilla/4.0 (compatible; MSIE 6.0; Windows NT 5.1)"
124.115.11.187 - - [18/Jan/2012:05:22:03 +0100] "GET / HTTP/1.1" 200 373 "-" "Mozilla/4.0 (compatible; MSIE 6.0; Windows NT 5.1)"
66.249.72.161 - - [18/Jan/2012:05:50:03 +0100] "GET /~gerard/bcrs/index.php?option=com_content&view=article&id=15&Itemid=39 HTTP/1.1" 200 2854 "-" "Mozilla/5.0 (compatible; Googlebot/2.1; +http://www.google.com/bot.html)"
124.115.1.66 - - [18/Jan/2012:05:56:28 +0100] "GET / HTTP/1.1" 200 373 "-" "Mozilla/4.0 (compatible; MSIE 6.0; Windows NT 5.1)"
124.115.6.10 - - [19/Jan/2012:00:42:39 +0100] "GET /robots.txt HTTP/1.1" 404 504 "-" "Sosospider+(+http://help.soso.com/webspider.htm)"
124.115.1.62 - - [19/Jan/2012:04:02:27 +0100] "GET / HTTP/1.1" 200 373 "-" "Mozilla/4.0 (compatible; MSIE 6.0; Windows NT 5.1)"
124.115.1.66 - - [19/Jan/2012:04:17:38 +0100] "GET / HTTP/1.1" 200 373 "-" "Mozilla/4.0 (compatible; MSIE 6.0; Windows NT 5.1)"
124.115.11.187 - - [19/Jan/2012:04:35:46 +0100] "GET / HTTP/1.1" 200 373 "-" "Mozilla/4.0 (compatible; MSIE 6.0; Windows NT 5.1)"
124.115.1.61 - - [19/Jan/2012:05:08:43 +0100] "GET / HTTP/1.1" 200 373 "-" "Mozilla/4.0 (compatible; MSIE 6.0; Windows NT 5.1)"
95.108.151.244 - - [19/Jan/2012:14:37:34 +0100] "GET /robots.txt HTTP/1.1" 404 528 "-" "Mozilla/5.0 (compatible; YandexBot/3.0; +http://yandex.com/bots)"
95.108.151.244 - - [19/Jan/2012:14:37:35 +0100] "GET / HTTP/1.1" 200 372 "-" "Mozilla/5.0 (compatible; YandexBot/3.0; +http://yandex.com/bots)"
95.108.151.244 - - [19/Jan/2012:14:37:36 +0100] "GET / HTTP/1.1" 200 372 "-" "Mozilla/5.0 (compatible; YandexBot/3.0; +http://yandex.com/bots)"
66.249.72.161 - - [19/Jan/2012:15:38:07 +0100] "GET /robots.txt HTTP/1.1" 404 504 "-" "Mozilla/5.0 (compatible; Googlebot/2.1; +http://www.google.com/bot.html)"
66.249.72.161 - - [19/Jan/2012:15:38:07 +0100] "GET /~gerard/bcrs/index.php?option=com_content&view=article&id=38:indeling-jeugdcompetitie-2011&catid=6:jeugd&Itemid=34 HTTP/1.1" 200 2938 "-" "Mozilla/5.0 (compatible; Googlebot/2.1; +http://www.google.com/bot.html)"
208.80.194.36 - - [19/Jan/2012:21:36:08 +0100] "GET / HTTP/1.0" 200 291 "-" "Mozilla/4.0 (compatible; MSIE 6.0; Windows NT 5.1; {D7C5DA26-EE60-122B-7EE5-B594F8782073}; iebar; acc=; acc=none; .NET CLR 1.1.4322)"
66.249.72.161 - - [19/Jan/2012:22:30:17 +0100] "GET /~gerard/bcrs/index.php?option=com_content&view=article&id=96:informatie-bardiensten-&catid=12:kantine&Itemid=34 HTTP/1.1" 200 3023 "-" "Mozilla/5.0 (compatible; Googlebot/2.1; +http://www.google.com/bot.html)"
124.115.6.10 - - [20/Jan/2012:02:26:32 +0100] "GET /robots.txt HTTP/1.1" 404 504 "-" "Sosospider+(+http://help.soso.com/webspider.htm)"
124.115.1.66 - - [20/Jan/2012:03:51:35 +0100] "GET / HTTP/1.1" 200 373 "-" "Mozilla/4.0 (compatible; MSIE 6.0; Windows NT 5.1)"
124.115.1.62 - - [20/Jan/2012:03:55:10 +0100] "GET / HTTP/1.1" 200 373 "-" "Mozilla/4.0 (compatible; MSIE 6.0; Windows NT 5.1)"
124.115.1.61 - - [20/Jan/2012:04:07:39 +0100] "GET / HTTP/1.1" 200 373 "-" "Mozilla/4.0 (compatible; MSIE 6.0; Windows NT 5.1)"
124.115.11.187 - - [20/Jan/2012:04:54:59 +0100] "GET / HTTP/1.1" 200 373 "-" "Mozilla/4.0 (compatible; MSIE 6.0; Windows NT 5.1)"
207.46.13.209 - - [20/Jan/2012:06:38:48 +0100] "GET /robots.txt HTTP/1.1" 404 529 "-" "Mozilla/5.0 (compatible; bingbot/2.0; +http://www.bing.com/bingbot.htm)"
207.46.12.68 - - [20/Jan/2012:06:39:30 +0100] "GET / HTTP/1.1" 200 316 "-" "Mozilla/5.0 (Windows NT 6.1; WOW64) AppleWebKit/534+ (KHTML, like Gecko) BingPreview/1.0b"
114.80.93.71 - - [20/Jan/2012:12:22:11 +0100] "GET / HTTP/1.1" 200 373 "-" "Mozilla/4.0 (compatible; MSIE 6.0; Windows NT 5.1)"
123.125.71.33 - - [20/Jan/2012:12:42:11 +0100] "GET / HTTP/1.1" 200 335 "-" "Mozilla/5.0 (compatible; Baiduspider/2.0; +http://www.baidu.com/search/spider.html)"
114.80.93.71 - - [20/Jan/2012:22:41:08 +0100] "GET / HTTP/1.1" 200 373 "-" "Mozilla/4.0 (compatible; MSIE 6.0; Windows NT 5.1)"
124.115.6.10 - - [21/Jan/2012:04:09:45 +0100] "GET /robots.txt HTTP/1.1" 404 504 "-" "Sosospider+(+http://help.soso.com/webspider.htm)"
124.115.1.61 - - [21/Jan/2012:04:24:51 +0100] "GET / HTTP/1.1" 200 373 "-" "Mozilla/4.0 (compatible; MSIE 6.0; Windows NT 5.1)"
124.115.11.187 - - [21/Jan/2012:04:42:05 +0100] "GET / HTTP/1.1" 200 373 "-" "Mozilla/4.0 (compatible; MSIE 6.0; Windows NT 5.1)"
124.115.1.66 - - [21/Jan/2012:05:16:08 +0100] "GET / HTTP/1.1" 200 373 "-" "Mozilla/4.0 (compatible; MSIE 6.0; Windows NT 5.1)"
124.115.1.62 - - [21/Jan/2012:05:24:38 +0100] "GET / HTTP/1.1" 200 373 "-" "Mozilla/4.0 (compatible; MSIE 6.0; Windows NT 5.1)"
77.88.24.28 - - [21/Jan/2012:11:02:15 +0100] "GET /robots.txt HTTP/1.1" 404 529 "-" "Mozilla/5.0 (compatible; YandexBot/3.0; +http://yandex.com/bots)"
77.88.24.28 - - [21/Jan/2012:11:59:19 +0100] "GET / HTTP/1.1" 200 373 "-" "Mozilla/5.0 (compatible; YandexBot/3.0; +http://yandex.com/bots)"
66.249.72.161 - - [21/Jan/2012:15:11:07 +0100] "GET /robots.txt HTTP/1.1" 404 504 "-" "Mozilla/5.0 (compatible; Googlebot/2.1; +http://www.google.com/bot.html)"
66.249.72.161 - - [21/Jan/2012:15:11:07 +0100] "GET /~gerard/bcrs/index.php?option=com_content&view=article&id=76:sport-en-spel-dag-18-juni&catid=12:kantine&Itemid=34 HTTP/1.1" 200 3709 "-" "Mozilla/5.0 (compatible; Googlebot/2.1; +http://www.google.com/bot.html)"
123.125.71.29 - - [21/Jan/2012:16:55:08 +0100] "GET / HTTP/1.1" 200 335 "-" "Mozilla/5.0 (compatible; Baiduspider/2.0; +http://www.baidu.com/search/spider.html)"
208.80.194.37 - - [21/Jan/2012:16:59:13 +0100] "GET / HTTP/1.0" 200 291 "-" "Mozilla/4.0 (compatible; MSIE 7.0; Windows NT 5.1; SIMBAR Enabled; SIMBAR={65103EC4-798F-4556-8AE6-7C3AE399E77F}; SIMBAR=0; .NET CLR 1.1.4322)"
123.125.71.31 - - [21/Jan/2012:19:31:32 +0100] "GET / HTTP/1.1" 200 291 "-" "Mozilla/5.0 (compatible; Baiduspider/2.0; +http://www.baidu.com/search/spider.html)"
220.181.108.88 - - [21/Jan/2012:19:32:03 +0100] "GET / HTTP/1.1" 200 291 "-" "Mozilla/5.0 (compatible; Baiduspider/2.0; +http://www.baidu.com/search/spider.html)"
77.75.77.17 - - [21/Jan/2012:20:14:47 +0100] "GET /robots.txt HTTP/1.1" 404 504 "-" "SeznamBot/3.0 (+http://fulltext.sblog.cz/)"
77.75.77.17 - - [21/Jan/2012:20:14:47 +0100] "GET / HTTP/1.1" 200 372 "-" "SeznamBot/3.0 (+http://fulltext.sblog.cz/)"
123.125.71.32 - - [22/Jan/2012:01:32:30 +0100] "GET / HTTP/1.1" 200 291 "-" "Mozilla/5.0 (compatible; Baiduspider/2.0; +http://www.baidu.com/search/spider.html)"
220.181.108.86 - - [22/Jan/2012:01:32:57 +0100] "GET / HTTP/1.1" 200 291 "-" "Mozilla/5.0 (compatible; Baiduspider/2.0; +http://www.baidu.com/search/spider.html)"
124.115.1.61 - - [22/Jan/2012:04:31:14 +0100] "GET / HTTP/1.1" 200 373 "-" "Mozilla/4.0 (compatible; MSIE 6.0; Windows NT 5.1)"
124.115.1.62 - - [22/Jan/2012:04:51:45 +0100] "GET / HTTP/1.1" 200 373 "-" "Mozilla/4.0 (compatible; MSIE 6.0; Windows NT 5.1)"
124.115.1.66 - - [22/Jan/2012:05:08:04 +0100] "GET / HTTP/1.1" 200 373 "-" "Mozilla/4.0 (compatible; MSIE 6.0; Windows NT 5.1)"
124.115.11.187 - - [22/Jan/2012:05:20:39 +0100] "GET / HTTP/1.1" 200 373 "-" "Mozilla/4.0 (compatible; MSIE 6.0; Windows NT 5.1)"
124.115.6.10 - - [22/Jan/2012:05:53:39 +0100] "GET /robots.txt HTTP/1.1" 404 504 "-" "Sosospider+(+http://help.soso.com/webspider.htm)"
72.94.249.37 - - [22/Jan/2012:06:05:21 +0100] "GET / HTTP/1.1" 200 291 "-" "Mozilla/4.0 (compatible; MSIE 6.0; Windows NT 5.1; SV1; .NET CLR 1.1.4322)"
220.181.108.120 - - [22/Jan/2012:06:43:52 +0100] "GET /robots.txt HTTP/1.1" 404 466 "-" "Baiduspider+(+http://www.baidu.com/search/spider.htm)"
66.249.71.68 - - [22/Jan/2012:07:08:45 +0100] "GET /robots.txt HTTP/1.1" 404 504 "-" "Mozilla/5.0 (compatible; Googlebot/2.1; +http://www.google.com/bot.html)"
66.249.71.68 - - [22/Jan/2012:07:08:46 +0100] "GET /~gerard/bcrs/index.php?option=com_content&view=article&id=99&Itemid=64 HTTP/1.1" 200 3668 "-" "Mozilla/5.0 (compatible; Googlebot/2.1; +http://www.google.com/bot.html)"
123.125.71.99 - - [22/Jan/2012:21:55:51 +0100] "GET /robots.txt HTTP/1.1" 404 466 "-" "Baiduspider+(+http://www.baidu.com/search/spider.htm)"
77.75.77.11 - - [22/Jan/2012:22:02:11 +0100] "GET /robots.txt HTTP/1.1" 404 504 "-" "SeznamBot/3.0 (+http://fulltext.sblog.cz/)"
77.75.77.11 - - [22/Jan/2012:22:02:12 +0100] "GET / HTTP/1.1" 304 210 "-" "SeznamBot/3.0 (+http://fulltext.sblog.cz/)"
66.249.72.161 - - [23/Jan/2012:03:35:13 +0100] "GET /robots.txt HTTP/1.1" 404 504 "-" "Mozilla/5.0 (compatible; Googlebot/2.1; +http://www.google.com/bot.html)"
66.249.72.161 - - [23/Jan/2012:03:35:13 +0100] "GET /~gerard/bcrs/index.php?option=com_content&view=article&id=5:website-bcrs-online&catid=7:website&Itemid=34 HTTP/1.1" 200 3099 "-" "Mozilla/5.0 (compatible; Googlebot/2.1; +http://www.google.com/bot.html)"
124.115.6.10 - - [23/Jan/2012:04:11:02 +0100] "GET /robots.txt HTTP/1.1" 404 504 "-" "Sosospider+(+http://help.soso.com/webspider.htm)"
124.115.1.61 - - [23/Jan/2012:04:49:47 +0100] "GET / HTTP/1.1" 200 373 "-" "Mozilla/4.0 (compatible; MSIE 6.0; Windows NT 5.1)"
124.115.1.66 - - [23/Jan/2012:04:56:36 +0100] "GET / HTTP/1.1" 200 373 "-" "Mozilla/4.0 (compatible; MSIE 6.0; Windows NT 5.1)"
124.115.11.187 - - [23/Jan/2012:04:57:40 +0100] "GET / HTTP/1.1" 200 373 "-" "Mozilla/4.0 (compatible; MSIE 6.0; Windows NT 5.1)"
124.115.1.62 - - [23/Jan/2012:04:59:25 +0100] "GET / HTTP/1.1" 200 373 "-" "Mozilla/4.0 (compatible; MSIE 6.0; Windows NT 5.1)"
114.80.93.71 - - [23/Jan/2012:06:09:58 +0100] "GET / HTTP/1.1" 200 373 "-" "Mozilla/4.0 (compatible; MSIE 6.0; Windows NT 5.1)"
123.125.71.23 - - [23/Jan/2012:06:35:39 +0100] "GET / HTTP/1.1" 200 291 "-" "Mozilla/5.0 (compatible; Baiduspider/2.0; +http://www.baidu.com/search/spider.html)"
220.181.108.78 - - [23/Jan/2012:06:36:15 +0100] "GET / HTTP/1.1" 200 291 "-" "Mozilla/5.0 (compatible; Baiduspider/2.0; +http://www.baidu.com/search/spider.html)"
208.80.194.30 - - [23/Jan/2012:08:09:24 +0100] "GET / HTTP/1.0" 200 291 "-" "Mozilla/4.0 (compatible; MSIE 7.0; Windows NT 5.1; Avant Browser; .NET CLR 1.1.4322; .NET CLR 2.0.50727; yplus 5.6.04b)"
66.249.72.161 - - [23/Jan/2012:16:15:43 +0100] "GET /robots.txt HTTP/1.1" 404 504 "-" "Mozilla/5.0 (compatible; Googlebot/2.1; +http://www.google.com/bot.html)"
66.249.72.161 - - [23/Jan/2012:16:15:43 +0100] "GET /~gerard/bcrs/index.php?option=com_content&view=section&layout=blog&id=1&Itemid=3&limitstart=12 HTTP/1.1" 200 3812 "-" "Mozilla/5.0 (compatible; Googlebot/2.1; +http://www.google.com/bot.html)"
123.125.71.75 - - [23/Jan/2012:22:05:52 +0100] "GET /robots.txt HTTP/1.1" 404 466 "-" "Baiduspider+(+http://www.baidu.com/search/spider.htm)"
66.249.72.161 - - [24/Jan/2012:03:07:28 +0100] "GET /~gerard/bcrs/index.php?option=com_content&view=category&id=6&Itemid=34 HTTP/1.1" 200 3568 "-" "Mozilla/5.0 (compatible; Googlebot/2.1; +http://www.google.com/bot.html)"
66.249.72.161 - - [24/Jan/2012:03:25:59 +0100] "GET /~gerard/bcrs/index.php?option=com_content&view=category&layout=blog&id=19&Itemid=56 HTTP/1.1" 200 4191 "-" "Mozilla/5.0 (compatible; Googlebot/2.1; +http://www.google.com/bot.html)"
66.249.72.161 - - [24/Jan/2012:04:11:28 +0100] "GET /~gerard/bcrs/index.php?option=com_content&view=section&layout=blog&id=1&Itemid=3&limitstart=16 HTTP/1.1" 200 3379 "-" "Mozilla/5.0 (compatible; Googlebot/2.1; +http://www.google.com/bot.html)"
66.249.72.161 - - [24/Jan/2012:04:23:40 +0100] "GET /robots.txt HTTP/1.1" 404 504 "-" "Mozilla/5.0 (compatible; Googlebot/2.1; +http://www.google.com/bot.html)"
66.249.72.161 - - [24/Jan/2012:04:23:40 +0100] "GET /~gerard/bcrs/index.php?option=com_content&view=article&id=17&Itemid=40 HTTP/1.1" 200 2710 "-" "Mozilla/5.0 (compatible; Googlebot/2.1; +http://www.google.com/bot.html)"
114.80.93.71 - - [24/Jan/2012:05:27:14 +0100] "GET / HTTP/1.1" 200 373 "-" "Mozilla/4.0 (compatible; MSIE 6.0; Windows NT 5.1)"
123.125.71.12 - - [24/Jan/2012:06:36:40 +0100] "GET / HTTP/1.1" 200 335 "-" "Mozilla/5.0 (compatible; Baiduspider/2.0; +http://www.baidu.com/search/spider.html)"
66.249.72.161 - - [24/Jan/2012:12:55:41 +0100] "GET /~gerard/bcrs/index.php?option=com_content&view=category&id=19:mededelingen-jeugdcommissie&layout=blog&Itemid=56&layout=default HTTP/1.1" 200 4097 "-" "Mozilla/5.0 (compatible; Googlebot/2.1; +http://www.google.com/bot.html)"
66.249.72.161 - - [24/Jan/2012:13:40:22 +0100] "GET /~gerard/bcrs/index.php?option=com_content&view=article&id=16&Itemid=41 HTTP/1.1" 200 2798 "-" "Mozilla/5.0 (compatible; Googlebot/2.1; +http://www.google.com/bot.html)"
66.249.72.161 - - [24/Jan/2012:14:38:39 +0100] "GET /~gerard/bcrs/index.php?option=com_content&view=article&id=66:team-bcrs-1-kampioen-erc&catid=8:recreanten&Itemid=34 HTTP/1.1" 200 3170 "-" "Mozilla/5.0 (compatible; Googlebot/2.1; +http://www.google.com/bot.html)"
124.115.6.10 - - [24/Jan/2012:16:47:28 +0100] "GET /robots.txt HTTP/1.1" 404 504 "-" "Sosospider+(+http://help.soso.com/webspider.htm)"
208.80.194.37 - - [24/Jan/2012:20:59:52 +0100] "GET / HTTP/1.0" 200 291 "-" "Mozilla/4.0 (compatible; MSIE 7.0; Windows NT 5.1; IEMB3; YPC 3.2.0; .NET CLR 1.0.3705; .NET CLR 1.1.4322; Media Center PC 4.0; InfoPath.1; .NET CLR 2.0.50727)"
66.249.72.161 - - [24/Jan/2012:22:19:21 +0100] "GET /robots.txt HTTP/1.1" 404 504 "-" "Mozilla/5.0 (compatible; Googlebot/2.1; +http://www.google.com/bot.html)"
66.249.72.161 - - [24/Jan/2012:22:19:21 +0100] "GET /~gerard/bcrs/index.php?option=com_content&view=article&id=55:ron-daniels-training-bij-bcrs&catid=20:algemeen&Itemid=34 HTTP/1.1" 200 3784 "-" "Mozilla/5.0 (compatible; Googlebot/2.1; +http://www.google.com/bot.html)"
66.249.72.161 - - [24/Jan/2012:23:37:35 +0100] "GET /~gerard/bcrs/index.php?option=com_content&view=article&id=54:bcrs-jx-toernooi-in-de-krant&catid=19:mededelingen-jeugdcommissie&Itemid=56 HTTP/1.1" 200 2668 "-" "Mozilla/5.0 (compatible; Googlebot/2.1; +http://www.google.com/bot.html)"
66.249.72.161 - - [25/Jan/2012:00:00:49 +0100] "GET /~gerard/bcrs/index.php?option=com_content&view=article&id=20&Itemid=33 HTTP/1.1" 200 3695 "-" "Mozilla/5.0 (compatible; Googlebot/2.1; +http://www.google.com/bot.html)"
193.252.118.176 - - [25/Jan/2012:01:46:37 +0100] "GET /robots.txt HTTP/1.1" 404 466 "-" "Mozilla/5.0 (Windows; U; Windows NT 5.1; fr; rv:1.8.1) VoilaBot BETA 1.2 (support.voilabot@orange-ftgroup.com)"
193.252.118.176 - - [25/Jan/2012:01:46:40 +0100] "GET / HTTP/1.1" 200 335 "-" "Mozilla/5.0 (Windows; U; Windows NT 5.1; fr; rv:1.8.1) VoilaBot BETA 1.2 (support.voilabot@orange-ftgroup.com)"
208.80.194.35 - - [25/Jan/2012:11:07:00 +0100] "GET / HTTP/1.0" 200 291 "-" "Mozilla/4.0 (compatible; MSIE 6.0; America Online Browser 1.1; rev1.5; Windows NT 5.1; SV1; (R1 1.5); .NET CLR 2.0.50727; .NET CLR 1.1.4322)"
66.249.72.161 - - [25/Jan/2012:12:41:43 +0100] "GET /robots.txt HTTP/1.1" 404 504 "-" "Mozilla/5.0 (compatible; Googlebot/2.1; +http://www.google.com/bot.html)"
77.88.24.28 - - [25/Jan/2012:14:36:00 +0100] "GET /robots.txt HTTP/1.1" 404 529 "-" "Mozilla/5.0 (compatible; YandexBot/3.0; +http://yandex.com/bots)"
77.88.24.28 - - [25/Jan/2012:14:46:23 +0100] "GET /~roel/apport.crash HTTP/1.1" 404 510 "-" "Mozilla/5.0 (compatible; YandexBot/3.0; +http://yandex.com/bots)"
124.115.6.10 - - [25/Jan/2012:20:26:44 +0100] "GET /robots.txt HTTP/1.1" 404 504 "-" "Sosospider+(+http://help.soso.com/webspider.htm)"
66.249.72.161 - - [25/Jan/2012:21:50:56 +0100] "GET /~gerard/bcrs/index.php?option=com_content&view=article&id=79:algemene-ledenvergadering-bcrs&catid=20:algemeen&Itemid=34 HTTP/1.1" 200 3059 "-" "Mozilla/5.0 (compatible; Googlebot/2.1; +http://www.google.com/bot.html)"
66.249.72.161 - - [25/Jan/2012:22:04:42 +0100] "GET /~gerard/bcrs/index.php?option=com_content&view=category&layout=blog&id=19&Itemid=56&limitstart=5 HTTP/1.1" 200 3487 "-" "Mozilla/5.0 (compatible; Googlebot/2.1; +http://www.google.com/bot.html)"
66.249.72.161 - - [25/Jan/2012:23:12:40 +0100] "GET /~gerard/bcrs/index.php?option=com_content&view=category&layout=blog&id=19&Itemid=56 HTTP/1.1" 200 4191 "-" "Mozilla/5.0 (compatible; Googlebot/2.1; +http://www.google.com/bot.html)"
114.80.93.71 - - [26/Jan/2012:03:51:33 +0100] "GET / HTTP/1.1" 200 373 "-" "Mozilla/4.0 (compatible; MSIE 6.0; Windows NT 5.1)"
220.181.108.92 - - [26/Jan/2012:04:15:37 +0100] "GET /robots.txt HTTP/1.1" 404 466 "-" "Baiduspider+(+http://www.baidu.com/search/spider.htm)"
157.55.16.219 - - [26/Jan/2012:04:51:51 +0100] "GET /robots.txt HTTP/1.1" 404 529 "-" "Mozilla/5.0 (compatible; bingbot/2.0; +http://www.bing.com/bingbot.htm)"
157.55.16.219 - - [26/Jan/2012:04:52:54 +0100] "GET / HTTP/1.1" 304 211 "-" "Mozilla/5.0 (compatible; bingbot/2.0; +http://www.bing.com/bingbot.htm)"
207.46.12.75 - - [26/Jan/2012:04:52:55 +0100] "GET / HTTP/1.1" 200 316 "-" "Mozilla/5.0 (Windows NT 6.1; WOW64) AppleWebKit/534+ (KHTML, like Gecko) BingPreview/1.0b"
176.53.20.172 - - [26/Jan/2012:09:36:12 +0100] "GET / HTTP/1.1" 200 329 "-" "Mozilla/4.0 (compatible; MSIE 6.0; Windows NT 5.0)"
123.125.71.34 - - [26/Jan/2012:12:54:56 +0100] "GET / HTTP/1.1" 200 335 "-" "Mozilla/5.0 (compatible; Baiduspider/2.0; +http://www.baidu.com/search/spider.html)"
77.88.24.28 - - [27/Jan/2012:15:13:09 +0100] "GET /robots.txt HTTP/1.1" 404 529 "-" "Mozilla/5.0 (compatible; YandexBot/3.0; +http://yandex.com/bots)"
208.80.194.30 - - [27/Jan/2012:17:47:06 +0100] "GET / HTTP/1.0" 200 291 "-" "Mozilla/4.0 (compatible; MSIE 6.0; Windows NT 5.1; SV1; .NET CLR 1.0.3705; .NET CLR 1.1.4322; Media Center PC 4.0; SpamBlockerUtility 4.8.4; Media Center PC 3.0; InfoPath.2)"
77.88.24.28 - - [27/Jan/2012:18:43:29 +0100] "GET / HTTP/1.1" 200 373 "-" "Mozilla/5.0 (compatible; YandexBot/3.0; +http://yandex.com/bots)"
66.249.72.161 - - [27/Jan/2012:23:47:31 +0100] "GET /robots.txt HTTP/1.1" 404 504 "-" "Mozilla/5.0 (compatible; Googlebot/2.1; +http://www.google.com/bot.html)"
66.249.72.161 - - [27/Jan/2012:23:47:31 +0100] "GET /~gerard/ HTTP/1.1" 304 211 "-" "Mozilla/5.0 (compatible; Googlebot/2.1; +http://www.google.com/bot.html)"
38.111.147.84 - - [28/Jan/2012:02:57:33 +0100] "GET /robots.txt HTTP/1.0" 404 491 "-" "TurnitinBot/2.1 (http://www.turnitin.com/robot/crawlerinfo.html)"
38.111.147.84 - - [28/Jan/2012:02:57:38 +0100] "GET / HTTP/1.0" 200 335 "-" "TurnitinBot/2.1 (http://www.turnitin.com/robot/crawlerinfo.html)"
124.115.6.10 - - [28/Jan/2012:05:56:11 +0100] "GET /robots.txt HTTP/1.1" 404 504 "-" "Sosospider+(+http://help.soso.com/webspider.htm)"
66.249.72.161 - - [28/Jan/2012:09:23:57 +0100] "GET / HTTP/1.1" 304 211 "-" "Mozilla/5.0 (compatible; Googlebot/2.1; +http://www.google.com/bot.html)"
74.125.78.87 - - [28/Jan/2012:09:51:37 +0100] "GET /~gin/djpics/mybooth1.jpg HTTP/1.1" 404 460 "http://www.dj2dj.nl/forum/viewtopic.php?f=2&t=1922&start=50" "Mozilla/5.0 (X11; Linux x86_64) AppleWebKit/534.51 (KHTML, like Gecko; Google Web Preview) Chrome/12.0.742 Safari/534.51"
123.125.71.97 - - [28/Jan/2012:11:26:58 +0100] "GET / HTTP/1.1" 200 335 "-" "Mozilla/5.0 (compatible; Baiduspider/2.0; +http://www.baidu.com/search/spider.html)"
66.249.72.161 - - [28/Jan/2012:12:16:35 +0100] "GET /robots.txt HTTP/1.1" 404 504 "-" "Mozilla/5.0 (compatible; Googlebot/2.1; +http://www.google.com/bot.html)"
66.249.72.161 - - [28/Jan/2012:12:16:35 +0100] "GET /~gerard/bcrs/index.php?option=com_content&view=article&id=61:oproep-van-de-kantinecommissie&catid=12:kantine&Itemid=34 HTTP/1.1" 200 3335 "-" "Mozilla/5.0 (compatible; Googlebot/2.1; +http://www.google.com/bot.html)"
64.246.165.170 - - [28/Jan/2012:18:21:48 +0100] "GET /robots.txt HTTP/1.0" 404 491 "-" "Mozilla/5.0 (Windows; U; Windows NT 5.1; en; rv:1.9.0.13) Gecko/2009073022 Firefox/3.5.2 (.NET CLR 3.5.30729) SurveyBot/2.3 (DomainTools)"
64.246.165.170 - - [28/Jan/2012:18:21:48 +0100] "GET / HTTP/1.1" 200 335 "http://whois.domaintools.com/deinon.net" "Mozilla/5.0 (Windows; U; Windows NT 5.1; en; rv:1.9.0.13) Gecko/2009073022 Firefox/3.5.2 (.NET CLR 3.5.30729) SurveyBot/2.3 (DomainTools)"
220.181.108.114 - - [29/Jan/2012:01:14:59 +0100] "GET /robots.txt HTTP/1.1" 404 466 "-" "Baiduspider+(+http://www.baidu.com/search/spider.htm)"
193.252.118.176 - - [29/Jan/2012:04:55:23 +0100] "GET /robots.txt HTTP/1.1" 404 466 "-" "Mozilla/5.0 (Windows; U; Windows NT 5.1; fr; rv:1.8.1) VoilaBot BETA 1.2 (support.voilabot@orange-ftgroup.com)"
193.252.118.176 - - [29/Jan/2012:04:55:34 +0100] "GET / HTTP/1.1" 200 335 "-" "Mozilla/5.0 (Windows; U; Windows NT 5.1; fr; rv:1.8.1) VoilaBot BETA 1.2 (support.voilabot@orange-ftgroup.com)"
220.181.51.109 - - [29/Jan/2012:09:36:25 +0100] "GET / HTTP/1.1" 200 335 "-" "Mozilla/5.0 (Windows NT 5.1; rv:6.0.2) Gecko/20100101 Firefox/6.0.2"
124.115.6.10 - - [29/Jan/2012:11:03:24 +0100] "GET /robots.txt HTTP/1.1" 404 504 "-" "Sosospider+(+http://help.soso.com/webspider.htm)"
114.80.93.71 - - [29/Jan/2012:12:16:17 +0100] "GET / HTTP/1.1" 200 373 "-" "Mozilla/4.0 (compatible; MSIE 6.0; Windows NT 5.1)"
123.125.71.23 - - [29/Jan/2012:15:28:44 +0100] "GET / HTTP/1.1" 200 291 "-" "Mozilla/5.0 (compatible; Baiduspider/2.0; +http://www.baidu.com/search/spider.html)"
220.181.108.88 - - [29/Jan/2012:15:29:13 +0100] "GET / HTTP/1.1" 200 291 "-" "Mozilla/5.0 (compatible; Baiduspider/2.0; +http://www.baidu.com/search/spider.html)"
208.115.113.84 - - [29/Jan/2012:17:40:19 +0100] "GET /robots.txt HTTP/1.1" 404 472 "-" "Mozilla/5.0 (compatible; Ezooms/1.0; ezooms.bot@gmail.com)"
208.115.113.84 - - [29/Jan/2012:18:27:03 +0100] "GET / HTTP/1.1" 200 298 "-" "Mozilla/5.0 (compatible; Ezooms/1.0; ezooms.bot@gmail.com)"
220.181.108.119 - - [29/Jan/2012:18:44:59 +0100] "GET /robots.txt HTTP/1.1" 404 466 "-" "Baiduspider+(+http://www.baidu.com/search/spider.htm)"
193.242.108.63 - - [29/Jan/2012:20:22:42 +0100] "GET //forum/includes/xml/bitfield_vbseo.xml HTTP/1.1" 404 486 "-" "Mozilla/4.0 (compatible; MSIE 6.0; Windows 98)"
193.242.108.63 - - [29/Jan/2012:20:22:42 +0100] "GET //includes/xml/bitfield_vbseo.xml HTTP/1.1" 404 481 "-" "Mozilla/4.0 (compatible; MSIE 6.0; Windows 98)"
193.242.108.63 - - [29/Jan/2012:20:22:42 +0100] "GET //vb/includes/xml/bitfield_vbseo.xml HTTP/1.1" 404 483 "-" "Mozilla/4.0 (compatible; MSIE 6.0; Windows 98)"
193.242.108.63 - - [29/Jan/2012:20:22:42 +0100] "GET //forums/includes/xml/bitfield_vbseo.xml HTTP/1.1" 404 487 "-" "Mozilla/4.0 (compatible; MSIE 6.0; Windows 98)"
193.242.108.63 - - [29/Jan/2012:20:22:42 +0100] "GET //vbulletin/includes/xml/bitfield_vbseo.xml HTTP/1.1" 404 489 "-" "Mozilla/4.0 (compatible; MSIE 6.0; Windows 98)"
66.249.72.161 - - [29/Jan/2012:20:59:13 +0100] "GET /robots.txt HTTP/1.1" 404 504 "-" "Mozilla/5.0 (compatible; Googlebot/2.1; +http://www.google.com/bot.html)"
66.249.72.161 - - [29/Jan/2012:20:59:13 +0100] "GET /~gerard/bcrs/index.php?option=com_content&view=section&layout=blog&id=1&Itemid=3&limitstart=16 HTTP/1.1" 200 3378 "-" "Mozilla/5.0 (compatible; Googlebot/2.1; +http://www.google.com/bot.html)"
123.125.71.16 - - [29/Jan/2012:21:31:44 +0100] "GET / HTTP/1.1" 200 291 "-" "Mozilla/5.0 (compatible; Baiduspider/2.0; +http://www.baidu.com/search/spider.html)"
220.181.108.84 - - [29/Jan/2012:21:32:16 +0100] "GET / HTTP/1.1" 200 291 "-" "Mozilla/5.0 (compatible; Baiduspider/2.0; +http://www.baidu.com/search/spider.html)"
66.249.72.161 - - [29/Jan/2012:21:49:57 +0100] "GET /~gerard/bcrs/index.php?option=com_content&view=article&id=16&Itemid=41 HTTP/1.1" 200 2798 "-" "Mozilla/5.0 (compatible; Googlebot/2.1; +http://www.google.com/bot.html)"
77.222.128.221 - - [29/Jan/2012:23:09:23 +0100] "GET /robots.txt HTTP/1.1" 404 504 "-" "Mozilla/5.0 (compatible; aiHitBot/1.0; +http://www.aihit.com/)"
77.222.128.221 - - [29/Jan/2012:23:09:24 +0100] "GET / HTTP/1.1" 200 373 "-" "Mozilla/5.0 (compatible; aiHitBot/1.0; +http://www.aihit.com/)"
208.80.194.34 - - [30/Jan/2012:05:38:58 +0100] "GET / HTTP/1.0" 200 291 "-" "Mozilla/4.0 (compatible; MSIE 7.0; Windows NT 5.1; YPC 3.2.0; FunWebProducts; HbTools 4.8.7)"
124.115.11.187 - - [30/Jan/2012:06:43:04 +0100] "GET / HTTP/1.1" 200 373 "-" "Mozilla/4.0 (compatible; MSIE 6.0; Windows NT 5.1)"
123.125.71.102 - - [30/Jan/2012:07:16:47 +0100] "GET / HTTP/1.1" 200 335 "-" "Mozilla/5.0 (compatible; Baiduspider/2.0; +http://www.baidu.com/search/spider.html)"
178.118.164.2 - - [30/Jan/2012:10:48:02 +0100] "GET /~gin/djpics/mybooth1.jpg HTTP/1.1" 404 517 "http://www.dj2dj.nl/forum/viewtopic.php?f=2&t=1922&start=50" "Mozilla/5.0 (Windows NT 6.0) AppleWebKit/535.7 (KHTML, like Gecko) Chrome/16.0.912.77 Safari/535.7"
220.181.108.81 - - [30/Jan/2012:13:32:27 +0100] "GET / HTTP/1.1" 200 291 "-" "Mozilla/5.0 (compatible; Baiduspider/2.0; +http://www.baidu.com/search/spider.html)"
123.125.71.14 - - [30/Jan/2012:13:35:27 +0100] "GET / HTTP/1.1" 200 291 "-" "Mozilla/5.0 (compatible; Baiduspider/2.0; +http://www.baidu.com/search/spider.html)"
124.115.6.10 - - [30/Jan/2012:17:07:48 +0100] "GET /robots.txt HTTP/1.1" 404 504 "-" "Sosospider+(+http://help.soso.com/webspider.htm)"
123.125.71.78 - - [30/Jan/2012:18:53:44 +0100] "GET /robots.txt HTTP/1.1" 404 466 "-" "Baiduspider+(+http://www.baidu.com/search/spider.htm)"
220.181.108.90 - - [31/Jan/2012:05:33:01 +0100] "GET / HTTP/1.1" 200 291 "-" "Mozilla/5.0 (compatible; Baiduspider/2.0; +http://www.baidu.com/search/spider.html)"
123.125.71.18 - - [31/Jan/2012:05:33:21 +0100] "GET / HTTP/1.1" 200 291 "-" "Mozilla/5.0 (compatible; Baiduspider/2.0; +http://www.baidu.com/search/spider.html)"
123.125.71.117 - - [31/Jan/2012:09:45:07 +0100] "GET / HTTP/1.1" 200 335 "-" "Mozilla/5.0 (compatible; Baiduspider/2.0; +http://www.baidu.com/search/spider.html)"
66.249.72.161 - - [31/Jan/2012:17:37:55 +0100] "GET /robots.txt HTTP/1.1" 404 504 "-" "Mozilla/5.0 (compatible; Googlebot/2.1; +http://www.google.com/bot.html)"
66.249.72.161 - - [31/Jan/2012:17:37:55 +0100] "GET /~gerard/bcrs/index.php?option=com_content&view=article&id=32:klaverjasavond-12-november&catid=12:kantine&Itemid=34 HTTP/1.1" 200 3087 "-" "Mozilla/5.0 (compatible; Googlebot/2.1; +http://www.google.com/bot.html)"
207.46.199.51 - - [31/Jan/2012:18:33:43 +0100] "GET /robots.txt HTTP/1.1" 404 529 "-" "Mozilla/5.0 (compatible; bingbot/2.0; +http://www.bing.com/bingbot.htm)"
207.46.12.76 - - [31/Jan/2012:18:34:52 +0100] "GET / HTTP/1.1" 200 316 "-" "Mozilla/5.0 (Windows NT 6.1; WOW64) AppleWebKit/534+ (KHTML, like Gecko) BingPreview/1.0b"
65.52.108.69 - - [31/Jan/2012:22:52:52 +0100] "GET /robots.txt HTTP/1.1" 404 529 "-" "Mozilla/5.0 (compatible; bingbot/2.0; +http://www.bing.com/bingbot.htm)"
207.46.204.209 - - [31/Jan/2012:22:54:50 +0100] "GET / HTTP/1.1" 200 316 "-" "Mozilla/5.0 (Windows NT 6.1; WOW64) AppleWebKit/534+ (KHTML, like Gecko) BingPreview/1.0b"
124.115.6.10 - - [31/Jan/2012:23:35:32 +0100] "GET /robots.txt HTTP/1.1" 404 504 "-" "Sosospider+(+http://help.soso.com/webspider.htm)"
123.125.71.76 - - [31/Jan/2012:23:57:09 +0100] "GET /robots.txt HTTP/1.1" 404 466 "-" "Baiduspider+(+http://www.baidu.com/search/spider.htm)"
193.252.118.176 - - [01/Feb/2012:01:12:38 +0100] "GET / HTTP/1.1" 200 335 "-" "Mozilla/5.0 (Windows; U; Windows NT 5.1; fr; rv:1.8.1) VoilaBot BETA 1.2 (support.voilabot@orange-ftgroup.com)"
65.52.108.69 - - [01/Feb/2012:01:18:38 +0100] "GET /robots.txt HTTP/1.1" 404 529 "-" "Mozilla/5.0 (compatible; bingbot/2.0; +http://www.bing.com/bingbot.htm)"
208.80.194.34 - - [01/Feb/2012:03:05:24 +0100] "GET / HTTP/1.0" 200 291 "-" "Mozilla/4.0 (compatible; MSIE 6.0; Windows NT 5.1; {2BFB2870-C007-D60E-BC6E-1155A669120D})"
