88.191.95.247 - - [24/Feb/2012:00:40:28 +0100] "GET //wp/wp-content/themes/aranovo/scripts/timthumb.php HTTP/1.1" 404 491 "-" "Mozilla/5.0"
88.191.95.247 - - [24/Feb/2012:00:40:28 +0100] "GET //wp/wp-content/themes/arras/library/timthumb.php HTTP/1.1" 404 490 "-" "Mozilla/5.0"
88.191.95.247 - - [24/Feb/2012:00:40:29 +0100] "GET //wp/wp-content/themes/arras-theme/library/timthumb.php HTTP/1.1" 404 493 "-" "Mozilla/5.0"
88.191.95.247 - - [24/Feb/2012:00:40:29 +0100] "GET //wp/wp-content/themes/arthemix-bronze/scripts/timthumb.php HTTP/1.1" 404 497 "-" "Mozilla/5.0"
88.191.95.247 - - [24/Feb/2012:00:40:29 +0100] "GET //wp/wp-content/themes/arthemix-green/scripts/timthumb.php HTTP/1.1" 404 495 "-" "Mozilla/5.0"
88.191.95.247 - - [24/Feb/2012:00:40:29 +0100] "GET //wp/wp-content/themes/artisan/includes/timthumb.php HTTP/1.1" 404 492 "-" "Mozilla/5.0"
88.191.95.247 - - [24/Feb/2012:00:40:30 +0100] "GET //wp/wp-content/themes/a-simple-business-theme/scripts/timthumb.php HTTP/1.1" 404 501 "-" "Mozilla/5.0"
88.191.95.247 - - [24/Feb/2012:00:40:30 +0100] "GET //wp/wp-content/themes/a-supercms/timthumb.php HTTP/1.1" 404 488 "-" "Mozilla/5.0"
88.191.95.247 - - [24/Feb/2012:00:40:30 +0100] "GET //wp/wp-content/themes/aureola/scripts/timthumb.php HTTP/1.1" 404 490 "-" "Mozilla/5.0"
88.191.95.247 - - [24/Feb/2012:00:40:31 +0100] "GET //wp/wp-content/themes/aurorae/timthumb.php HTTP/1.1" 404 486 "-" "Mozilla/5.0"
88.191.95.247 - - [24/Feb/2012:00:40:31 +0100] "GET //wp/wp-content/themes/autofashion/thumb.php HTTP/1.1" 404 487 "-" "Mozilla/5.0"
88.191.95.247 - - [24/Feb/2012:00:40:31 +0100] "GET //wp/wp-content/themes/automotive-blog-theme/Quick Cash Auto/timthumb.php HTTP/1.1" 404 491 "-" "Mozilla/5.0"
88.191.95.247 - - [24/Feb/2012:00:40:31 +0100] "GET //wp/wp-content/themes/automotive-blog-theme/timthumb.php HTTP/1.1" 404 495 "-" "Mozilla/5.0"
88.191.95.247 - - [24/Feb/2012:00:40:32 +0100] "GET //wp/wp-content/themes/bikes/thumb.php HTTP/1.1" 404 483 "-" "Mozilla/5.0"
88.191.95.247 - - [24/Feb/2012:00:40:32 +0100] "GET //wp/wp-content/themes/black_eve/timthumb.php HTTP/1.1" 404 489 "-" "Mozilla/5.0"
88.191.95.247 - - [24/Feb/2012:00:40:32 +0100] "GET //wp/wp-content/themes/blex/scripts/timthumb.php HTTP/1.1" 404 490 "-" "Mozilla/5.0"
88.191.95.247 - - [24/Feb/2012:00:40:33 +0100] "GET //wp/wp-content/themes/bloggnorge-a1/scripts/timthumb.php HTTP/1.1" 404 497 "-" "Mozilla/5.0"
88.191.95.247 - - [24/Feb/2012:00:40:33 +0100] "GET //wp/wp-content/themes/blogified/timthumb.php HTTP/1.1" 404 488 "-" "Mozilla/5.0"
88.191.95.247 - - [24/Feb/2012:00:40:33 +0100] "GET //wp/wp-content/themes/blue-corporate-hyve-theme/timthumb.php HTTP/1.1" 404 496 "-" "Mozilla/5.0"
88.191.95.247 - - [24/Feb/2012:00:40:33 +0100] "GET //wp/wp-content/themes/bluemag/library/timthumb.php HTTP/1.1" 404 492 "-" "Mozilla/5.0"
88.191.95.247 - - [24/Feb/2012:00:40:34 +0100] "GET //wp/wp-content/themes/blue-news/scripts/timthumb.php HTTP/1.1" 404 492 "-" "Mozilla/5.0"
88.191.95.247 - - [24/Feb/2012:00:40:34 +0100] "GET //wp/wp-content/themes/bombax/includes/timthumb.php HTTP/1.1" 404 492 "-" "Mozilla/5.0"
88.191.95.247 - - [24/Feb/2012:00:40:34 +0100] "GET //wp/wp-content/themes/breakingnewz/timthumb.php HTTP/1.1" 404 491 "-" "Mozilla/5.0"
88.191.95.247 - - [24/Feb/2012:00:40:35 +0100] "GET //wp/wp-content/themes/brightsky/scripts/timthumb.php HTTP/1.1" 404 493 "-" "Mozilla/5.0"
88.191.95.247 - - [24/Feb/2012:00:40:35 +0100] "GET //wp/wp-content/themes/brochure-melbourne/includes/timthumb.php HTTP/1.1" 404 500 "-" "Mozilla/5.0"
88.191.95.247 - - [24/Feb/2012:00:40:35 +0100] "GET //wp/wp-content/themes/business-turnkey/assets/js/timthumb.php HTTP/1.1" 404 499 "-" "Mozilla/5.0"
88.191.95.247 - - [24/Feb/2012:00:40:35 +0100] "GET //wp/wp-content/themes/calotropis/includes/timthumb.php HTTP/1.1" 404 494 "-" "Mozilla/5.0"
88.191.95.247 - - [24/Feb/2012:00:40:36 +0100] "GET //wp/wp-content/themes/coffee-lite/thumb.php HTTP/1.1" 404 487 "-" "Mozilla/5.0"
88.191.95.247 - - [24/Feb/2012:00:40:36 +0100] "GET //wp/wp-content/themes/comet/scripts/timthumb.php HTTP/1.1" 404 489 "-" "Mozilla/5.0"
88.191.95.247 - - [24/Feb/2012:00:40:36 +0100] "GET //wp/wp-content/themes/conceditor-wp-strict/scripts/timthumb.php HTTP/1.1" 404 498 "-" "Mozilla/5.0"
88.191.95.247 - - [24/Feb/2012:00:40:37 +0100] "GET //wp/wp-content/themes/constructor/layouts/thumb.php HTTP/1.1" 404 491 "-" "Mozilla/5.0"
88.191.95.247 - - [24/Feb/2012:00:40:37 +0100] "GET //wp/wp-content/themes/constructor/libs/timthumb.php HTTP/1.1" 404 491 "-" "Mozilla/5.0"
88.191.95.247 - - [24/Feb/2012:00:40:37 +0100] "GET //wp/wp-content/themes/constructor/timthumb.php HTTP/1.1" 404 488 "-" "Mozilla/5.0"
88.191.95.247 - - [24/Feb/2012:00:40:37 +0100] "GET //wp/wp-content/themes/coverht-wp/scripts/timthumb.php HTTP/1.1" 404 492 "-" "Mozilla/5.0"
88.191.95.247 - - [24/Feb/2012:00:40:38 +0100] "GET //wp/wp-content/themes/cover-wp/scripts/timthumb.php HTTP/1.1" 404 491 "-" "Mozilla/5.0"
88.191.95.247 - - [24/Feb/2012:00:40:38 +0100] "GET //wp/wp-content/themes/DailyNotes/timthumb.php HTTP/1.1" 404 488 "-" "Mozilla/5.0"
88.191.95.247 - - [24/Feb/2012:00:40:38 +0100] "GET //wp/wp-content/themes/dark-dream-media/timthumb.php HTTP/1.1" 404 492 "-" "Mozilla/5.0"
88.191.95.247 - - [24/Feb/2012:00:40:39 +0100] "GET //wp/wp-content/themes/deep-blue/timthumb.php HTTP/1.1" 404 487 "-" "Mozilla/5.0"
88.191.95.247 - - [24/Feb/2012:00:40:39 +0100] "GET //wp/wp-content/themes/DeepFocus/timthumb.php HTTP/1.1" 404 487 "-" "Mozilla/5.0"
88.191.95.247 - - [24/Feb/2012:00:40:39 +0100] "GET //wp/wp-content/themes/delicate/thumb.php HTTP/1.1" 404 484 "-" "Mozilla/5.0"
88.191.95.247 - - [24/Feb/2012:00:40:39 +0100] "GET //wp/wp-content/themes/diamond-ray/thumb.php HTTP/1.1" 404 487 "-" "Mozilla/5.0"
88.191.95.247 - - [24/Feb/2012:00:40:40 +0100] "GET //wp/wp-content/themes/dieselclothings/thumb.php HTTP/1.1" 404 489 "-" "Mozilla/5.0"
88.191.95.247 - - [24/Feb/2012:00:40:40 +0100] "GET //wp/wp-content/themes/digitalblue/thumb.php HTTP/1.1" 404 488 "-" "Mozilla/5.0"
88.191.95.247 - - [24/Feb/2012:00:40:40 +0100] "GET //wp/wp-content/themes/dimenzion/timthumb.php HTTP/1.1" 404 488 "-" "Mozilla/5.0"
88.191.95.247 - - [24/Feb/2012:00:40:41 +0100] "GET //wp/wp-content/themes/eNews/timthumb.php HTTP/1.1" 404 485 "-" "Mozilla/5.0"
88.191.95.247 - - [24/Feb/2012:00:40:41 +0100] "GET //wp/wp-content/themes/epione/script/timthumb.php HTTP/1.1" 404 489 "-" "Mozilla/5.0"
88.191.95.247 - - [24/Feb/2012:00:40:41 +0100] "GET //wp/wp-content/themes/evr-green/scripts/timthumb.php HTTP/1.1" 404 492 "-" "Mozilla/5.0"
88.191.95.247 - - [24/Feb/2012:00:40:42 +0100] "GET //wp/wp-content/themes/famous/megaframe/megapanel/inc/upload.php HTTP/1.1" 404 499 "-" "Mozilla/5.0"
88.191.95.247 - - [24/Feb/2012:00:40:42 +0100] "GET //wp/wp-content/themes/famous/timthumb.php HTTP/1.1" 404 486 "-" "Mozilla/5.0"
88.191.95.247 - - [24/Feb/2012:00:40:42 +0100] "GET //wp/wp-content/themes/fashion-style/thumb.php HTTP/1.1" 404 488 "-" "Mozilla/5.0"
88.191.95.247 - - [24/Feb/2012:00:40:42 +0100] "GET //wp/wp-content/themes/featuring/timthumb.php HTTP/1.1" 404 488 "-" "Mozilla/5.0"
88.191.95.247 - - [24/Feb/2012:00:40:43 +0100] "GET //wp/wp-content/themes/fliphoto/timthumb.php HTTP/1.1" 404 487 "-" "Mozilla/5.0"
88.191.95.247 - - [24/Feb/2012:00:40:43 +0100] "GET //wp/wp-content/themes/flix/timthumb.php HTTP/1.1" 404 485 "-" "Mozilla/5.0"
88.191.95.247 - - [24/Feb/2012:00:40:43 +0100] "GET //wp/wp-content/themes/fordreporter/scripts/thumb.php HTTP/1.1" 404 492 "-" "Mozilla/5.0"
88.191.95.247 - - [24/Feb/2012:00:40:43 +0100] "GET //wp/wp-content/themes/freeside/thumb.php HTTP/1.1" 404 484 "-" "Mozilla/5.0"
88.191.95.247 - - [24/Feb/2012:00:40:44 +0100] "GET //wp/wp-content/themes/fresh-blu/scripts/timthumb.php HTTP/1.1" 404 492 "-" "Mozilla/5.0"
88.191.95.247 - - [24/Feb/2012:00:40:44 +0100] "GET //wp/wp-content/themes/go-green/modules/timthumb.php HTTP/1.1" 404 492 "-" "Mozilla/5.0"
88.191.95.247 - - [24/Feb/2012:00:40:44 +0100] "GET //wp/wp-content/themes/granite-lite/scripts/timthumb.php HTTP/1.1" 404 495 "-" "Mozilla/5.0"
88.191.95.247 - - [24/Feb/2012:00:40:45 +0100] "GET //wp/wp-content/themes/greydove/timthumb.php HTTP/1.1" 404 488 "-" "Mozilla/5.0"
88.191.95.247 - - [24/Feb/2012:00:40:45 +0100] "GET //wp/wp-content/themes/greyzed/functions/efrog/lib/timthumb.php HTTP/1.1" 404 501 "-" "Mozilla/5.0"
88.191.95.247 - - [24/Feb/2012:00:40:45 +0100] "GET //wp/wp-content/themes/gunungkidul/thumb.php HTTP/1.1" 404 489 "-" "Mozilla/5.0"
88.191.95.247 - - [24/Feb/2012:00:40:45 +0100] "GET //wp/wp-content/themes/heartspotting-beta/thumb.php HTTP/1.1" 404 490 "-" "Mozilla/5.0"
88.191.95.247 - - [24/Feb/2012:00:40:46 +0100] "GET //wp/wp-content/themes/heli-1-wordpress-theme/images/timthumb.php HTTP/1.1" 404 499 "-" "Mozilla/5.0"
88.191.95.247 - - [24/Feb/2012:00:40:46 +0100] "GET //wp/wp-content/themes/ideatheme/timthumb.php HTTP/1.1" 404 485 "-" "Mozilla/5.0"
88.191.95.247 - - [24/Feb/2012:00:40:46 +0100] "GET //wp/wp-content/themes/impressio/timthumb/timthumb.php HTTP/1.1" 404 488 "-" "Mozilla/5.0"
88.191.95.247 - - [24/Feb/2012:00:40:46 +0100] "GET //wp/wp-content/themes/introvert/thumb.php HTTP/1.1" 404 484 "-" "Mozilla/5.0"
88.191.95.247 - - [24/Feb/2012:00:40:47 +0100] "GET //wp/wp-content/themes/inuit-types/thumb.php HTTP/1.1" 404 487 "-" "Mozilla/5.0"
88.191.95.247 - - [24/Feb/2012:00:40:47 +0100] "GET //wp/wp-content/themes/isotherm-news/thumb.php HTTP/1.1" 404 487 "-" "Mozilla/5.0"
88.191.95.247 - - [24/Feb/2012:00:40:48 +0100] "GET //wp/wp-content/themes/iwana-v10/timthumb.php HTTP/1.1" 404 488 "-" "Mozilla/5.0"
88.191.95.247 - - [24/Feb/2012:00:40:48 +0100] "GET //wp/wp-content/themes/jambo/thumb.php HTTP/1.1" 404 483 "-" "Mozilla/5.0"
88.191.95.247 - - [24/Feb/2012:00:40:48 +0100] "GET //wp/wp-content/themes/jcblackone/thumb.php HTTP/1.1" 404 487 "-" "Mozilla/5.0"
88.191.95.247 - - [24/Feb/2012:00:40:49 +0100] "GET //wp/wp-content/themes/kratalistic/thumb.php HTTP/1.1" 404 488 "-" "Mozilla/5.0"
88.191.95.247 - - [24/Feb/2012:00:40:49 +0100] "GET //wp/wp-content/themes/life-style-free/thumb.php HTTP/1.1" 404 490 "-" "Mozilla/5.0"
88.191.95.247 - - [24/Feb/2012:00:40:49 +0100] "GET //wp/wp-content/themes/likehacker/timthumb.php HTTP/1.1" 404 489 "-" "Mozilla/5.0"
88.191.95.247 - - [24/Feb/2012:00:40:49 +0100] "GET //wp/wp-content/themes/litepress/scripts/timthumb.php HTTP/1.1" 404 491 "-" "Mozilla/5.0"
88.191.95.247 - - [24/Feb/2012:00:40:50 +0100] "GET //wp/wp-content/themes/loganpress-premium-theme-1/thumb.php HTTP/1.1" 404 495 "-" "Mozilla/5.0"
88.191.95.247 - - [24/Feb/2012:00:40:50 +0100] "GET //wp/wp-content/themes/magazine-basic/thumb.php HTTP/1.1" 404 490 "-" "Mozilla/5.0"
88.191.95.247 - - [24/Feb/2012:00:40:50 +0100] "GET //wp/wp-content/themes/magup/timthumb.php HTTP/1.1" 404 486 "-" "Mozilla/5.0"
88.191.95.247 - - [24/Feb/2012:00:40:51 +0100] "GET //wp/wp-content/themes/make-money-online-theme-1/scripts/timthumb.php HTTP/1.1" 404 503 "-" "Mozilla/5.0"
88.191.95.247 - - [24/Feb/2012:00:40:51 +0100] "GET //wp/wp-content/themes/make-money-online-theme-2/scripts/timthumb.php HTTP/1.1" 404 503 "-" "Mozilla/5.0"
88.191.95.247 - - [24/Feb/2012:00:40:51 +0100] "GET //wp/wp-content/themes/make-money-online-theme-3/scripts/timthumb.php HTTP/1.1" 404 503 "-" "Mozilla/5.0"
88.191.95.247 - - [24/Feb/2012:00:40:51 +0100] "GET //wp/wp-content/themes/make-money-online-theme-4/scripts/timthumb.php HTTP/1.1" 404 503 "-" "Mozilla/5.0"
88.191.95.247 - - [24/Feb/2012:00:40:52 +0100] "GET //wp/wp-content/themes/make-money-online-theme/scripts/timthumb.php HTTP/1.1" 404 501 "-" "Mozilla/5.0"
88.191.95.247 - - [24/Feb/2012:00:40:52 +0100] "GET //wp/wp-content/themes/meintest/layouts/thumb.php HTTP/1.1" 404 489 "-" "Mozilla/5.0"
88.191.95.247 - - [24/Feb/2012:00:40:52 +0100] "GET //wp/wp-content/themes/mobilephonecomparision/thumb.php HTTP/1.1" 404 493 "-" "Mozilla/5.0"
88.191.95.247 - - [24/Feb/2012:00:40:52 +0100] "GET //wp/wp-content/themes/moi-magazine/timthumb.php HTTP/1.1" 404 491 "-" "Mozilla/5.0"
88.191.95.247 - - [24/Feb/2012:00:40:53 +0100] "GET //wp/wp-content/themes/my-heli/images/timthumb.php HTTP/1.1" 404 491 "-" "Mozilla/5.0"
88.191.95.247 - - [24/Feb/2012:00:40:53 +0100] "GET //wp/wp-content/themes/mymag/timthumb.php HTTP/1.1" 404 486 "-" "Mozilla/5.0"
88.191.95.247 - - [24/Feb/2012:00:40:53 +0100] "GET //wp/wp-content/themes/mystique/extensions/auto-thumb/timthumb.php HTTP/1.1" 404 499 "-" "Mozilla/5.0"
88.191.95.247 - - [24/Feb/2012:00:40:54 +0100] "GET //wp/wp-content/themes/nash/theme-assets/php/timthumb.php HTTP/1.1" 404 492 "-" "Mozilla/5.0"
88.191.95.247 - - [24/Feb/2012:00:40:54 +0100] "GET //wp/wp-content/themes/neofresh/timthumb.php HTTP/1.1" 404 486 "-" "Mozilla/5.0"
88.191.95.247 - - [24/Feb/2012:00:40:54 +0100] "GET //wp/wp-content/themes/neo_wdl/includes/extensions/thumb.php HTTP/1.1" 404 498 "-" "Mozilla/5.0"
88.191.95.247 - - [24/Feb/2012:00:40:54 +0100] "GET //wp/wp-content/themes/new-green-natural-living-ngnl/scripts/timthumb.php HTTP/1.1" 404 507 "-" "Mozilla/5.0"
88.191.95.247 - - [24/Feb/2012:00:40:55 +0100] "GET //wp/wp-content/themes/newspress/thumb.php HTTP/1.1" 404 484 "-" "Mozilla/5.0"
88.191.95.247 - - [24/Feb/2012:00:40:55 +0100] "GET //wp/wp-content/themes/pearlie/scripts/timthumb.php HTTP/1.1" 404 490 "-" "Mozilla/5.0"
88.191.95.247 - - [24/Feb/2012:00:40:55 +0100] "GET //wp/wp-content/themes/pico/scripts/timthumb.php HTTP/1.1" 404 489 "-" "Mozilla/5.0"
88.191.95.247 - - [24/Feb/2012:00:40:55 +0100] "GET //wp/wp-content/themes/postage-sydney/includes/timthumb.php HTTP/1.1" 404 498 "-" "Mozilla/5.0"
88.191.95.247 - - [24/Feb/2012:00:40:56 +0100] "GET //wp/wp-content/themes/premium-violet/thumb.php HTTP/1.1" 404 489 "-" "Mozilla/5.0"
88.191.95.247 - - [24/Feb/2012:00:40:56 +0100] "GET //wp/wp-content/themes/probluezine/timthumb.php HTTP/1.1" 404 489 "-" "Mozilla/5.0"
88.191.95.247 - - [24/Feb/2012:00:40:56 +0100] "GET //wp/wp-content/themes/pronto/cjl/pronto/uploadify/check.php HTTP/1.1" 404 495 "-" "Mozilla/5.0"
88.191.95.247 - - [24/Feb/2012:00:40:57 +0100] "GET //wp/wp-content/themes/pronto/cjl/pronto/uploadify/uploadify.php HTTP/1.1" 404 493 "-" "Mozilla/5.0"
88.191.95.247 - - [24/Feb/2012:00:40:57 +0100] "GET //wp/wp-content/themes/r755/thumb.php HTTP/1.1" 404 483 "-" "Mozilla/5.0"
88.191.95.247 - - [24/Feb/2012:00:40:57 +0100] "GET //wp/wp-content/themes/regal/timthumb.php HTTP/1.1" 404 485 "-" "Mozilla/5.0"
88.191.95.247 - - [24/Feb/2012:00:40:57 +0100] "GET //wp/wp-content/themes/sakura/plugins/woo-tumblog/functions/cache/timthumb.php HTTP/1.1" 404 509 "-" "Mozilla/5.0"
88.191.95.247 - - [24/Feb/2012:00:40:58 +0100] "GET //wp/wp-content/themes/shaan/timthumb.php HTTP/1.1" 404 485 "-" "Mozilla/5.0"
88.191.95.247 - - [24/Feb/2012:00:40:58 +0100] "GET //wp/wp-content/themes/shadow-block/thumb.php HTTP/1.1" 404 488 "-" "Mozilla/5.0"
88.191.95.247 - - [24/Feb/2012:00:40:58 +0100] "GET //wp/wp-content/themes/shadow/timthumb.php HTTP/1.1" 404 485 "-" "Mozilla/5.0"
88.191.95.247 - - [24/Feb/2012:00:40:59 +0100] "GET //wp/wp-content/themes/simple-but-great/timthumb.php HTTP/1.1" 404 493 "-" "Mozilla/5.0"
88.191.95.247 - - [24/Feb/2012:00:40:59 +0100] "GET //wp/wp-content/themes/simplenews_premium/scripts/timthumb.php HTTP/1.1" 404 500 "-" "Mozilla/5.0"
88.191.95.247 - - [24/Feb/2012:00:40:59 +0100] "GET //wp/wp-content/themes/SimplePress/timthumb.php HTTP/1.1" 404 488 "-" "Mozilla/5.0"
88.191.95.247 - - [24/Feb/2012:00:40:59 +0100] "GET //wp/wp-content/themes/simple-red-theme/timthumb.php HTTP/1.1" 404 490 "-" "Mozilla/5.0"
88.191.95.247 - - [24/Feb/2012:00:41:00 +0100] "GET //wp/wp-content/themes/simple-tabloid/thumb.php HTTP/1.1" 404 489 "-" "Mozilla/5.0"
88.191.95.247 - - [24/Feb/2012:00:41:00 +0100] "GET //wp/wp-content/themes/simplewhite/timthumb.php HTTP/1.1" 404 488 "-" "Mozilla/5.0"
88.191.95.247 - - [24/Feb/2012:00:41:00 +0100] "GET //wp/wp-content/themes/slidette/timThumb/timthumb.php HTTP/1.1" 404 490 "-" "Mozilla/5.0"
88.191.95.247 - - [24/Feb/2012:00:41:01 +0100] "GET //wp/wp-content/themes/snowblind_colbert/thumb.php HTTP/1.1" 404 491 "-" "Mozilla/5.0"
88.191.95.247 - - [24/Feb/2012:00:41:01 +0100] "GET //wp/wp-content/themes/snowblind/thumb.php HTTP/1.1" 404 486 "-" "Mozilla/5.0"
88.191.95.247 - - [24/Feb/2012:00:41:01 +0100] "GET //wp/wp-content/themes/spotlight/timthumb.php HTTP/1.1" 404 488 "-" "Mozilla/5.0"
88.191.95.247 - - [24/Feb/2012:00:41:02 +0100] "GET //wp/wp-content/themes/squeezepage/timthumb.php HTTP/1.1" 404 489 "-" "Mozilla/5.0"
88.191.95.247 - - [24/Feb/2012:00:41:02 +0100] "GET //wp/wp-content/themes/standout/thumb.php HTTP/1.1" 404 484 "-" "Mozilla/5.0"
88.191.95.247 - - [24/Feb/2012:00:41:03 +0100] "GET //wp/wp-content/themes/suffusion/timthumb.php HTTP/1.1" 404 488 "-" "Mozilla/5.0"
88.191.95.247 - - [24/Feb/2012:00:41:03 +0100] "GET //wp/wp-content/themes/swift/includes/thumb.php HTTP/1.1" 404 489 "-" "Mozilla/5.0"
88.191.95.247 - - [24/Feb/2012:00:41:03 +0100] "GET //wp/wp-content/themes/swift/includes/timthumb.php HTTP/1.1" 404 491 "-" "Mozilla/5.0"
88.191.95.247 - - [24/Feb/2012:00:41:04 +0100] "GET //wp/wp-content/themes/swift/timthumb.php HTTP/1.1" 404 485 "-" "Mozilla/5.0"
88.191.95.247 - - [24/Feb/2012:00:41:04 +0100] "GET //wp/wp-content/themes/techozoic-fluid/options/thumb.php HTTP/1.1" 404 496 "-" "Mozilla/5.0"
88.191.95.247 - - [24/Feb/2012:00:41:04 +0100] "GET //wp/wp-content/themes/the_dark_os/tools/timthumb.php HTTP/1.1" 404 492 "-" "Mozilla/5.0"
88.191.95.247 - - [24/Feb/2012:00:41:05 +0100] "GET //wp/wp-content/themes/themetiger-fashion/thumb.php HTTP/1.1" 404 490 "-" "Mozilla/5.0"
88.191.95.247 - - [24/Feb/2012:00:41:05 +0100] "GET //wp/wp-content/themes/theory/thumb.php HTTP/1.1" 404 483 "-" "Mozilla/5.0"
88.191.95.247 - - [24/Feb/2012:00:41:05 +0100] "GET //wp/wp-content/themes/TheStyle/timthumb.php HTTP/1.1" 404 487 "-" "Mozilla/5.0"
88.191.95.247 - - [24/Feb/2012:00:41:06 +0100] "GET //wp/wp-content/themes/the-theme/core/libs/thumbnails/thumb.php HTTP/1.1" 404 493 "-" "Mozilla/5.0"
88.191.95.247 - - [24/Feb/2012:00:41:06 +0100] "GET //wp/wp-content/themes/thrillingtheme/thumb.php HTTP/1.1" 404 487 "-" "Mozilla/5.0"
88.191.95.247 - - [24/Feb/2012:00:41:06 +0100] "GET //wp/wp-content/themes/tm-theme/js/timthumb.php HTTP/1.1" 404 487 "-" "Mozilla/5.0"
88.191.95.247 - - [24/Feb/2012:00:41:07 +0100] "GET //wp/wp-content/themes/totallyred/scripts/timthumb.php HTTP/1.1" 404 493 "-" "Mozilla/5.0"
88.191.95.247 - - [24/Feb/2012:00:41:07 +0100] "GET //wp/wp-content/themes/travelogue-theme/scripts/timthumb.php HTTP/1.1" 404 496 "-" "Mozilla/5.0"
88.191.95.247 - - [24/Feb/2012:00:41:07 +0100] "GET //wp/wp-content/themes/true-blue-theme/timthumb.php HTTP/1.1" 404 489 "-" "Mozilla/5.0"
88.191.95.247 - - [24/Feb/2012:00:41:08 +0100] "GET //wp/wp-content/themes/ttnews-theme/timthumb.php HTTP/1.1" 404 487 "-" "Mozilla/5.0"
88.191.95.247 - - [24/Feb/2012:00:41:08 +0100] "GET //wp/wp-content/themes/twittplus/scripts/timthumb.php HTTP/1.1" 404 492 "-" "Mozilla/5.0"
88.191.95.247 - - [24/Feb/2012:00:41:08 +0100] "GET //wp/wp-content/themes/typographywp/timthumb.php HTTP/1.1" 404 489 "-" "Mozilla/5.0"
88.191.95.247 - - [24/Feb/2012:00:41:09 +0100] "GET //wp/wp-content/themes/ugly/timthumb.php HTTP/1.1" 404 485 "-" "Mozilla/5.0"
88.191.95.247 - - [24/Feb/2012:00:41:09 +0100] "GET //wp/wp-content/themes/unity/timthumb.php HTTP/1.1" 404 485 "-" "Mozilla/5.0"
88.191.95.247 - - [24/Feb/2012:00:41:09 +0100] "GET //wp/wp-content/themes/versitility/timthumb.php HTTP/1.1" 404 488 "-" "Mozilla/5.0"
88.191.95.247 - - [24/Feb/2012:00:41:10 +0100] "GET //wp/wp-content/themes/vibefolio-teaser-10/scripts/timthumb.php HTTP/1.1" 404 500 "-" "Mozilla/5.0"
88.191.95.247 - - [24/Feb/2012:00:41:10 +0100] "GET //wp/wp-content/themes/vina/thumb.php HTTP/1.1" 404 482 "-" "Mozilla/5.0"
88.191.95.247 - - [24/Feb/2012:00:41:10 +0100] "GET //wp/wp-content/themes/whitemag/script/thumb.php HTTP/1.1" 404 489 "-" "Mozilla/5.0"
88.191.95.247 - - [24/Feb/2012:00:41:11 +0100] "GET //wp/wp-content/themes/wpapi/thumb.php HTTP/1.1" 404 482 "-" "Mozilla/5.0"
88.191.95.247 - - [24/Feb/2012:00:41:11 +0100] "GET //wp/wp-content/themes/wpbus-d4/includes/timthumb.php HTTP/1.1" 404 492 "-" "Mozilla/5.0"
88.191.95.247 - - [24/Feb/2012:00:41:11 +0100] "GET //wp/wp-content/themes/wp-creativix/scripts/timthumb.php HTTP/1.1" 404 494 "-" "Mozilla/5.0"
88.191.95.247 - - [24/Feb/2012:00:41:12 +0100] "GET //wp/wp-content/themes/wp-newsmagazine/scripts/timthumb.php HTTP/1.1" 404 497 "-" "Mozilla/5.0"
88.191.95.247 - - [24/Feb/2012:00:41:12 +0100] "GET //wp/wp-content/themes/wp-perfect/js/timthumb.php HTTP/1.1" 404 489 "-" "Mozilla/5.0"
88.191.95.247 - - [24/Feb/2012:00:41:12 +0100] "GET //wp/wp-content/themes/wp-premium-orange/timthumb.php HTTP/1.1" 404 492 "-" "Mozilla/5.0"
88.191.95.247 - - [24/Feb/2012:00:41:13 +0100] "GET //wp/wp-content/themes/xiando-one/thumb.php HTTP/1.1" 404 486 "-" "Mozilla/5.0"
88.191.95.247 - - [24/Feb/2012:00:41:13 +0100] "GET //wp/wp-content/themes/zcool-like/timthumb.php HTTP/1.1" 404 489 "-" "Mozilla/5.0"
66.249.72.205 - - [24/Feb/2012:01:58:16 +0100] "GET /robots.txt HTTP/1.1" 404 504 "-" "Mozilla/5.0 (compatible; Googlebot/2.1; +http://www.google.com/bot.html)"
66.249.72.205 - - [24/Feb/2012:01:58:16 +0100] "GET /~gerard/bcrs/index.php?option=com_content&view=category&id=6:jeugd&Itemid=34&layout=default HTTP/1.1" 200 3584 "-" "Mozilla/5.0 (compatible; Googlebot/2.1; +http://www.google.com/bot.html)"
123.125.71.12 - - [24/Feb/2012:05:30:34 +0100] "GET / HTTP/1.1" 200 291 "-" "Mozilla/5.0 (compatible; Baiduspider/2.0; +http://www.baidu.com/search/spider.html)"
220.181.108.88 - - [24/Feb/2012:05:31:06 +0100] "GET / HTTP/1.1" 200 291 "-" "Mozilla/5.0 (compatible; Baiduspider/2.0; +http://www.baidu.com/search/spider.html)"
114.80.93.71 - - [24/Feb/2012:08:18:40 +0100] "GET / HTTP/1.1" 200 373 "-" "Mozilla/4.0 (compatible; MSIE 6.0; Windows NT 5.1)"
77.88.24.28 - - [24/Feb/2012:12:22:03 +0100] "GET /robots.txt HTTP/1.1" 404 529 "-" "Mozilla/5.0 (compatible; YandexBot/3.0; +http://yandex.com/bots)"
123.125.71.36 - - [24/Feb/2012:12:35:10 +0100] "GET / HTTP/1.1" 200 291 "-" "Mozilla/5.0 (compatible; Baiduspider/2.0; +http://www.baidu.com/search/spider.html)"
220.181.108.95 - - [24/Feb/2012:12:35:52 +0100] "GET / HTTP/1.1" 200 291 "-" "Mozilla/5.0 (compatible; Baiduspider/2.0; +http://www.baidu.com/search/spider.html)"
66.249.72.205 - - [24/Feb/2012:14:41:30 +0100] "GET /robots.txt HTTP/1.1" 404 504 "-" "Mozilla/5.0 (compatible; Googlebot/2.1; +http://www.google.com/bot.html)"
66.249.72.205 - - [24/Feb/2012:14:41:30 +0100] "GET /torrentflux/downloads/chanti HTTP/1.1" 404 515 "-" "Mozilla/5.0 (iPhone; U; CPU iPhone OS 4_1 like Mac OS X; en-us) AppleWebKit/532.9 (KHTML, like Gecko) Version/4.0.5 Mobile/8B117 Safari/6531.22.7 (compatible; Googlebot-Mobile/2.1; +http://www.google.com/bot.html)"
77.88.24.28 - - [24/Feb/2012:16:08:03 +0100] "GET / HTTP/1.1" 200 373 "-" "Mozilla/5.0 (compatible; YandexBot/3.0; +http://yandex.com/bots)"
114.80.93.71 - - [24/Feb/2012:16:42:29 +0100] "GET / HTTP/1.1" 200 373 "-" "Mozilla/4.0 (compatible; MSIE 6.0; Windows NT 5.1)"
123.125.71.84 - - [24/Feb/2012:18:55:19 +0100] "GET /robots.txt HTTP/1.1" 404 466 "-" "Baiduspider+(+http://www.baidu.com/search/spider.htm)"
124.115.6.10 - - [24/Feb/2012:19:10:41 +0100] "GET /robots.txt HTTP/1.1" 404 504 "-" "Sosospider+(+http://help.soso.com/webspider.htm)"
123.125.71.33 - - [24/Feb/2012:20:35:53 +0100] "GET / HTTP/1.1" 200 291 "-" "Mozilla/5.0 (compatible; Baiduspider/2.0; +http://www.baidu.com/search/spider.html)"
220.181.108.88 - - [24/Feb/2012:20:36:35 +0100] "GET / HTTP/1.1" 200 291 "-" "Mozilla/5.0 (compatible; Baiduspider/2.0; +http://www.baidu.com/search/spider.html)"
193.252.118.176 - - [25/Feb/2012:01:14:45 +0100] "GET / HTTP/1.1" 200 335 "-" "Mozilla/5.0 (Windows; U; Windows NT 5.1; fr; rv:1.8.1) VoilaBot BETA 1.2 (support.voilabot@orange-ftgroup.com)"
124.115.11.187 - - [25/Feb/2012:06:16:27 +0100] "GET / HTTP/1.1" 200 373 "-" "Mozilla/4.0 (compatible; MSIE 6.0; Windows NT 5.1)"
124.115.1.66 - - [25/Feb/2012:07:14:33 +0100] "GET / HTTP/1.1" 200 373 "-" "Mozilla/4.0 (compatible; MSIE 6.0; Windows NT 5.1)"
124.115.1.62 - - [25/Feb/2012:07:19:57 +0100] "GET / HTTP/1.1" 200 373 "-" "Mozilla/4.0 (compatible; MSIE 6.0; Windows NT 5.1)"
123.125.71.15 - - [25/Feb/2012:08:02:23 +0100] "GET / HTTP/1.1" 200 335 "-" "Mozilla/5.0 (compatible; Baiduspider/2.0; +http://www.baidu.com/search/spider.html)"
124.115.1.61 - - [25/Feb/2012:08:19:22 +0100] "GET / HTTP/1.1" 200 373 "-" "Mozilla/4.0 (compatible; MSIE 6.0; Windows NT 5.1)"
66.249.72.205 - - [25/Feb/2012:12:59:39 +0100] "GET /robots.txt HTTP/1.1" 404 504 "-" "Mozilla/5.0 (compatible; Googlebot/2.1; +http://www.google.com/bot.html)"
66.249.72.205 - - [25/Feb/2012:12:59:39 +0100] "GET /torrentflux/downloads/hans/Buena%20Vista%20Social%20Club%20-%20Rhythms%20Del%20Mundo HTTP/1.1" 404 543 "-" "Mozilla/5.0 (iPhone; U; CPU iPhone OS 4_1 like Mac OS X; en-us) AppleWebKit/532.9 (KHTML, like Gecko) Version/4.0.5 Mobile/8B117 Safari/6531.22.7 (compatible; Googlebot-Mobile/2.1; +http://www.google.com/bot.html)"
208.80.194.35 - - [25/Feb/2012:16:56:39 +0100] "GET / HTTP/1.0" 200 291 "-" "Mozilla/4.0 (compatible; MSIE 6.0; Windows NT 5.1; SV1; FunWebProducts; .NET CLR 1.0.3705; .NET CLR 1.1.4322; Media Center PC 4.0; .NET CLR 2.0.50727; HbTools 4.8.4)"
66.249.72.205 - - [25/Feb/2012:20:01:53 +0100] "GET /~gerard/bcrs/index.php?option=com_content&view=article&id=32:klaverjasavond-12-november&catid=12:kantine&Itemid=34 HTTP/1.1" 200 3089 "-" "Mozilla/5.0 (compatible; Googlebot/2.1; +http://www.google.com/bot.html)"
66.249.72.205 - - [25/Feb/2012:20:53:46 +0100] "GET /~gerard/bcrs/index.php?option=com_content&view=article&id=20&Itemid=33 HTTP/1.1" 200 3696 "-" "Mozilla/5.0 (compatible; Googlebot/2.1; +http://www.google.com/bot.html)"
123.125.71.21 - - [25/Feb/2012:21:31:08 +0100] "GET / HTTP/1.1" 200 291 "-" "Mozilla/5.0 (compatible; Baiduspider/2.0; +http://www.baidu.com/search/spider.html)"
220.181.108.89 - - [25/Feb/2012:21:31:16 +0100] "GET / HTTP/1.1" 200 291 "-" "Mozilla/5.0 (compatible; Baiduspider/2.0; +http://www.baidu.com/search/spider.html)"
124.115.6.10 - - [26/Feb/2012:04:12:05 +0100] "GET /robots.txt HTTP/1.1" 404 504 "-" "Sosospider+(+http://help.soso.com/webspider.htm)"
123.125.71.12 - - [26/Feb/2012:04:33:45 +0100] "GET / HTTP/1.1" 200 291 "-" "Mozilla/5.0 (compatible; Baiduspider/2.0; +http://www.baidu.com/search/spider.html)"
220.181.108.90 - - [26/Feb/2012:04:34:17 +0100] "GET / HTTP/1.1" 200 291 "-" "Mozilla/5.0 (compatible; Baiduspider/2.0; +http://www.baidu.com/search/spider.html)"
124.115.1.62 - - [26/Feb/2012:05:52:19 +0100] "GET / HTTP/1.1" 200 373 "-" "Mozilla/4.0 (compatible; MSIE 6.0; Windows NT 5.1)"
124.115.11.187 - - [26/Feb/2012:06:09:23 +0100] "GET / HTTP/1.1" 200 373 "-" "Mozilla/4.0 (compatible; MSIE 6.0; Windows NT 5.1)"
124.115.1.66 - - [26/Feb/2012:06:31:05 +0100] "GET / HTTP/1.1" 200 373 "-" "Mozilla/4.0 (compatible; MSIE 6.0; Windows NT 5.1)"
124.115.1.61 - - [26/Feb/2012:06:47:41 +0100] "GET / HTTP/1.1" 200 373 "-" "Mozilla/4.0 (compatible; MSIE 6.0; Windows NT 5.1)"
66.249.72.205 - - [26/Feb/2012:07:31:47 +0100] "GET /robots.txt HTTP/1.1" 404 504 "-" "Mozilla/5.0 (compatible; Googlebot/2.1; +http://www.google.com/bot.html)"
66.249.72.205 - - [26/Feb/2012:07:31:48 +0100] "GET /~gerard/bcrs/index.php?option=com_content&view=article&id=106&catid=13&Itemid=34 HTTP/1.1" 200 2711 "-" "Mozilla/5.0 (compatible; Googlebot/2.1; +http://www.google.com/bot.html)"
123.125.71.85 - - [26/Feb/2012:09:45:47 +0100] "GET /robots.txt HTTP/1.1" 404 466 "-" "Baiduspider+(+http://www.baidu.com/search/spider.htm)"
66.249.72.205 - - [26/Feb/2012:18:24:06 +0100] "GET / HTTP/1.1" 200 373 "-" "Mozilla/5.0 (iPhone; U; CPU iPhone OS 4_1 like Mac OS X; en-us) AppleWebKit/532.9 (KHTML, like Gecko) Version/4.0.5 Mobile/8B117 Safari/6531.22.7 (compatible; Googlebot-Mobile/2.1; +http://www.google.com/bot.html)"
220.181.108.86 - - [26/Feb/2012:21:32:12 +0100] "GET / HTTP/1.1" 200 291 "-" "Mozilla/5.0 (compatible; Baiduspider/2.0; +http://www.baidu.com/search/spider.html)"
123.125.71.26 - - [26/Feb/2012:21:32:19 +0100] "GET / HTTP/1.1" 200 291 "-" "Mozilla/5.0 (compatible; Baiduspider/2.0; +http://www.baidu.com/search/spider.html)"
114.80.93.71 - - [27/Feb/2012:03:35:11 +0100] "GET / HTTP/1.1" 200 373 "-" "Mozilla/4.0 (compatible; MSIE 6.0; Windows NT 5.1)"
66.249.72.205 - - [27/Feb/2012:04:56:42 +0100] "GET /robots.txt HTTP/1.1" 404 504 "-" "Mozilla/5.0 (compatible; Googlebot/2.1; +http://www.google.com/bot.html)"
66.249.72.205 - - [27/Feb/2012:04:56:42 +0100] "GET / HTTP/1.1" 304 210 "-" "Mozilla/5.0 (compatible; Googlebot/2.1; +http://www.google.com/bot.html)"
124.115.1.61 - - [27/Feb/2012:05:44:29 +0100] "GET / HTTP/1.1" 200 373 "-" "Mozilla/4.0 (compatible; MSIE 6.0; Windows NT 5.1)"
124.115.1.66 - - [27/Feb/2012:05:46:41 +0100] "GET / HTTP/1.1" 200 373 "-" "Mozilla/4.0 (compatible; MSIE 6.0; Windows NT 5.1)"
124.115.1.62 - - [27/Feb/2012:05:55:27 +0100] "GET / HTTP/1.1" 200 373 "-" "Mozilla/4.0 (compatible; MSIE 6.0; Windows NT 5.1)"
124.115.11.187 - - [27/Feb/2012:06:02:20 +0100] "GET / HTTP/1.1" 200 373 "-" "Mozilla/4.0 (compatible; MSIE 6.0; Windows NT 5.1)"
65.52.108.199 - - [27/Feb/2012:06:09:15 +0100] "GET /robots.txt HTTP/1.1" 404 529 "-" "Mozilla/5.0 (compatible; bingbot/2.0; +http://www.bing.com/bingbot.htm)"
65.52.108.199 - - [27/Feb/2012:06:44:44 +0100] "GET / HTTP/1.1" 304 211 "-" "Mozilla/5.0 (compatible; bingbot/2.0; +http://www.bing.com/bingbot.htm)"
207.46.12.76 - - [27/Feb/2012:06:44:45 +0100] "GET / HTTP/1.1" 200 316 "-" "Mozilla/5.0 (Windows NT 6.1; WOW64) AppleWebKit/534+ (KHTML, like Gecko) BingPreview/1.0b"
124.115.6.10 - - [27/Feb/2012:13:11:28 +0100] "GET /robots.txt HTTP/1.1" 404 504 "-" "Sosospider+(+http://help.soso.com/webspider.htm)"
123.125.71.35 - - [27/Feb/2012:13:32:45 +0100] "GET / HTTP/1.1" 200 291 "-" "Mozilla/5.0 (compatible; Baiduspider/2.0; +http://www.baidu.com/search/spider.html)"
220.181.108.90 - - [27/Feb/2012:13:33:21 +0100] "GET / HTTP/1.1" 200 291 "-" "Mozilla/5.0 (compatible; Baiduspider/2.0; +http://www.baidu.com/search/spider.html)"
123.125.71.78 - - [27/Feb/2012:14:28:01 +0100] "GET /robots.txt HTTP/1.1" 404 466 "-" "Baiduspider+(+http://www.baidu.com/search/spider.htm)"
66.249.72.205 - - [27/Feb/2012:20:53:31 +0100] "GET /robots.txt HTTP/1.1" 404 504 "-" "Mozilla/5.0 (compatible; Googlebot/2.1; +http://www.google.com/bot.html)"
66.249.72.205 - - [27/Feb/2012:20:53:31 +0100] "GET /torrentflux/downloads/chanti/The%20Matrix%20Trilogy HTTP/1.1" 404 527 "-" "Mozilla/5.0 (compatible; Googlebot/2.1; +http://www.google.com/bot.html)"
66.249.71.68 - - [27/Feb/2012:21:04:17 +0100] "GET /robots.txt HTTP/1.1" 404 504 "-" "Mozilla/5.0 (compatible; Googlebot/2.1; +http://www.google.com/bot.html)"
66.249.71.68 - - [27/Feb/2012:21:04:17 +0100] "GET /torrentflux/downloads/chanti HTTP/1.1" 404 515 "-" "Mozilla/5.0 (compatible; Googlebot/2.1; +http://www.google.com/bot.html)"
193.252.118.176 - - [28/Feb/2012:00:12:02 +0100] "GET /robots.txt HTTP/1.1" 404 466 "-" "Mozilla/5.0 (Windows; U; Windows NT 5.1; fr; rv:1.8.1) VoilaBot BETA 1.2 (support.voilabot@orange-ftgroup.com)"
193.252.118.176 - - [28/Feb/2012:00:12:13 +0100] "GET / HTTP/1.1" 200 335 "-" "Mozilla/5.0 (Windows; U; Windows NT 5.1; fr; rv:1.8.1) VoilaBot BETA 1.2 (support.voilabot@orange-ftgroup.com)"
208.80.194.34 - - [28/Feb/2012:00:30:08 +0100] "GET / HTTP/1.0" 200 291 "-" "Mozilla/4.0 (compatible; MSIE 6.0; Windows NT 5.1; PeoplePal 6.2; .NET CLR 1.1.4322; SpamBlockerUtility 4.8.0)"
220.181.108.81 - - [28/Feb/2012:04:43:06 +0100] "GET /robots.txt HTTP/1.1" 404 466 "-" "Baiduspider+(+http://www.baidu.com/search/spider.htm)"
124.115.1.62 - - [28/Feb/2012:06:30:04 +0100] "GET / HTTP/1.1" 200 373 "-" "Mozilla/4.0 (compatible; MSIE 6.0; Windows NT 5.1)"
124.115.1.66 - - [28/Feb/2012:07:07:12 +0100] "GET / HTTP/1.1" 200 373 "-" "Mozilla/4.0 (compatible; MSIE 6.0; Windows NT 5.1)"
124.115.1.61 - - [28/Feb/2012:07:36:57 +0100] "GET / HTTP/1.1" 200 373 "-" "Mozilla/4.0 (compatible; MSIE 6.0; Windows NT 5.1)"
66.249.71.68 - - [28/Feb/2012:07:40:45 +0100] "GET /~gerard/bcrs/index.php?option=com_content&view=section&layout=blog&id=1&Itemid=3&limitstart=12 HTTP/1.1" 200 3814 "-" "Mozilla/5.0 (compatible; Googlebot/2.1; +http://www.google.com/bot.html)"
124.115.11.187 - - [28/Feb/2012:07:43:19 +0100] "GET / HTTP/1.1" 200 373 "-" "Mozilla/4.0 (compatible; MSIE 6.0; Windows NT 5.1)"
66.249.71.68 - - [28/Feb/2012:08:57:46 +0100] "GET /~gerard/bcrs/index.php?option=com_content&view=article&id=30&Itemid=53 HTTP/1.1" 200 2674 "-" "Mozilla/5.0 (compatible; Googlebot/2.1; +http://www.google.com/bot.html)"
220.181.51.109 - - [28/Feb/2012:11:40:13 +0100] "GET / HTTP/1.1" 200 335 "-" "Mozilla/5.0 (Windows NT 5.1; rv:6.0.2) Gecko/20100101 Firefox/6.0.2"
123.125.71.32 - - [28/Feb/2012:16:05:58 +0100] "GET / HTTP/1.1" 200 335 "-" "Mozilla/5.0 (compatible; Baiduspider/2.0; +http://www.baidu.com/search/spider.html)"
66.249.71.68 - - [28/Feb/2012:16:50:31 +0100] "GET /robots.txt HTTP/1.1" 404 504 "-" "Mozilla/5.0 (compatible; Googlebot/2.1; +http://www.google.com/bot.html)"
66.249.71.68 - - [28/Feb/2012:16:50:31 +0100] "GET /~gerard/bcrs/index.php?option=com_content&view=section&layout=blog&id=1&Itemid=3&limitstart=56 HTTP/1.1" 200 4010 "-" "Mozilla/5.0 (compatible; Googlebot/2.1; +http://www.google.com/bot.html)"
66.249.71.68 - - [28/Feb/2012:17:41:54 +0100] "GET /~gerard/bcrs/index.php?option=com_content&view=article&id=19&Itemid=42 HTTP/1.1" 200 2906 "-" "Mozilla/5.0 (compatible; Googlebot/2.1; +http://www.google.com/bot.html)"
77.75.77.11 - - [28/Feb/2012:21:21:43 +0100] "GET /robots.txt HTTP/1.1" 404 504 "-" "SeznamBot/3.0 (+http://fulltext.sblog.cz/)"
77.75.77.11 - - [28/Feb/2012:21:21:43 +0100] "GET / HTTP/1.1" 200 372 "-" "SeznamBot/3.0 (+http://fulltext.sblog.cz/)"
124.115.6.10 - - [28/Feb/2012:22:20:20 +0100] "GET /robots.txt HTTP/1.1" 404 504 "-" "Sosospider+(+http://help.soso.com/webspider.htm)"
66.249.72.205 - - [29/Feb/2012:00:54:45 +0100] "GET /robots.txt HTTP/1.1" 404 504 "-" "Mozilla/5.0 (compatible; Googlebot/2.1; +http://www.google.com/bot.html)"
66.249.72.205 - - [29/Feb/2012:00:54:45 +0100] "GET /~gerard/bcrs/index.php?option=com_content&view=article&id=105&catid=12&Itemid=34 HTTP/1.1" 200 3196 "-" "Mozilla/5.0 (compatible; Googlebot/2.1; +http://www.google.com/bot.html)"
66.249.72.205 - - [29/Feb/2012:03:17:56 +0100] "GET /~gerard/bcrs/templates/bcrs/css/style.css HTTP/1.1" 200 1658 "http://www.deinon.net/~gerard/bcrs/index.php?option=com_content&view=article&id=105&catid=12&Itemid=34" "Mozilla/5.0 (compatible; Googlebot/2.1; +http://www.google.com/bot.html)"
66.249.72.205 - - [29/Feb/2012:03:17:57 +0100] "GET /~gerard/bcrs/media/system/js/mootools.js HTTP/1.1" 200 20704 "http://www.deinon.net/~gerard/bcrs/index.php?option=com_content&view=article&id=105&catid=12&Itemid=34" "Mozilla/5.0 (compatible; Googlebot/2.1; +http://www.google.com/bot.html)"
66.249.72.205 - - [29/Feb/2012:03:17:58 +0100] "GET /~gerard/bcrs/templates/system/css/system.css HTTP/1.1" 200 857 "http://www.deinon.net/~gerard/bcrs/index.php?option=com_content&view=article&id=105&catid=12&Itemid=34" "Mozilla/5.0 (compatible; Googlebot/2.1; +http://www.google.com/bot.html)"
66.249.72.205 - - [29/Feb/2012:03:17:58 +0100] "GET /~gerard/bcrs/templates/system/css/general.css HTTP/1.1" 200 1101 "http://www.deinon.net/~gerard/bcrs/index.php?option=com_content&view=article&id=105&catid=12&Itemid=34" "Mozilla/5.0 (compatible; Googlebot/2.1; +http://www.google.com/bot.html)"
66.249.72.205 - - [29/Feb/2012:03:17:59 +0100] "GET /~gerard/bcrs/media/system/js/caption.js HTTP/1.1" 200 1274 "http://www.deinon.net/~gerard/bcrs/index.php?option=com_content&view=article&id=105&catid=12&Itemid=34" "Mozilla/5.0 (compatible; Googlebot/2.1; +http://www.google.com/bot.html)"
66.249.72.205 - - [29/Feb/2012:03:18:03 +0100] "GET /~gerard/bcrs/templates/bcrs/images/red_block_fade.png HTTP/1.1" 200 3172 "http://www.deinon.net/~gerard/bcrs/index.php?option=com_content&view=article&id=105&catid=12&Itemid=34" "Mozilla/5.0 (compatible; Googlebot/2.1; +http://www.google.com/bot.html)"
66.249.72.205 - - [29/Feb/2012:03:18:03 +0100] "GET /~gerard/bcrs/templates/bcrs/images/blue_block_fade.png HTTP/1.1" 200 3144 "http://www.deinon.net/~gerard/bcrs/index.php?option=com_content&view=article&id=105&catid=12&Itemid=34" "Mozilla/5.0 (compatible; Googlebot/2.1; +http://www.google.com/bot.html)"
66.249.72.205 - - [29/Feb/2012:03:18:04 +0100] "GET /~gerard/bcrs/templates/bcrs/images/logo.png HTTP/1.1" 200 45580 "http://www.deinon.net/~gerard/bcrs/index.php?option=com_content&view=article&id=105&catid=12&Itemid=34" "Mozilla/5.0 (compatible; Googlebot/2.1; +http://www.google.com/bot.html)"
66.249.72.205 - - [29/Feb/2012:03:18:05 +0100] "GET /~gerard/bcrs/templates/bcrs/images/background_fade.png HTTP/1.1" 200 3305 "http://www.deinon.net/~gerard/bcrs/index.php?option=com_content&view=article&id=105&catid=12&Itemid=34" "Mozilla/5.0 (compatible; Googlebot/2.1; +http://www.google.com/bot.html)"
66.249.72.205 - - [29/Feb/2012:03:18:05 +0100] "GET /~gerard/bcrs/templates/bcrs/images/arrow_gray.gif HTTP/1.1" 200 364 "http://www.deinon.net/~gerard/bcrs/index.php?option=com_content&view=article&id=105&catid=12&Itemid=34" "Mozilla/5.0 (compatible; Googlebot/2.1; +http://www.google.com/bot.html)"
66.249.72.205 - - [29/Feb/2012:03:18:06 +0100] "GET /~gerard/bcrs/templates/bcrs/images/background_main.png HTTP/1.1" 200 3216 "http://www.deinon.net/~gerard/bcrs/index.php?option=com_content&view=article&id=105&catid=12&Itemid=34" "Mozilla/5.0 (compatible; Googlebot/2.1; +http://www.google.com/bot.html)"
66.249.72.205 - - [29/Feb/2012:03:18:07 +0100] "GET /~gerard/bcrs/templates/bcrs/images/main_fade.png HTTP/1.1" 200 3313 "http://www.deinon.net/~gerard/bcrs/index.php?option=com_content&view=article&id=105&catid=12&Itemid=34" "Mozilla/5.0 (compatible; Googlebot/2.1; +http://www.google.com/bot.html)"
66.249.72.205 - - [29/Feb/2012:03:18:07 +0100] "GET /~gerard/bcrs/templates/bcrs/images/shuttle_icon.png HTTP/1.1" 200 4040 "http://www.deinon.net/~gerard/bcrs/index.php?option=com_content&view=article&id=105&catid=12&Itemid=34" "Mozilla/5.0 (compatible; Googlebot/2.1; +http://www.google.com/bot.html)"
66.249.72.205 - - [29/Feb/2012:03:18:08 +0100] "GET /~gerard/bcrs/templates/bcrs/images/main_bottom.png HTTP/1.1" 200 3977 "http://www.deinon.net/~gerard/bcrs/index.php?option=com_content&view=article&id=105&catid=12&Itemid=34" "Mozilla/5.0 (compatible; Googlebot/2.1; +http://www.google.com/bot.html)"
124.115.11.187 - - [29/Feb/2012:05:29:43 +0100] "GET / HTTP/1.1" 200 373 "-" "Mozilla/4.0 (compatible; MSIE 6.0; Windows NT 5.1)"
124.115.1.62 - - [29/Feb/2012:05:34:59 +0100] "GET / HTTP/1.1" 200 373 "-" "Mozilla/4.0 (compatible; MSIE 6.0; Windows NT 5.1)"
114.80.93.71 - - [29/Feb/2012:06:13:00 +0100] "GET / HTTP/1.1" 200 373 "-" "Mozilla/4.0 (compatible; MSIE 6.0; Windows NT 5.1)"
124.115.1.61 - - [29/Feb/2012:06:21:01 +0100] "GET / HTTP/1.1" 200 373 "-" "Mozilla/4.0 (compatible; MSIE 6.0; Windows NT 5.1)"
124.115.1.66 - - [29/Feb/2012:06:53:00 +0100] "GET / HTTP/1.1" 200 373 "-" "Mozilla/4.0 (compatible; MSIE 6.0; Windows NT 5.1)"
123.125.71.32 - - [29/Feb/2012:09:30:52 +0100] "GET / HTTP/1.1" 200 291 "-" "Mozilla/5.0 (compatible; Baiduspider/2.0; +http://www.baidu.com/search/spider.html)"
220.181.108.80 - - [29/Feb/2012:09:31:22 +0100] "GET / HTTP/1.1" 200 291 "-" "Mozilla/5.0 (compatible; Baiduspider/2.0; +http://www.baidu.com/search/spider.html)"
110.75.173.43 - - [29/Feb/2012:15:07:41 +0100] "GET / HTTP/1.1" 200 373 "-" "Yahoo! Slurp China"
123.125.71.12 - - [01/Mar/2012:00:33:34 +0100] "GET / HTTP/1.1" 200 291 "-" "Mozilla/5.0 (compatible; Baiduspider/2.0; +http://www.baidu.com/search/spider.html)"
220.181.108.87 - - [01/Mar/2012:00:34:14 +0100] "GET / HTTP/1.1" 200 291 "-" "Mozilla/5.0 (compatible; Baiduspider/2.0; +http://www.baidu.com/search/spider.html)"
50.16.167.142 - - [01/Mar/2012:01:23:30 +0100] "GET / HTTP/1.0" 200 291 "-" "Mozilla/5.0 (compatible; NetcraftSurveyAgent/1.0; +info@netcraft.com)"
208.80.194.30 - - [01/Mar/2012:06:42:22 +0100] "GET / HTTP/1.0" 200 291 "-" "Mozilla/4.0 (compatible; MSIE 6.0; Windows NT 5.1; SV1; yie6)"
124.115.6.10 - - [01/Mar/2012:07:48:54 +0100] "GET /robots.txt HTTP/1.1" 404 504 "-" "Sosospider+(+http://help.soso.com/webspider.htm)"
124.115.1.66 - - [01/Mar/2012:08:01:26 +0100] "GET / HTTP/1.1" 200 373 "-" "Mozilla/4.0 (compatible; MSIE 6.0; Windows NT 5.1)"
124.115.1.61 - - [01/Mar/2012:08:49:15 +0100] "GET / HTTP/1.1" 200 373 "-" "Mozilla/4.0 (compatible; MSIE 6.0; Windows NT 5.1)"
124.115.11.187 - - [01/Mar/2012:08:50:33 +0100] "GET / HTTP/1.1" 200 373 "-" "Mozilla/4.0 (compatible; MSIE 6.0; Windows NT 5.1)"
66.249.72.205 - - [01/Mar/2012:12:15:48 +0100] "GET /robots.txt HTTP/1.1" 404 504 "-" "Mozilla/5.0 (compatible; Googlebot/2.1; +http://www.google.com/bot.html)"
66.249.72.205 - - [01/Mar/2012:12:15:48 +0100] "GET /~gerard/bcrs/index.php?option=com_content&view=article&id=58:clubkampioenschappen-2010-2011&catid=20:algemeen&Itemid=34 HTTP/1.1" 200 2812 "-" "Mozilla/5.0 (compatible; Googlebot/2.1; +http://www.google.com/bot.html)"
107.22.4.138 - - [01/Mar/2012:13:38:20 +0100] "GET /robots.txt HTTP/1.1" 404 447 "-" "SemrushBot/0.91"
107.22.4.138 - - [01/Mar/2012:13:38:21 +0100] "GET / HTTP/1.1" 200 316 "-" "SemrushBot/0.91"
180.76.5.145 - - [01/Mar/2012:19:55:00 +0100] "GET /robots.txt HTTP/1.1" 404 466 "-" "Baiduspider+(+http://www.baidu.com/search/spider.htm)"
123.125.71.32 - - [01/Mar/2012:22:34:29 +0100] "GET / HTTP/1.1" 200 291 "-" "Mozilla/5.0 (compatible; Baiduspider/2.0; +http://www.baidu.com/search/spider.html)"
220.181.108.83 - - [01/Mar/2012:22:35:12 +0100] "GET / HTTP/1.1" 200 291 "-" "Mozilla/5.0 (compatible; Baiduspider/2.0; +http://www.baidu.com/search/spider.html)"
193.252.118.176 - - [02/Mar/2012:01:07:12 +0100] "GET / HTTP/1.1" 200 335 "-" "Mozilla/5.0 (Windows; U; Windows NT 5.1; fr; rv:1.8.1) VoilaBot BETA 1.2 (support.voilabot@orange-ftgroup.com)"
124.115.11.187 - - [02/Mar/2012:05:26:40 +0100] "GET / HTTP/1.1" 200 373 "-" "Mozilla/4.0 (compatible; MSIE 6.0; Windows NT 5.1)"
124.115.1.66 - - [02/Mar/2012:05:35:36 +0100] "GET / HTTP/1.1" 200 373 "-" "Mozilla/4.0 (compatible; MSIE 6.0; Windows NT 5.1)"
124.115.1.61 - - [02/Mar/2012:05:53:19 +0100] "GET / HTTP/1.1" 200 373 "-" "Mozilla/4.0 (compatible; MSIE 6.0; Windows NT 5.1)"
66.249.72.205 - - [02/Mar/2012:10:04:15 +0100] "GET /robots.txt HTTP/1.1" 404 504 "-" "Mozilla/5.0 (compatible; Googlebot/2.1; +http://www.google.com/bot.html)"
66.249.72.205 - - [02/Mar/2012:10:04:15 +0100] "GET /~gerard/bcrs/index.php?option=com_content&view=article&id=92:nieuwe-bcrs-info&catid=20:algemeen&Itemid=34 HTTP/1.1" 200 2718 "-" "Mozilla/5.0 (compatible; Googlebot/2.1; +http://www.google.com/bot.html)"
124.115.6.10 - - [02/Mar/2012:17:27:03 +0100] "GET /robots.txt HTTP/1.1" 404 504 "-" "Sosospider+(+http://help.soso.com/webspider.htm)"
66.249.72.205 - - [02/Mar/2012:19:19:14 +0100] "GET /robots.txt HTTP/1.1" 404 504 "-" "Mozilla/5.0 (compatible; Googlebot/2.1; +http://www.google.com/bot.html)"
66.249.72.205 - - [02/Mar/2012:19:19:14 +0100] "GET /~gerard/bcrs/index.php?option=com_content&view=section&layout=blog&id=1&Itemid=3&limitstart=40 HTTP/1.1" 200 3448 "-" "Mozilla/5.0 (compatible; Googlebot/2.1; +http://www.google.com/bot.html)"
66.249.72.205 - - [02/Mar/2012:22:46:42 +0100] "GET /~gerard/bcrs/index.php?option=com_content&view=article&id=96:informatie-bardiensten-&catid=12:kantine&Itemid=34 HTTP/1.1" 200 3024 "-" "Mozilla/5.0 (compatible; Googlebot/2.1; +http://www.google.com/bot.html)"
124.115.11.187 - - [03/Mar/2012:05:24:11 +0100] "GET / HTTP/1.1" 200 373 "-" "Mozilla/4.0 (compatible; MSIE 6.0; Windows NT 5.1)"
66.249.72.205 - - [03/Mar/2012:05:31:09 +0100] "GET /~gerard/bcrs/index.php?option=com_content&view=category&layout=blog&id=19&Itemid=56&limitstart=10 HTTP/1.1" 200 3537 "-" "Mozilla/5.0 (compatible; Googlebot/2.1; +http://www.google.com/bot.html)"
124.115.1.61 - - [03/Mar/2012:06:03:33 +0100] "GET / HTTP/1.1" 200 373 "-" "Mozilla/4.0 (compatible; MSIE 6.0; Windows NT 5.1)"
124.115.1.66 - - [03/Mar/2012:06:17:41 +0100] "GET / HTTP/1.1" 200 373 "-" "Mozilla/4.0 (compatible; MSIE 6.0; Windows NT 5.1)"
66.249.72.205 - - [03/Mar/2012:08:08:06 +0100] "GET /robots.txt HTTP/1.1" 404 504 "-" "Mozilla/5.0 (compatible; Googlebot/2.1; +http://www.google.com/bot.html)"
66.249.72.205 - - [03/Mar/2012:08:08:06 +0100] "GET /~gerard/bcrs/index.php?option=com_content&view=article&id=19&Itemid=42 HTTP/1.1" 200 2905 "-" "Mozilla/5.0 (compatible; Googlebot/2.1; +http://www.google.com/bot.html)"
208.80.194.36 - - [03/Mar/2012:12:48:53 +0100] "GET / HTTP/1.0" 200 291 "-" "Mozilla/4.0 (compatible; MSIE 6.0; Windows NT 5.1; acc=ventura5; acc=none; SV1; SpamBlockerUtility 4.8.4)"
66.249.72.205 - - [03/Mar/2012:17:29:12 +0100] "GET /robots.txt HTTP/1.1" 404 504 "-" "Mozilla/5.0 (compatible; Googlebot/2.1; +http://www.google.com/bot.html)"
66.249.72.205 - - [03/Mar/2012:17:29:12 +0100] "GET /~gerard/bcrs/index.php?option=com_content&view=category&id=13&Itemid=34 HTTP/1.1" 200 3436 "-" "Mozilla/5.0 (compatible; Googlebot/2.1; +http://www.google.com/bot.html)"
207.46.13.147 - - [03/Mar/2012:18:04:45 +0100] "GET /robots.txt HTTP/1.1" 404 529 "-" "Mozilla/5.0 (compatible; bingbot/2.0; +http://www.bing.com/bingbot.htm)"
207.46.204.209 - - [03/Mar/2012:18:21:08 +0100] "GET / HTTP/1.1" 200 316 "-" "Mozilla/5.0 (Windows NT 6.1; WOW64) AppleWebKit/534+ (KHTML, like Gecko) BingPreview/1.0b"
66.249.72.205 - - [03/Mar/2012:18:42:16 +0100] "GET /~gerard/bcrs/index.php?option=com_content&view=article&id=9&Itemid=31 HTTP/1.1" 200 3516 "-" "Mozilla/5.0 (compatible; Googlebot/2.1; +http://www.google.com/bot.html)"
157.55.112.209 - - [03/Mar/2012:20:04:37 +0100] "GET / HTTP/1.1" 200 316 "-" "Mozilla/5.0 (Windows NT 6.1; WOW64) AppleWebKit/534+ (KHTML, like Gecko) BingPreview/1.0b"
124.115.6.10 - - [04/Mar/2012:03:54:17 +0100] "GET /robots.txt HTTP/1.1" 404 504 "-" "Sosospider+(+http://help.soso.com/webspider.htm)"
124.115.1.66 - - [04/Mar/2012:04:46:49 +0100] "GET / HTTP/1.1" 200 373 "-" "Mozilla/4.0 (compatible; MSIE 6.0; Windows NT 5.1)"
124.115.1.61 - - [04/Mar/2012:04:57:07 +0100] "GET / HTTP/1.1" 200 373 "-" "Mozilla/4.0 (compatible; MSIE 6.0; Windows NT 5.1)"
124.115.11.187 - - [04/Mar/2012:05:00:57 +0100] "GET / HTTP/1.1" 200 373 "-" "Mozilla/4.0 (compatible; MSIE 6.0; Windows NT 5.1)"
66.249.72.205 - - [04/Mar/2012:05:14:31 +0100] "GET /~gerard/bcrs/index.php?option=com_content&view=section&layout=blog&id=1&Itemid=3&limitstart=44 HTTP/1.1" 200 4777 "-" "Mozilla/5.0 (compatible; Googlebot/2.1; +http://www.google.com/bot.html)"
123.125.71.77 - - [04/Mar/2012:05:17:37 +0100] "GET /robots.txt HTTP/1.1" 404 466 "-" "Baiduspider+(+http://www.baidu.com/search/spider.htm)"
66.249.72.205 - - [04/Mar/2012:07:26:53 +0100] "GET /robots.txt HTTP/1.1" 404 504 "-" "Mozilla/5.0 (compatible; Googlebot/2.1; +http://www.google.com/bot.html)"
66.249.72.205 - - [04/Mar/2012:07:26:53 +0100] "GET /~gerard/bcrs/index.php?option=com_content&view=section&layout=blog&id=1&Itemid=3&limitstart=40 HTTP/1.1" 200 3448 "-" "Mozilla/5.0 (compatible; Googlebot/2.1; +http://www.google.com/bot.html)"
123.125.71.27 - - [04/Mar/2012:15:56:10 +0100] "GET / HTTP/1.1" 200 335 "-" "Mozilla/5.0 (compatible; Baiduspider/2.0; +http://www.baidu.com/search/spider.html)"
77.88.24.28 - - [04/Mar/2012:18:58:24 +0100] "GET /robots.txt HTTP/1.1" 404 529 "-" "Mozilla/5.0 (compatible; YandexBot/3.0; +http://yandex.com/bots)"
220.181.108.77 - - [04/Mar/2012:21:31:32 +0100] "GET / HTTP/1.1" 200 291 "-" "Mozilla/5.0 (compatible; Baiduspider/2.0; +http://www.baidu.com/search/spider.html)"
123.125.71.34 - - [04/Mar/2012:21:32:16 +0100] "GET / HTTP/1.1" 200 291 "-" "Mozilla/5.0 (compatible; Baiduspider/2.0; +http://www.baidu.com/search/spider.html)"
193.252.118.176 - - [05/Mar/2012:01:24:38 +0100] "GET /robots.txt HTTP/1.1" 404 466 "-" "Mozilla/5.0 (Windows; U; Windows NT 5.1; fr; rv:1.8.1) VoilaBot BETA 1.2 (support.voilabot@orange-ftgroup.com)"
193.252.118.176 - - [05/Mar/2012:01:24:40 +0100] "GET / HTTP/1.1" 200 335 "-" "Mozilla/5.0 (Windows; U; Windows NT 5.1; fr; rv:1.8.1) VoilaBot BETA 1.2 (support.voilabot@orange-ftgroup.com)"
220.181.108.95 - - [05/Mar/2012:04:32:02 +0100] "GET / HTTP/1.1" 200 291 "-" "Mozilla/5.0 (compatible; Baiduspider/2.0; +http://www.baidu.com/search/spider.html)"
123.125.71.29 - - [05/Mar/2012:04:32:06 +0100] "GET / HTTP/1.1" 200 291 "-" "Mozilla/5.0 (compatible; Baiduspider/2.0; +http://www.baidu.com/search/spider.html)"
124.115.11.187 - - [05/Mar/2012:04:52:37 +0100] "GET / HTTP/1.1" 200 373 "-" "Mozilla/4.0 (compatible; MSIE 6.0; Windows NT 5.1)"
124.115.1.61 - - [05/Mar/2012:04:59:31 +0100] "GET / HTTP/1.1" 200 373 "-" "Mozilla/4.0 (compatible; MSIE 6.0; Windows NT 5.1)"
124.115.1.66 - - [05/Mar/2012:05:08:40 +0100] "GET / HTTP/1.1" 200 373 "-" "Mozilla/4.0 (compatible; MSIE 6.0; Windows NT 5.1)"
77.88.24.28 - - [05/Mar/2012:06:32:11 +0100] "GET / HTTP/1.1" 200 373 "-" "Mozilla/5.0 (compatible; YandexBot/3.0; +http://yandex.com/bots)"
123.125.71.107 - - [05/Mar/2012:09:16:50 +0100] "GET /robots.txt HTTP/1.1" 404 466 "-" "Baiduspider+(+http://www.baidu.com/search/spider.htm)"
123.125.71.104 - - [05/Mar/2012:11:30:05 +0100] "GET / HTTP/1.1" 200 335 "-" "Mozilla/5.0 (compatible; Baiduspider/2.0; +http://www.baidu.com/search/spider.html)"
124.115.6.10 - - [05/Mar/2012:16:20:50 +0100] "GET /robots.txt HTTP/1.1" 404 504 "-" "Sosospider+(+http://help.soso.com/webspider.htm)"
208.80.194.36 - - [05/Mar/2012:17:07:43 +0100] "GET / HTTP/1.0" 200 291 "-" "Mozilla/4.0 (compatible; MSIE 6.0; Windows NT 5.1; SV1; SIMBAR={FF5BBDF6-13F9-4F49-816E-58F618C18B47})"
