66.249.72.173 - - [16/Sep/2011:06:53:03 +0200] "GET /~gerard/bcrs/index.php?option=com_content&view=article&id=81:spijkenisse-sport-sponsor-battle&catid=20:algemeen&Itemid=34 HTTP/1.1" 200 2681 "-" "Mozilla/5.0 (compatible; Googlebot/2.1; +http://www.google.com/bot.html)"
66.249.72.173 - - [16/Sep/2011:06:53:53 +0200] "GET /~gerard/bcrs/index.php?option=com_content&view=section&layout=blog&id=1&Itemid=3&limitstart=12 HTTP/1.1" 200 3213 "-" "Mozilla/5.0 (compatible; Googlebot/2.1; +http://www.google.com/bot.html)"
82.76.204.103 - - [16/Sep/2011:06:54:43 +0200] "GET / HTTP/1.1" 200 298 "-" "Mozilla/5.0 (compatible; DNSValidation/5.1; http://www.dnsvalidation.com/)"
66.249.72.173 - - [16/Sep/2011:07:04:21 +0200] "GET /~gerard/bcrs/index.php?option=com_content&view=section&layout=blog&id=1&Itemid=3&limitstart=24 HTTP/1.1" 200 4481 "-" "Mozilla/5.0 (compatible; Googlebot/2.1; +http://www.google.com/bot.html)"
66.249.72.173 - - [16/Sep/2011:07:55:27 +0200] "GET /~gerard/bcrs/index.php?option=com_content&view=category&id=12&Itemid=34 HTTP/1.1" 200 3319 "-" "Mozilla/5.0 (compatible; Googlebot/2.1; +http://www.google.com/bot.html)"
66.249.72.173 - - [16/Sep/2011:08:20:09 +0200] "GET /~gerard/bcrs/index.php?option=com_content&view=section&layout=blog&id=1&Itemid=3&limitstart=16 HTTP/1.1" 200 3822 "-" "Mozilla/5.0 (compatible; Googlebot/2.1; +http://www.google.com/bot.html)"
77.88.24.28 - - [16/Sep/2011:08:20:58 +0200] "GET / HTTP/1.1" 200 373 "-" "Mozilla/5.0 (compatible; YandexBot/3.0; +http://yandex.com/bots)"
66.249.72.173 - - [16/Sep/2011:08:33:58 +0200] "GET /~gerard/bcrs/index.php?option=com_content&view=article&id=67:erc-slottoernooi&catid=8:recreanten&Itemid=34 HTTP/1.1" 200 3231 "-" "Mozilla/5.0 (compatible; Googlebot/2.1; +http://www.google.com/bot.html)"
66.249.72.173 - - [16/Sep/2011:08:36:04 +0200] "GET /~gerard/bcrs/index.php?option=com_content&view=article&id=58:clubkampioenschappen-2010-2011&catid=20:algemeen&Itemid=34 HTTP/1.1" 200 2653 "-" "Mozilla/5.0 (compatible; Googlebot/2.1; +http://www.google.com/bot.html)"
195.42.102.21 - - [16/Sep/2011:10:13:33 +0200] "GET /robots.txt HTTP/1.1" 404 529 "-" "Mozilla/5.0 (compatible; Purebot/1.1; +http://www.puritysearch.net/)"
195.42.102.21 - - [16/Sep/2011:10:13:33 +0200] "GET /robots.txt HTTP/1.1" 404 524 "-" "Mozilla/5.0 (compatible; Purebot/1.1; +http://www.puritysearch.net/)"
195.42.102.21 - - [16/Sep/2011:10:13:36 +0200] "GET / HTTP/1.1" 200 328 "-" "Mozilla/5.0 (compatible; Purebot/1.1; +http://www.puritysearch.net/)"
195.42.102.21 - - [16/Sep/2011:10:13:36 +0200] "GET / HTTP/1.1" 200 328 "-" "Mozilla/5.0 (compatible; Purebot/1.1; +http://www.puritysearch.net/)"
67.195.112.98 - - [16/Sep/2011:10:19:14 +0200] "GET /robots.txt HTTP/1.0" 404 466 "-" "Mozilla/5.0 (compatible; Yahoo! Slurp; http://help.yahoo.com/help/us/ysearch/slurp)"
67.195.112.98 - - [16/Sep/2011:10:19:14 +0200] "GET / HTTP/1.0" 200 335 "-" "Mozilla/5.0 (compatible; Yahoo! Slurp; http://help.yahoo.com/help/us/ysearch/slurp)"
208.80.194.26 - - [16/Sep/2011:11:49:41 +0200] "GET / HTTP/1.0" 200 291 "-" "Mozilla/4.0 (compatible; MSIE 6.0; Windows NT 5.1; SV1; DOJ3jx7bf; .NET CLR 1.1.4322)"
66.249.72.173 - - [16/Sep/2011:20:01:39 +0200] "GET /robots.txt HTTP/1.1" 404 504 "-" "Mozilla/5.0 (compatible; Googlebot/2.1; +http://www.google.com/bot.html)"
66.249.72.173 - - [16/Sep/2011:20:01:39 +0200] "GET /~gerard/bcrs/index.php?option=com_content&view=category&id=6&Itemid=34 HTTP/1.1" 200 3407 "-" "Mozilla/5.0 (compatible; Googlebot/2.1; +http://www.google.com/bot.html)"
66.249.72.173 - - [16/Sep/2011:21:57:46 +0200] "GET /~gerard/bcrs/index.php?option=com_content&view=category&id=13&Itemid=34 HTTP/1.1" 200 3240 "-" "Mozilla/5.0 (compatible; Googlebot/2.1; +http://www.google.com/bot.html)"
123.125.71.82 - - [16/Sep/2011:23:29:26 +0200] "GET /robots.txt HTTP/1.1" 404 466 "-" "Baiduspider+(+http://www.baidu.com/search/spider.htm)"
193.252.118.176 - - [17/Sep/2011:00:23:29 +0200] "GET /robots.txt HTTP/1.1" 404 466 "-" "Mozilla/5.0 (Windows; U; Windows NT 5.1; fr; rv:1.8.1) VoilaBot BETA 1.2 (support.voilabot@orange-ftgroup.com)"
193.252.118.176 - - [17/Sep/2011:00:23:39 +0200] "GET / HTTP/1.1" 200 335 "-" "Mozilla/5.0 (Windows; U; Windows NT 5.1; fr; rv:1.8.1) VoilaBot BETA 1.2 (support.voilabot@orange-ftgroup.com)"
66.249.72.173 - - [17/Sep/2011:03:11:03 +0200] "GET /~gerard/bcrs/index.php?option=com_content&view=article&id=10&Itemid=32 HTTP/1.1" 200 2664 "-" "Mozilla/5.0 (compatible; Googlebot/2.1; +http://www.google.com/bot.html)"
66.249.72.173 - - [17/Sep/2011:04:02:21 +0200] "GET /~gerard/bcrs/index.php?option=com_content&view=article&id=34&Itemid=54 HTTP/1.1" 200 2475 "-" "Mozilla/5.0 (compatible; Googlebot/2.1; +http://www.google.com/bot.html)"
66.249.72.173 - - [17/Sep/2011:06:24:43 +0200] "GET /~gerard/bcrs/index.php?option=com_content&view=article&id=43:start-seizoen-2010--2011&catid=19:mededelingen-jeugdcommissie&Itemid=56 HTTP/1.1" 200 2483 "-" "Mozilla/5.0 (compatible; Googlebot/2.1; +http://www.google.com/bot.html)"
66.249.72.173 - - [17/Sep/2011:09:57:34 +0200] "GET /robots.txt HTTP/1.1" 404 504 "-" "Mozilla/5.0 (compatible; Googlebot/2.1; +http://www.google.com/bot.html)"
66.249.72.173 - - [17/Sep/2011:09:57:34 +0200] "GET /~gerard/bcrs/index.php?option=com_content&view=section&layout=blog&id=1&Itemid=3&limitstart=36 HTTP/1.1" 200 3570 "-" "Mozilla/5.0 (compatible; Googlebot/2.1; +http://www.google.com/bot.html)"
123.125.71.74 - - [17/Sep/2011:10:06:43 +0200] "GET /robots.txt HTTP/1.1" 404 466 "-" "Baiduspider+(+http://www.baidu.com/search/spider.htm)"
124.115.1.61 - - [17/Sep/2011:10:50:41 +0200] "GET / HTTP/1.1" 200 373 "-" "Mozilla/4.0 (compatible; MSIE 6.0; Windows NT 5.1)"
66.249.72.173 - - [17/Sep/2011:11:45:36 +0200] "GET /~gerard/bcrs/index.php?option=com_content&view=category&id=7&Itemid=34 HTTP/1.1" 200 3115 "-" "Mozilla/5.0 (compatible; Googlebot/2.1; +http://www.google.com/bot.html)"
66.249.72.173 - - [17/Sep/2011:14:02:22 +0200] "GET /~gerard/bcrs/index.php?option=com_content&view=article&id=44:bc-fly-over-toernooi-2010&catid=19:mededelingen-jeugdcommissie&Itemid=56 HTTP/1.1" 200 2505 "-" "Mozilla/5.0 (compatible; Googlebot/2.1; +http://www.google.com/bot.html)"
66.249.72.173 - - [17/Sep/2011:14:25:08 +0200] "GET /~gerard/bcrs/index.php?option=com_content&view=article&id=45:definitieve-indeling-jeugdcompetitie&catid=19:mededelingen-jeugdcommissie&Itemid=56 HTTP/1.1" 200 2481 "-" "Mozilla/5.0 (compatible; Googlebot/2.1; +http://www.google.com/bot.html)"
123.125.71.58 - - [17/Sep/2011:15:04:40 +0200] "GET / HTTP/1.1" 200 335 "-" "Mozilla/5.0 (compatible; Baiduspider/2.0; +http://www.baidu.com/search/spider.html)"
66.249.72.173 - - [17/Sep/2011:17:33:48 +0200] "GET /~gerard/bcrs/index.php?option=com_content&view=category&id=8&Itemid=34 HTTP/1.1" 200 3159 "-" "Mozilla/5.0 (compatible; Googlebot/2.1; +http://www.google.com/bot.html)"
66.249.72.173 - - [17/Sep/2011:17:53:50 +0200] "GET /~gerard/bcrs/index.php?option=com_content&view=category&id=19&layout=blog&Itemid=56&format=feed&type=atom HTTP/1.1" 200 15655 "-" "Mozilla/5.0 (compatible; Googlebot/2.1; +http://www.google.com/bot.html)"
66.249.72.173 - - [17/Sep/2011:18:30:54 +0200] "GET /~gerard/bcrs/index.php?option=com_content&view=article&id=46:verslag-jx-toernooi-delft&catid=19:mededelingen-jeugdcommissie&Itemid=56 HTTP/1.1" 200 2749 "-" "Mozilla/5.0 (compatible; Googlebot/2.1; +http://www.google.com/bot.html)"
66.249.72.173 - - [17/Sep/2011:19:21:21 +0200] "GET /~gerard/bcrs/index.php?option=com_content&view=category&id=19&layout=blog&Itemid=56&limitstart=5 HTTP/1.1" 200 3289 "-" "Mozilla/5.0 (compatible; Googlebot/2.1; +http://www.google.com/bot.html)"
208.80.194.32 - - [17/Sep/2011:20:28:34 +0200] "GET / HTTP/1.0" 200 291 "-" "Mozilla/4.0 (compatible; MSIE 6.0; Windows NT 5.0; H010818; .NET CLR 1.1.4322)"
67.131.59.35 - - [17/Sep/2011:21:42:58 +0200] "GET /torrentflux/downloads/chanti/Supernatural.S02E09.HDTV.XviD-NoTV.avi HTTP/1.1" 404 586 "http://www.deinon.net/torrentflux/downloads/chanti" "Mozilla/4.0 (compatible; MSIE 6.0; Windows NT 5.1; SV1)"
66.249.72.173 - - [17/Sep/2011:22:10:23 +0200] "GET /robots.txt HTTP/1.1" 404 504 "-" "Mozilla/5.0 (compatible; Googlebot/2.1; +http://www.google.com/bot.html)"
66.249.72.173 - - [17/Sep/2011:22:10:23 +0200] "GET /~gerard/bcrs/index.php?option=com_content&view=category&id=19&layout=blog&Itemid=56&limitstart=20 HTTP/1.1" 200 3999 "-" "Mozilla/5.0 (compatible; Googlebot/2.1; +http://www.google.com/bot.html)"
66.249.72.173 - - [18/Sep/2011:00:48:28 +0200] "GET /~gerard/ HTTP/1.1" 304 212 "-" "Mozilla/5.0 (compatible; Googlebot/2.1; +http://www.google.com/bot.html)"
66.249.72.173 - - [18/Sep/2011:02:09:00 +0200] "GET /~gerard/bcrs/index.php?option=com_content&view=article&id=47:vrijspelen-op-zaterdag&catid=19:mededelingen-jeugdcommissie&Itemid=56 HTTP/1.1" 200 2617 "-" "Mozilla/5.0 (compatible; Googlebot/2.1; +http://www.google.com/bot.html)"
66.249.72.173 - - [18/Sep/2011:02:21:18 +0200] "GET /~gerard/bcrs/index.php?option=com_content&view=article&id=48:24e-laan-van-spartaan-slotermeer-jeugdtoernooi&catid=19:mededelingen-jeugdcommissie&Itemid=56 HTTP/1.1" 200 2835 "-" "Mozilla/5.0 (compatible; Googlebot/2.1; +http://www.google.com/bot.html)"
66.249.72.173 - - [18/Sep/2011:04:29:56 +0200] "GET /~gerard/bcrs/index.php?option=com_content&view=article&id=12&Itemid=38 HTTP/1.1" 200 3412 "-" "Mozilla/5.0 (compatible; Googlebot/2.1; +http://www.google.com/bot.html)"
66.249.72.173 - - [18/Sep/2011:06:23:04 +0200] "GET /~gerard/bcrs/index.php?option=com_content&view=article&id=49:6e-bergambacht-jeugd-open-2011-bc-blue-sky&catid=19:mededelingen-jeugdcommissie&Itemid=56 HTTP/1.1" 200 2638 "-" "Mozilla/5.0 (compatible; Googlebot/2.1; +http://www.google.com/bot.html)"
66.249.72.173 - - [18/Sep/2011:06:37:12 +0200] "GET /~gerard/bcrs/index.php?option=com_content&view=category&id=19%3Amededelingen-jeugdcommissie&layout=default&Itemid=56 HTTP/1.1" 200 3923 "-" "Mozilla/5.0 (compatible; Googlebot/2.1; +http://www.google.com/bot.html)"
123.125.71.53 - - [18/Sep/2011:06:48:41 +0200] "GET / HTTP/1.1" 200 335 "-" "Mozilla/5.0 (compatible; Baiduspider/2.0; +http://www.baidu.com/search/spider.html)"
66.249.72.173 - - [18/Sep/2011:08:56:24 +0200] "GET /~gerard/bcrs/index.php?option=com_content&view=category&layout=blog&id=19&Itemid=56&limitstart=25 HTTP/1.1" 200 3548 "-" "Mozilla/5.0 (compatible; Googlebot/2.1; +http://www.google.com/bot.html)"
66.249.72.173 - - [18/Sep/2011:09:22:07 +0200] "GET /~gerard/bcrs/index.php?option=com_content&view=article&id=53:yonex-kids-games&catid=19:mededelingen-jeugdcommissie&Itemid=56 HTTP/1.1" 200 2817 "-" "Mozilla/5.0 (compatible; Googlebot/2.1; +http://www.google.com/bot.html)"
66.249.72.173 - - [18/Sep/2011:12:44:06 +0200] "GET /robots.txt HTTP/1.1" 404 504 "-" "Mozilla/5.0 (compatible; Googlebot/2.1; +http://www.google.com/bot.html)"
66.249.72.173 - - [18/Sep/2011:12:44:07 +0200] "GET /~gerard/bcrs/index.php?option=com_content&view=article&id=50:clubkleding&catid=19:mededelingen-jeugdcommissie&Itemid=56 HTTP/1.1" 200 2488 "-" "Mozilla/5.0 (compatible; Googlebot/2.1; +http://www.google.com/bot.html)"
66.249.72.173 - - [18/Sep/2011:13:11:34 +0200] "GET /~gerard/bcrs/index.php?option=com_content&view=article&id=97&catid=12&Itemid=34 HTTP/1.1" 200 2917 "-" "Mozilla/5.0 (compatible; Googlebot/2.1; +http://www.google.com/bot.html)"
66.249.72.173 - - [18/Sep/2011:13:32:50 +0200] "GET /~gerard/bcrs/index.php?option=com_content&view=article&id=98&catid=13&Itemid=34 HTTP/1.1" 200 2937 "-" "Mozilla/5.0 (compatible; Googlebot/2.1; +http://www.google.com/bot.html)"
66.249.72.173 - - [18/Sep/2011:13:50:13 +0200] "GET /~gerard/bcrs/index.php?option=com_content&view=article&id=51:carlton-international-youth-tournament&catid=19:mededelingen-jeugdcommissie&Itemid=56 HTTP/1.1" 200 2555 "-" "Mozilla/5.0 (compatible; Googlebot/2.1; +http://www.google.com/bot.html)"
66.249.72.173 - - [18/Sep/2011:14:09:39 +0200] "GET /~gerard/bcrs/index.php?option=com_content&view=category&id=8&Itemid=34&format=feed&type=rss HTTP/1.1" 200 2559 "-" "Mozilla/5.0 (compatible; Googlebot/2.1; +http://www.google.com/bot.html)"
66.249.72.173 - - [18/Sep/2011:15:23:56 +0200] "GET /~gerard/bcrs/index.php?option=com_content&view=article&id=98:vragenuurtje-bestuur-8-september&catid=13:bestuur&Itemid=34 HTTP/1.1" 200 2937 "-" "Mozilla/5.0 (compatible; Googlebot/2.1; +http://www.google.com/bot.html)"
66.249.72.173 - - [18/Sep/2011:16:15:57 +0200] "GET /~gerard/bcrs/index.php?option=com_content&view=article&id=57&Itemid=58 HTTP/1.1" 200 2594 "-" "Mozilla/5.0 (compatible; Googlebot/2.1; +http://www.google.com/bot.html)"
66.249.72.173 - - [18/Sep/2011:17:32:05 +0200] "GET /~gerard/bcrs/index.php?option=com_content&view=article&id=99&Itemid=64 HTTP/1.1" 200 3125 "-" "Mozilla/5.0 (compatible; Googlebot/2.1; +http://www.google.com/bot.html)"
66.249.72.173 - - [18/Sep/2011:18:27:01 +0200] "GET /~gerard/bcrs/index.php?option=com_content&view=category&id=8&Itemid=34&format=feed&type=atom HTTP/1.1" 200 8566 "-" "Mozilla/5.0 (compatible; Googlebot/2.1; +http://www.google.com/bot.html)"
66.249.72.173 - - [18/Sep/2011:20:01:50 +0200] "GET /~gerard/bcrs/index.php?option=com_content&view=category&id=7&Itemid=34&format=feed&type=atom HTTP/1.1" 200 3100 "-" "Mozilla/5.0 (compatible; Googlebot/2.1; +http://www.google.com/bot.html)"
77.88.24.28 - - [18/Sep/2011:20:17:27 +0200] "GET /robots.txt HTTP/1.1" 404 529 "-" "Mozilla/5.0 (compatible; YandexBot/3.0; +http://yandex.com/bots)"
123.125.71.78 - - [18/Sep/2011:22:33:30 +0200] "GET /robots.txt HTTP/1.1" 404 466 "-" "Baiduspider+(+http://www.baidu.com/search/spider.htm)"
66.249.72.173 - - [19/Sep/2011:00:16:00 +0200] "GET /~gerard/bcrs/index.php?option=com_content&view=category&id=19&layout=blog&Itemid=56&format=feed&type=rss HTTP/1.1" 200 2735 "-" "Mozilla/5.0 (compatible; Googlebot/2.1; +http://www.google.com/bot.html)"
66.249.72.173 - - [19/Sep/2011:00:48:03 +0200] "GET /robots.txt HTTP/1.1" 404 504 "-" "Mozilla/5.0 (compatible; Googlebot/2.1; +http://www.google.com/bot.html)"
66.249.72.173 - - [19/Sep/2011:00:48:03 +0200] "GET /~gerard/bcrs/index.php?option=com_content&view=article&id=96&catid=12&Itemid=34 HTTP/1.1" 200 2887 "-" "Mozilla/5.0 (compatible; Googlebot/2.1; +http://www.google.com/bot.html)"
77.88.24.28 - - [19/Sep/2011:02:28:03 +0200] "GET / HTTP/1.1" 200 373 "-" "Mozilla/5.0 (compatible; YandexBot/3.0; +http://yandex.com/bots)"
66.249.72.173 - - [19/Sep/2011:02:50:44 +0200] "GET /~gerard/bcrs/index.php?option=com_content&view=category&id=7&Itemid=34&format=feed&type=rss HTTP/1.1" 200 1421 "-" "Mozilla/5.0 (compatible; Googlebot/2.1; +http://www.google.com/bot.html)"
208.80.194.26 - - [19/Sep/2011:03:11:11 +0200] "GET / HTTP/1.0" 200 291 "-" "Mozilla/4.0 (compatible; MSIE 6.0; Windows NT 5.1; SV1; MathPlayer 2.10 beta 1; (R1 1.5); .NET CLR 1.1.4322)"
66.249.72.173 - - [19/Sep/2011:03:18:02 +0200] "GET /~gerard/bcrs/index.php?option=com_content&view=category&id=6&Itemid=34&format=feed&type=atom HTTP/1.1" 200 15920 "-" "Mozilla/5.0 (compatible; Googlebot/2.1; +http://www.google.com/bot.html)"
67.131.59.35 - - [19/Sep/2011:03:44:13 +0200] "GET /torrentflux/downloads/chanti/Supernatural.S02E18.HDTV.XviD-XOR.avi HTTP/1.1" 404 585 "http://www.deinon.net/torrentflux/downloads/chanti" "Mozilla/4.0 (compatible; MSIE 6.0; Windows NT 5.1; SV1)"
66.249.72.173 - - [19/Sep/2011:04:40:25 +0200] "GET /~gerard/bcrs/index.php?option=com_content&view=category&id=6&Itemid=34&format=feed&type=rss HTTP/1.1" 200 3382 "-" "Mozilla/5.0 (compatible; Googlebot/2.1; +http://www.google.com/bot.html)"
66.249.72.173 - - [19/Sep/2011:05:40:39 +0200] "GET /~gerard/bcrs/index.php?option=com_content&view=category&layout=blog&id=19&Itemid=56&limitstart=15 HTTP/1.1" 200 3545 "-" "Mozilla/5.0 (compatible; Googlebot/2.1; +http://www.google.com/bot.html)"
66.249.72.173 - - [19/Sep/2011:06:17:24 +0200] "GET /~gerard/bcrs/index.php?option=com_content&view=category&id=9&Itemid=34&format=feed&type=atom HTTP/1.1" 200 1316 "-" "Mozilla/5.0 (compatible; Googlebot/2.1; +http://www.google.com/bot.html)"
123.125.71.54 - - [19/Sep/2011:06:24:48 +0200] "GET / HTTP/1.1" 200 335 "-" "Mozilla/5.0 (compatible; Baiduspider/2.0; +http://www.baidu.com/search/spider.html)"
123.125.71.76 - - [19/Sep/2011:07:05:45 +0200] "GET /robots.txt HTTP/1.1" 404 466 "-" "Baiduspider+(+http://www.baidu.com/search/spider.htm)"
66.249.72.173 - - [19/Sep/2011:07:06:50 +0200] "GET /~gerard/bcrs/index.php?option=com_content&view=category&id=19&layout=blog&Itemid=56&limitstart=10 HTTP/1.1" 200 3393 "-" "Mozilla/5.0 (compatible; Googlebot/2.1; +http://www.google.com/bot.html)"
123.125.71.12 - - [19/Sep/2011:07:17:20 +0200] "GET / HTTP/1.1" 200 335 "-" "Mozilla/5.0 (compatible; Baiduspider/2.0; +http://www.baidu.com/search/spider.html)"
66.249.72.173 - - [19/Sep/2011:08:36:41 +0200] "GET /~gerard/bcrs/index.php?option=com_content&view=section&layout=blog&id=1&Itemid=3&limitstart=64 HTTP/1.1" 200 2852 "-" "Mozilla/5.0 (compatible; Googlebot/2.1; +http://www.google.com/bot.html)"
66.249.72.173 - - [19/Sep/2011:09:33:35 +0200] "GET /~gerard/bcrs/index.php?option=com_content&view=article&id=66:team-bcrs-1-kampioen-erc&catid=8:recreanten&Itemid=34 HTTP/1.1" 200 3036 "-" "Mozilla/5.0 (compatible; Googlebot/2.1; +http://www.google.com/bot.html)"
66.249.72.173 - - [19/Sep/2011:10:30:29 +0200] "GET /~gerard/bcrs/index.php?option=com_content&view=article&id=60:verslag-en-fotos-yonex-kids-games&catid=19:mededelingen-jeugdcommissie&Itemid=56 HTTP/1.1" 200 2780 "-" "Mozilla/5.0 (compatible; Googlebot/2.1; +http://www.google.com/bot.html)"
66.249.72.173 - - [19/Sep/2011:10:48:35 +0200] "GET /~gerard/bcrs/index.php?option=com_content&view=category&id=19&layout=blog&Itemid=56&limitstart=15 HTTP/1.1" 200 3549 "-" "Mozilla/5.0 (compatible; Googlebot/2.1; +http://www.google.com/bot.html)"
66.249.72.173 - - [19/Sep/2011:12:45:40 +0200] "GET /~gerard/bcrs/index.php?option=com_content&view=category&id=9&Itemid=34&format=feed&type=rss HTTP/1.1" 200 967 "-" "Mozilla/5.0 (compatible; Googlebot/2.1; +http://www.google.com/bot.html)"
66.249.72.173 - - [19/Sep/2011:13:10:46 +0200] "GET /robots.txt HTTP/1.1" 404 504 "-" "Mozilla/5.0 (compatible; Googlebot/2.1; +http://www.google.com/bot.html)"
66.249.72.173 - - [19/Sep/2011:13:10:46 +0200] "GET /~gerard/bcrs/index.php?option=com_content&view=category&id=12&Itemid=34&format=feed&type=atom HTTP/1.1" 200 20775 "-" "Mozilla/5.0 (compatible; Googlebot/2.1; +http://www.google.com/bot.html)"
66.249.71.1 - - [19/Sep/2011:14:33:52 +0200] "GET /robots.txt HTTP/1.1" 404 504 "-" "Mozilla/5.0 (compatible; Googlebot/2.1; +http://www.google.com/bot.html)"
66.249.71.1 - - [19/Sep/2011:14:33:52 +0200] "GET /~gerard/bcrs/index.php?option=com_content&view=category&id=12&Itemid=34&format=feed&type=rss HTTP/1.1" 200 3981 "-" "Mozilla/5.0 (compatible; Googlebot/2.1; +http://www.google.com/bot.html)"
66.249.71.1 - - [19/Sep/2011:15:23:42 +0200] "GET /~gerard/bcrs/index.php?option=com_content&view=category&id=20&Itemid=34&format=feed&type=atom HTTP/1.1" 200 21846 "-" "Mozilla/5.0 (compatible; Googlebot/2.1; +http://www.google.com/bot.html)"
66.249.71.1 - - [19/Sep/2011:17:22:12 +0200] "GET /~gerard/bcrs/index.php?option=com_content&view=category&id=19&layout=blog&Itemid=56&limitstart=25 HTTP/1.1" 200 3584 "-" "Mozilla/5.0 (compatible; Googlebot/2.1; +http://www.google.com/bot.html)"
66.249.71.1 - - [19/Sep/2011:17:29:04 +0200] "GET /~gerard/bcrs/index.php?option=com_content&view=category&id=20&Itemid=34&format=feed&type=rss HTTP/1.1" 200 3989 "-" "Mozilla/5.0 (compatible; Googlebot/2.1; +http://www.google.com/bot.html)"
66.249.71.1 - - [19/Sep/2011:20:23:14 +0200] "GET /~gerard/bcrs/index.php?option=com_content&view=category&id=13&Itemid=34&format=feed&type=rss HTTP/1.1" 200 2995 "-" "Mozilla/5.0 (compatible; Googlebot/2.1; +http://www.google.com/bot.html)"
66.249.71.1 - - [19/Sep/2011:20:59:28 +0200] "GET /~gerard/bcrs/index.php?option=com_content&view=category&id=13&Itemid=34&format=feed&type=atom HTTP/1.1" 200 15129 "-" "Mozilla/5.0 (compatible; Googlebot/2.1; +http://www.google.com/bot.html)"
193.252.118.176 - - [20/Sep/2011:00:22:04 +0200] "GET / HTTP/1.1" 200 335 "-" "Mozilla/5.0 (Windows; U; Windows NT 5.1; fr; rv:1.8.1) VoilaBot BETA 1.2 (support.voilabot@orange-ftgroup.com)"
66.249.71.57 - - [20/Sep/2011:03:08:10 +0200] "GET /robots.txt HTTP/1.1" 404 504 "-" "Mozilla/5.0 (compatible; Googlebot/2.1; +http://www.google.com/bot.html)"
66.249.71.57 - - [20/Sep/2011:03:08:10 +0200] "GET / HTTP/1.1" 304 210 "-" "Mozilla/5.0 (compatible; Googlebot/2.1; +http://www.google.com/bot.html)"
66.249.71.57 - - [20/Sep/2011:03:33:16 +0200] "GET /~gerard/bcrs/index.php?option=com_content&view=article&id=21&Itemid=44 HTTP/1.1" 200 2943 "-" "Mozilla/5.0 (compatible; Googlebot/2.1; +http://www.google.com/bot.html)"
66.249.71.57 - - [20/Sep/2011:03:54:02 +0200] "GET /~gerard/bcrs/index.php?option=com_content&view=article&id=12&Itemid=38 HTTP/1.1" 200 3569 "-" "Mozilla/5.0 (compatible; Googlebot/2.1; +http://www.google.com/bot.html)"
66.249.71.57 - - [20/Sep/2011:04:16:17 +0200] "GET /~gerard/bcrs/index.php?option=com_content&view=article&id=30&Itemid=53 HTTP/1.1" 200 2673 "-" "Mozilla/5.0 (compatible; Googlebot/2.1; +http://www.google.com/bot.html)"
123.125.71.98 - - [20/Sep/2011:04:54:18 +0200] "GET / HTTP/1.1" 200 335 "-" "Mozilla/5.0 (compatible; Baiduspider/2.0; +http://www.baidu.com/search/spider.html)"
66.249.71.57 - - [20/Sep/2011:05:28:58 +0200] "GET /~gerard/bcrs/index.php?option=com_content&view=article&id=19&Itemid=42 HTTP/1.1" 200 2905 "-" "Mozilla/5.0 (compatible; Googlebot/2.1; +http://www.google.com/bot.html)"
66.249.71.57 - - [20/Sep/2011:07:45:27 +0200] "GET /~gerard/bcrs/index.php?option=com_content&view=article&id=25&Itemid=50 HTTP/1.1" 200 2939 "-" "Mozilla/5.0 (compatible; Googlebot/2.1; +http://www.google.com/bot.html)"
66.249.71.57 - - [20/Sep/2011:08:09:11 +0200] "GET /~gerard/bcrs/index.php?option=com_content&view=article&id=15&Itemid=39 HTTP/1.1" 200 2854 "-" "Mozilla/5.0 (compatible; Googlebot/2.1; +http://www.google.com/bot.html)"
66.249.71.57 - - [20/Sep/2011:08:47:45 +0200] "GET /~gerard/bcrs/index.php?option=com_content&view=article&id=83:bcrs-wint-wisselbeker-unicum-jeugdtoernooi&catid=19:mededelingen-jeugdcommissie&Itemid=56 HTTP/1.1" 200 2635 "-" "Mozilla/5.0 (compatible; Googlebot/2.1; +http://www.google.com/bot.html)"
123.125.71.22 - - [20/Sep/2011:09:36:09 +0200] "GET / HTTP/1.1" 200 291 "-" "Mozilla/5.0 (compatible; Baiduspider/2.0; +http://www.baidu.com/search/spider.html)"
220.181.108.75 - - [20/Sep/2011:09:36:51 +0200] "GET / HTTP/1.1" 200 291 "-" "Mozilla/5.0 (compatible; Baiduspider/2.0; +http://www.baidu.com/search/spider.html)"
66.249.71.57 - - [20/Sep/2011:09:51:33 +0200] "GET /~gerard/bcrs/index.php?option=com_content&view=article&id=57&Itemid=58 HTTP/1.1" 200 2727 "-" "Mozilla/5.0 (compatible; Googlebot/2.1; +http://www.google.com/bot.html)"
66.249.71.57 - - [20/Sep/2011:10:15:16 +0200] "GET /~gerard/bcrs/index.php?option=com_content&view=article&id=12&catid=11&Itemid=63 HTTP/1.1" 200 3561 "-" "Mozilla/5.0 (compatible; Googlebot/2.1; +http://www.google.com/bot.html)"
66.249.71.57 - - [20/Sep/2011:10:25:39 +0200] "GET /~gerard/bcrs/index.php?option=com_content&view=category&layout=blog&id=19&Itemid=56&limitstart=15 HTTP/1.1" 200 3750 "-" "Mozilla/5.0 (compatible; Googlebot/2.1; +http://www.google.com/bot.html)"
208.80.194.36 - - [20/Sep/2011:10:54:34 +0200] "GET / HTTP/1.0" 200 291 "-" "Mozilla/4.0 (compatible; MSIE 7.0; Windows NT 5.1; .NET CLR 1.1.4322; .NET CLR 2.0.50727; WinuE En; WinuE En)"
66.249.71.57 - - [20/Sep/2011:11:30:26 +0200] "GET /~gerard/bcrs/index.php?option=com_content&view=category&layout=blog&id=19&Itemid=56&limitstart=30 HTTP/1.1" 200 2952 "-" "Mozilla/5.0 (compatible; Googlebot/2.1; +http://www.google.com/bot.html)"
66.249.71.57 - - [20/Sep/2011:12:33:15 +0200] "GET /~gerard/bcrs/index.php?option=com_content&view=section&layout=blog&id=1&Itemid=3&limitstart=64 HTTP/1.1" 200 3539 "-" "Mozilla/5.0 (compatible; Googlebot/2.1; +http://www.google.com/bot.html)"
66.249.72.150 - - [20/Sep/2011:13:26:37 +0200] "GET /robots.txt HTTP/1.1" 404 504 "-" "Mozilla/5.0 (compatible; Googlebot/2.1; +http://www.google.com/bot.html)"
66.249.72.150 - - [20/Sep/2011:13:26:37 +0200] "GET /~gerard/bcrs/index.php?option=com_content&view=article&id=66:team-bcrs-1-kampioen-erc&catid=8:recreanten&Itemid=34 HTTP/1.1" 200 3169 "-" "Mozilla/5.0 (compatible; Googlebot/2.1; +http://www.google.com/bot.html)"
64.246.161.190 - - [20/Sep/2011:13:39:07 +0200] "GET /robots.txt HTTP/1.0" 404 491 "-" "Mozilla/5.0 (Windows; U; Windows NT 5.1; en; rv:1.9.0.13) Gecko/2009073022 Firefox/3.5.2 (.NET CLR 3.5.30729) SurveyBot/2.3 (DomainTools)"
64.246.161.190 - - [20/Sep/2011:13:39:07 +0200] "GET / HTTP/1.1" 200 335 "http://whois.domaintools.com/deinon.net" "Mozilla/5.0 (Windows; U; Windows NT 5.1; en; rv:1.9.0.13) Gecko/2009073022 Firefox/3.5.2 (.NET CLR 3.5.30729) SurveyBot/2.3 (DomainTools)"
66.249.72.150 - - [20/Sep/2011:13:39:58 +0200] "GET /~gerard/bcrs/index.php?option=com_content&view=article&id=60:verslag-en-fotos-yonex-kids-games&catid=19:mededelingen-jeugdcommissie&Itemid=56 HTTP/1.1" 200 2913 "-" "Mozilla/5.0 (compatible; Googlebot/2.1; +http://www.google.com/bot.html)"
41.133.2.57 - - [20/Sep/2011:14:18:11 +0200] "GET /torrentflux/downloads/chanti/The%20Matrix%20Trilogy/The.Matrix.Revolutions-2004%20DVDRip.Xvid.avi HTTP/1.1" 404 610 "http://www.deinon.net/torrentflux/downloads/chanti/The%20Matrix%20Trilogy" "Mozilla/4.0 (compatible; MSIE 6.0; Windows NT 5.1; SV1)"
124.115.1.62 - - [20/Sep/2011:19:01:08 +0200] "GET / HTTP/1.1" 200 373 "-" "Mozilla/4.0 (compatible; MSIE 6.0; Windows NT 5.1)"
123.125.71.83 - - [21/Sep/2011:01:06:12 +0200] "GET /robots.txt HTTP/1.1" 404 466 "-" "Baiduspider+(+http://www.baidu.com/search/spider.htm)"
124.115.1.61 - - [21/Sep/2011:03:17:48 +0200] "GET / HTTP/1.1" 200 373 "-" "Mozilla/4.0 (compatible; MSIE 6.0; Windows NT 5.1)"
66.249.72.150 - - [21/Sep/2011:05:14:16 +0200] "GET /robots.txt HTTP/1.1" 404 504 "-" "Mozilla/5.0 (compatible; Googlebot/2.1; +http://www.google.com/bot.html)"
66.249.72.150 - - [21/Sep/2011:05:14:16 +0200] "GET /~gerard/bcrs/index.php?option=com_content&view=category&id=19&layout=blog&Itemid=56 HTTP/1.1" 200 4195 "-" "Mozilla/5.0 (compatible; Googlebot/2.1; +http://www.google.com/bot.html)"
123.125.71.109 - - [21/Sep/2011:05:44:30 +0200] "GET / HTTP/1.1" 200 335 "-" "Mozilla/5.0 (compatible; Baiduspider/2.0; +http://www.baidu.com/search/spider.html)"
180.76.5.55 - - [21/Sep/2011:08:38:03 +0200] "GET /robots.txt HTTP/1.1" 404 466 "-" "Baiduspider+(+http://www.baidu.com/search/spider.htm)"
123.125.71.81 - - [21/Sep/2011:11:12:22 +0200] "GET /robots.txt HTTP/1.1" 404 466 "-" "Baiduspider+(+http://www.baidu.com/search/spider.htm)"
80.183.229.96 - - [21/Sep/2011:13:35:33 +0200] "GET / HTTP/1.1" 200 329 "-" "Mozilla/4.0 (compatible; Win32; WinHttp.WinHttpRequest.5)"
66.249.72.150 - - [21/Sep/2011:16:56:36 +0200] "GET /~gerard/bcrs/index.php?option=com_content&view=category&layout=blog&id=19&Itemid=56 HTTP/1.1" 200 4191 "-" "Mozilla/5.0 (compatible; Googlebot/2.1; +http://www.google.com/bot.html)"
208.80.194.36 - - [21/Sep/2011:20:25:00 +0200] "GET / HTTP/1.0" 200 291 "-" "Mozilla/4.0 (compatible; MSIE 6.0; Windows NT 5.1; {4AFCD376-A00B-6108-A26D-15B933AF9A88}; .NET CLR 1.1.4322)"
124.115.1.66 - - [21/Sep/2011:22:48:40 +0200] "GET / HTTP/1.1" 200 373 "-" "Mozilla/4.0 (compatible; MSIE 6.0; Windows NT 5.1)"
66.249.72.150 - - [21/Sep/2011:23:35:43 +0200] "GET /robots.txt HTTP/1.1" 404 504 "-" "Mozilla/5.0 (compatible; Googlebot/2.1; +http://www.google.com/bot.html)"
66.249.72.150 - - [21/Sep/2011:23:35:43 +0200] "GET /~gerard/bcrs/index.php?option=com_content&view=category&id=12&Itemid=34 HTTP/1.1" 200 3476 "-" "Mozilla/5.0 (compatible; Googlebot/2.1; +http://www.google.com/bot.html)"
66.249.72.150 - - [21/Sep/2011:23:37:25 +0200] "GET /~gerard/bcrs/index.php?option=com_content&view=article&id=21&Itemid=44 HTTP/1.1" 200 2943 "-" "Mozilla/5.0 (compatible; Googlebot/2.1; +http://www.google.com/bot.html)"
66.249.72.150 - - [21/Sep/2011:23:53:18 +0200] "GET /~gerard/bcrs/index.php?option=com_content&view=article&id=30&Itemid=53 HTTP/1.1" 200 2673 "-" "Mozilla/5.0 (compatible; Googlebot/2.1; +http://www.google.com/bot.html)"
62.251.106.48 - - [22/Sep/2011:01:23:31 +0200] "GET /~gin/djpics/mybooth1.jpg HTTP/1.1" 404 517 "http://www.dj2dj.nl/forum/viewtopic.php?f=2&t=2668" "Mozilla/5.0 (compatible; MSIE 9.0; Windows NT 6.1; WOW64; Trident/5.0; MASB)"
66.249.72.150 - - [22/Sep/2011:01:43:43 +0200] "GET /~gerard/bcrs/index.php?option=com_content&view=category&id=12&Itemid=34 HTTP/1.1" 200 3477 "-" "Mozilla/5.0 (compatible; Googlebot/2.1; +http://www.google.com/bot.html)"
66.249.72.150 - - [22/Sep/2011:02:47:23 +0200] "GET /~gerard/bcrs/index.php?option=com_content&view=article&id=21&Itemid=44 HTTP/1.1" 200 2943 "-" "Mozilla/5.0 (compatible; Googlebot/2.1; +http://www.google.com/bot.html)"
66.249.72.150 - - [22/Sep/2011:03:46:56 +0200] "GET /~gerard/bcrs/index.php?option=com_content&view=category&id=19&layout=blog&Itemid=56 HTTP/1.1" 200 4196 "-" "Mozilla/5.0 (compatible; Googlebot/2.1; +http://www.google.com/bot.html)"
66.249.72.150 - - [22/Sep/2011:03:51:35 +0200] "GET /~gerard/bcrs/index.php?option=com_content&view=article&id=19&Itemid=42 HTTP/1.1" 200 2905 "-" "Mozilla/5.0 (compatible; Googlebot/2.1; +http://www.google.com/bot.html)"
66.249.72.150 - - [22/Sep/2011:04:40:46 +0200] "GET /~gerard/bcrs/index.php?option=com_content&view=article&id=25&Itemid=50 HTTP/1.1" 200 2939 "-" "Mozilla/5.0 (compatible; Googlebot/2.1; +http://www.google.com/bot.html)"
66.249.72.150 - - [22/Sep/2011:04:42:50 +0200] "GET /~gerard/bcrs/index.php?option=com_content&view=article&id=57&Itemid=58 HTTP/1.1" 200 2727 "-" "Mozilla/5.0 (compatible; Googlebot/2.1; +http://www.google.com/bot.html)"
66.249.72.150 - - [22/Sep/2011:05:06:40 +0200] "GET /~gerard/bcrs/index.php?option=com_content&view=article&id=15&Itemid=39 HTTP/1.1" 200 2854 "-" "Mozilla/5.0 (compatible; Googlebot/2.1; +http://www.google.com/bot.html)"
66.249.72.150 - - [22/Sep/2011:05:11:19 +0200] "GET /~gerard/bcrs/index.php?option=com_content&view=article&id=83:bcrs-wint-wisselbeker-unicum-jeugdtoernooi&catid=19:mededelingen-jeugdcommissie&Itemid=56 HTTP/1.1" 200 2635 "-" "Mozilla/5.0 (compatible; Googlebot/2.1; +http://www.google.com/bot.html)"
66.249.72.150 - - [22/Sep/2011:05:13:54 +0200] "GET /~gerard/bcrs/index.php?option=com_content&view=category&layout=blog&id=19&Itemid=56&limitstart=15 HTTP/1.1" 200 3750 "-" "Mozilla/5.0 (compatible; Googlebot/2.1; +http://www.google.com/bot.html)"
66.249.72.150 - - [22/Sep/2011:05:40:18 +0200] "GET /~gerard/bcrs/index.php?option=com_content&view=section&layout=blog&id=1&Itemid=3&limitstart=64 HTTP/1.1" 200 3538 "-" "Mozilla/5.0 (compatible; Googlebot/2.1; +http://www.google.com/bot.html)"
123.125.71.54 - - [22/Sep/2011:06:03:23 +0200] "GET / HTTP/1.1" 200 335 "-" "Mozilla/5.0 (compatible; Baiduspider/2.0; +http://www.baidu.com/search/spider.html)"
66.249.72.150 - - [22/Sep/2011:06:04:07 +0200] "GET /~gerard/bcrs/index.php?option=com_content&view=article&id=66:team-bcrs-1-kampioen-erc&catid=8:recreanten&Itemid=34 HTTP/1.1" 200 3170 "-" "Mozilla/5.0 (compatible; Googlebot/2.1; +http://www.google.com/bot.html)"
80.183.229.96 - - [22/Sep/2011:06:14:52 +0200] "GET / HTTP/1.1" 200 329 "-" "Mozilla/4.0 (compatible; Win32; WinHttp.WinHttpRequest.5)"
66.249.72.150 - - [22/Sep/2011:08:34:50 +0200] "GET /~gerard/bcrs/index.php?option=com_content&view=section&layout=blog&id=1&Itemid=3&limitstart=64 HTTP/1.1" 200 3538 "-" "Mozilla/5.0 (compatible; Googlebot/2.1; +http://www.google.com/bot.html)"
66.249.72.150 - - [22/Sep/2011:09:20:16 +0200] "GET /~gerard/bcrs/index.php?option=com_content&view=article&id=60:verslag-en-fotos-yonex-kids-games&catid=19:mededelingen-jeugdcommissie&Itemid=56 HTTP/1.1" 200 2913 "-" "Mozilla/5.0 (compatible; Googlebot/2.1; +http://www.google.com/bot.html)"
77.88.24.28 - - [22/Sep/2011:11:15:58 +0200] "GET /robots.txt HTTP/1.1" 404 529 "-" "Mozilla/5.0 (compatible; YandexBot/3.0; +http://yandex.com/bots)"
208.115.113.84 - - [22/Sep/2011:11:35:04 +0200] "GET /robots.txt HTTP/1.1" 404 472 "-" "Mozilla/5.0 (compatible; Ezooms/1.0; ezooms.bot@gmail.com)"
123.125.71.78 - - [22/Sep/2011:12:52:29 +0200] "GET /robots.txt HTTP/1.1" 404 466 "-" "Baiduspider+(+http://www.baidu.com/search/spider.htm)"
208.115.113.84 - - [22/Sep/2011:13:00:47 +0200] "GET / HTTP/1.1" 200 298 "-" "Mozilla/5.0 (compatible; Ezooms/1.0; ezooms.bot@gmail.com)"
180.76.5.164 - - [22/Sep/2011:15:44:05 +0200] "GET / HTTP/1.1" 200 335 "-" "Mozilla/5.0 (compatible; Baiduspider/2.0; +http://www.baidu.com/search/spider.html)"
124.115.10.193 - - [22/Sep/2011:16:49:06 +0200] "GET / HTTP/1.1" 200 373 "-" "Mozilla/4.0 (compatible; MSIE 6.0; Windows NT 5.1)"
124.115.1.61 - - [22/Sep/2011:16:55:26 +0200] "GET / HTTP/1.1" 200 373 "-" "Mozilla/4.0 (compatible; MSIE 6.0; Windows NT 5.1)"
74.87.85.188 - - [22/Sep/2011:18:06:14 +0200] "GET / HTTP/1.1" 200 316 "-" "Mozilla/4.0 (compatible; MSIE 7.0; Windows NT 5.1)"
87.118.86.133 - - [22/Sep/2011:20:17:19 +0200] "GET /robots.txt HTTP/1.1" 404 466 "-" "Mozilla/5.0 (compatible; Plukkie/1.4; http://www.botje.com/plukkie.htm)"
87.118.86.133 - - [22/Sep/2011:20:17:19 +0200] "GET / HTTP/1.1" 200 335 "-" "Mozilla/5.0 (compatible; Plukkie/1.4; http://www.botje.com/plukkie.htm)"
180.76.5.142 - - [22/Sep/2011:21:56:34 +0200] "GET /robots.txt HTTP/1.1" 404 466 "-" "Baiduspider+(+http://www.baidu.com/search/spider.htm)"
193.252.118.176 - - [23/Sep/2011:00:46:17 +0200] "GET /robots.txt HTTP/1.1" 404 466 "-" "Mozilla/5.0 (Windows; U; Windows NT 5.1; fr; rv:1.8.1) VoilaBot BETA 1.2 (support.voilabot@orange-ftgroup.com)"
193.252.118.176 - - [23/Sep/2011:00:46:19 +0200] "GET / HTTP/1.1" 200 335 "-" "Mozilla/5.0 (Windows; U; Windows NT 5.1; fr; rv:1.8.1) VoilaBot BETA 1.2 (support.voilabot@orange-ftgroup.com)"
66.249.72.150 - - [23/Sep/2011:01:52:31 +0200] "GET /robots.txt HTTP/1.1" 404 504 "-" "Mozilla/5.0 (compatible; Googlebot/2.1; +http://www.google.com/bot.html)"
66.249.72.150 - - [23/Sep/2011:01:52:31 +0200] "GET /~gerard/bcrs/index.php?option=com_content&view=section&layout=blog&id=1&Itemid=3&limitstart=8 HTTP/1.1" 200 4402 "-" "Mozilla/5.0 (compatible; Googlebot/2.1; +http://www.google.com/bot.html)"
66.249.72.150 - - [23/Sep/2011:02:00:23 +0200] "GET /~gerard/bcrs/index.php?option=com_content&view=article&id=87:laatste-jeugdtraining&catid=6:jeugd&Itemid=34 HTTP/1.1" 200 2693 "-" "Mozilla/5.0 (compatible; Googlebot/2.1; +http://www.google.com/bot.html)"
77.88.24.28 - - [23/Sep/2011:02:03:16 +0200] "GET / HTTP/1.1" 200 373 "-" "Mozilla/5.0 (compatible; YandexBot/3.0; +http://yandex.com/bots)"
66.249.72.150 - - [23/Sep/2011:04:09:30 +0200] "GET /~gerard/bcrs/index.php?option=com_content&view=category&layout=blog&id=19&Itemid=56 HTTP/1.1" 200 4191 "-" "Mozilla/5.0 (compatible; Googlebot/2.1; +http://www.google.com/bot.html)"
66.249.72.150 - - [23/Sep/2011:04:37:11 +0200] "GET /~gerard/bcrs/index.php?option=com_content&view=category&id=12&Itemid=34 HTTP/1.1" 200 3477 "-" "Mozilla/5.0 (compatible; Googlebot/2.1; +http://www.google.com/bot.html)"
123.125.71.35 - - [23/Sep/2011:05:09:57 +0200] "GET / HTTP/1.1" 200 335 "-" "Mozilla/5.0 (compatible; Baiduspider/2.0; +http://www.baidu.com/search/spider.html)"
208.80.194.31 - - [23/Sep/2011:05:21:45 +0200] "GET / HTTP/1.0" 200 291 "-" "Mozilla/4.0 (compatible; MSIE 6.0; Windows NT 5.1; SV1; FunWebProducts; .NET CLR 1.1.4322; HbTools 4.7.1; yplus 5.1.04b)"
180.76.5.59 - - [23/Sep/2011:15:54:23 +0200] "GET / HTTP/1.1" 200 335 "-" "Mozilla/5.0 (compatible; Baiduspider/2.0; +http://www.baidu.com/search/spider.html)"
114.80.93.71 - - [23/Sep/2011:19:51:13 +0200] "GET / HTTP/1.1" 200 373 "-" "Mozilla/4.0 (compatible; MSIE 6.0; Windows NT 5.1)"
184.107.226.114 - - [23/Sep/2011:21:38:48 +0200] "GET / HTTP/1.0" 200 329 "-" "Wget/1.11.4 Red Hat modified"
180.76.5.175 - - [23/Sep/2011:23:24:59 +0200] "GET /robots.txt HTTP/1.1" 404 466 "-" "Baiduspider+(+http://www.baidu.com/search/spider.htm)"
67.207.136.128 - - [24/Sep/2011:00:37:47 +0200] "GET / HTTP/1.1" 200 291 "-" "Mozilla/5.0 (Macintosh; U; Intel Mac OS X 10_5_8; en-us) AppleWebKit/531.21.8 (KHTML, like Gecko) Version/4.0.4 Safari/531.21.10"
81.71.142.52 - - [24/Sep/2011:02:00:13 +0200] "GET /~gin/djpics/mybooth1.jpg HTTP/1.1" 404 517 "http://www.dj2dj.nl/forum/viewtopic.php?f=2&t=2668" "Mozilla/5.0 (compatible; MSIE 9.0; Windows NT 6.1; WOW64; Trident/5.0)"
66.249.71.57 - - [24/Sep/2011:08:50:43 +0200] "GET /robots.txt HTTP/1.1" 404 504 "-" "Mozilla/5.0 (compatible; Googlebot/2.1; +http://www.google.com/bot.html)"
66.249.71.57 - - [24/Sep/2011:08:50:44 +0200] "GET /~gerard/bcrs/index.php?option=com_content&view=article&id=16&Itemid=41 HTTP/1.1" 200 2797 "-" "Mozilla/5.0 (compatible; Googlebot/2.1; +http://www.google.com/bot.html)"
123.125.71.51 - - [24/Sep/2011:09:00:43 +0200] "GET / HTTP/1.1" 200 335 "-" "Mozilla/5.0 (compatible; Baiduspider/2.0; +http://www.baidu.com/search/spider.html)"
66.249.71.57 - - [24/Sep/2011:09:42:47 +0200] "GET /~gerard/bcrs/index.php?option=com_content&view=article&id=18&Itemid=43 HTTP/1.1" 200 2683 "-" "Mozilla/5.0 (compatible; Googlebot/2.1; +http://www.google.com/bot.html)"
66.249.71.57 - - [24/Sep/2011:11:41:47 +0200] "GET /~gerard/bcrs/index.php?option=com_content&view=article&id=17&Itemid=40 HTTP/1.1" 200 2711 "-" "Mozilla/5.0 (compatible; Googlebot/2.1; +http://www.google.com/bot.html)"
66.249.71.57 - - [24/Sep/2011:12:01:37 +0200] "GET /~gerard/bcrs/index.php?option=com_content&view=article&id=21&Itemid=44 HTTP/1.1" 200 2943 "-" "Mozilla/5.0 (compatible; Googlebot/2.1; +http://www.google.com/bot.html)"
66.249.71.57 - - [24/Sep/2011:12:41:17 +0200] "GET /~gerard/bcrs/index.php?option=com_content&view=article&id=30&Itemid=53 HTTP/1.1" 200 2673 "-" "Mozilla/5.0 (compatible; Googlebot/2.1; +http://www.google.com/bot.html)"
208.80.194.32 - - [24/Sep/2011:14:15:56 +0200] "GET / HTTP/1.0" 200 291 "-" "Mozilla/4.0 (compatible; MSIE 6.0; Windows NT 5.1; SV1; City of Plano Public Library; .NET CLR 1.1.4322)"
66.249.71.57 - - [24/Sep/2011:14:57:35 +0200] "GET /~gerard/bcrs/index.php?option=com_content&view=category&id=19&layout=blog&Itemid=56 HTTP/1.1" 200 4197 "-" "Mozilla/5.0 (compatible; Googlebot/2.1; +http://www.google.com/bot.html)"
66.249.71.57 - - [24/Sep/2011:16:31:33 +0200] "GET /~roel/apport.crash HTTP/1.1" 404 510 "-" "Mozilla/5.0 (compatible; Googlebot/2.1; +http://www.google.com/bot.html)"
66.249.71.57 - - [24/Sep/2011:18:23:22 +0200] "GET /~gerard/bcrs/index.php?option=com_content&view=article&id=19&Itemid=42 HTTP/1.1" 200 2905 "-" "Mozilla/5.0 (compatible; Googlebot/2.1; +http://www.google.com/bot.html)"
66.249.71.57 - - [24/Sep/2011:20:14:57 +0200] "GET /~gerard/bcrs/index.php?option=com_content&view=article&id=25&Itemid=50 HTTP/1.1" 200 2939 "-" "Mozilla/5.0 (compatible; Googlebot/2.1; +http://www.google.com/bot.html)"
180.76.5.54 - - [24/Sep/2011:20:18:14 +0200] "GET /robots.txt HTTP/1.1" 404 466 "-" "Baiduspider+(+http://www.baidu.com/search/spider.htm)"
65.26.90.38 - - [24/Sep/2011:20:49:58 +0200] "GET /torrentflux/downloads/chanti/The%20Matrix%20Trilogy/The.Matrix.Revolutions-2004%20DVDRip.Xvid.avi HTTP/1.1" 404 610 "http://www.deinon.net/torrentflux/downloads/chanti/The%20Matrix%20Trilogy" "Mozilla/4.0 (compatible; MSIE 6.0; Windows NT 5.1; SV1)"
65.26.90.38 - - [24/Sep/2011:20:50:39 +0200] "GET /torrentflux/downloads/chanti/The%20Matrix%20Trilogy/The.Matrix.Revolutions-2004%20DVDRip.Xvid.avi HTTP/1.1" 404 610 "http://www.deinon.net/torrentflux/downloads/chanti/The%20Matrix%20Trilogy" "Mozilla/4.0 (compatible; MSIE 6.0; Windows NT 5.1; SV1)"
66.249.71.57 - - [24/Sep/2011:21:19:24 +0200] "GET /robots.txt HTTP/1.1" 404 504 "-" "Mozilla/5.0 (compatible; Googlebot/2.1; +http://www.google.com/bot.html)"
66.249.71.57 - - [24/Sep/2011:21:19:24 +0200] "GET /~gerard/bcrs/index.php?option=com_content&view=article&id=57&Itemid=58 HTTP/1.1" 200 2726 "-" "Mozilla/5.0 (compatible; Googlebot/2.1; +http://www.google.com/bot.html)"
66.249.71.57 - - [24/Sep/2011:22:58:35 +0200] "GET /~gerard/bcrs/index.php?option=com_content&view=article&id=15&Itemid=39 HTTP/1.1" 200 2854 "-" "Mozilla/5.0 (compatible; Googlebot/2.1; +http://www.google.com/bot.html)"
66.249.71.57 - - [25/Sep/2011:00:42:32 +0200] "GET /~gerard/bcrs/index.php?option=com_content&view=section&layout=blog&id=1&Itemid=3&limitstart=8 HTTP/1.1" 200 4402 "-" "Mozilla/5.0 (compatible; Googlebot/2.1; +http://www.google.com/bot.html)"
66.249.71.57 - - [25/Sep/2011:01:34:38 +0200] "GET /~gerard/bcrs/index.php?option=com_content&view=category&layout=blog&id=19&Itemid=56&limitstart=30 HTTP/1.1" 200 2952 "-" "Mozilla/5.0 (compatible; Googlebot/2.1; +http://www.google.com/bot.html)"
66.249.71.57 - - [25/Sep/2011:01:49:31 +0200] "GET /~gerard/bcrs/index.php?option=com_content&view=article&id=83:bcrs-wint-wisselbeker-unicum-jeugdtoernooi&catid=19:mededelingen-jeugdcommissie&Itemid=56 HTTP/1.1" 200 2635 "-" "Mozilla/5.0 (compatible; Googlebot/2.1; +http://www.google.com/bot.html)"
66.249.71.57 - - [25/Sep/2011:02:19:17 +0200] "GET /~gerard/bcrs/index.php?option=com_content&view=category&layout=blog&id=19&Itemid=56&limitstart=15 HTTP/1.1" 200 3750 "-" "Mozilla/5.0 (compatible; Googlebot/2.1; +http://www.google.com/bot.html)"
66.249.71.57 - - [25/Sep/2011:02:51:33 +0200] "GET /~gerard/bcrs/index.php?option=com_content&view=category&id=12&Itemid=34 HTTP/1.1" 200 3477 "-" "Mozilla/5.0 (compatible; Googlebot/2.1; +http://www.google.com/bot.html)"
66.249.71.57 - - [25/Sep/2011:03:21:21 +0200] "GET /~gerard/bcrs/index.php?option=com_content&view=article&id=87:laatste-jeugdtraining&catid=6:jeugd&Itemid=34 HTTP/1.1" 200 2693 "-" "Mozilla/5.0 (compatible; Googlebot/2.1; +http://www.google.com/bot.html)"
66.249.71.57 - - [25/Sep/2011:03:38:42 +0200] "GET /~gerard/bcrs/index.php?option=com_content&view=article&id=66:team-bcrs-1-kampioen-erc&catid=8:recreanten&Itemid=34 HTTP/1.1" 200 3170 "-" "Mozilla/5.0 (compatible; Googlebot/2.1; +http://www.google.com/bot.html)"
66.249.71.57 - - [25/Sep/2011:04:58:44 +0200] "GET /~gerard/bcrs/index.php?option=com_content&view=article&id=60:verslag-en-fotos-yonex-kids-games&catid=19:mededelingen-jeugdcommissie&Itemid=56 HTTP/1.1" 200 2913 "-" "Mozilla/5.0 (compatible; Googlebot/2.1; +http://www.google.com/bot.html)"
77.88.24.28 - - [25/Sep/2011:07:50:05 +0200] "GET /robots.txt HTTP/1.1" 404 529 "-" "Mozilla/5.0 (compatible; YandexBot/3.0; +http://yandex.com/bots)"
77.88.24.28 - - [25/Sep/2011:10:54:59 +0200] "GET / HTTP/1.1" 200 373 "-" "Mozilla/5.0 (compatible; YandexBot/3.0; +http://yandex.com/bots)"
65.26.90.38 - - [25/Sep/2011:11:11:45 +0200] "GET /torrentflux/downloads/chanti/The%20Matrix%20Trilogy/The.Matrix.Revolutions-2004%20DVDRip.Xvid.avi HTTP/1.1" 404 610 "http://www.deinon.net/torrentflux/downloads/chanti/The%20Matrix%20Trilogy" "Mozilla/4.0 (compatible; MSIE 6.0; Windows NT 5.1; SV1)"
66.249.71.57 - - [25/Sep/2011:13:41:46 +0200] "GET /robots.txt HTTP/1.1" 404 504 "-" "Mozilla/5.0 (compatible; Googlebot/2.1; +http://www.google.com/bot.html)"
66.249.71.57 - - [25/Sep/2011:13:41:46 +0200] "GET /~gerard/bcrs/index.php?option=com_content&view=category&id=18&layout=blog&Itemid=55 HTTP/1.1" 200 4364 "-" "Mozilla/5.0 (compatible; Googlebot/2.1; +http://www.google.com/bot.html)"
173.193.219.168 - - [25/Sep/2011:14:07:17 +0200] "GET /robots.txt HTTP/1.1" 404 529 "-" "Aboundex/0.2 (http://www.aboundex.com/crawler/)"
173.193.219.168 - - [25/Sep/2011:14:07:17 +0200] "GET / HTTP/1.1" 200 328 "-" "Aboundex/0.2 (http://www.aboundex.com/crawler/)"
66.249.71.57 - - [25/Sep/2011:14:27:36 +0200] "GET /~gerard/bcrs/index.php?option=com_content&view=article&id=12&Itemid=63 HTTP/1.1" 200 3561 "-" "Mozilla/5.0 (compatible; Googlebot/2.1; +http://www.google.com/bot.html)"
66.249.71.57 - - [25/Sep/2011:16:40:53 +0200] "GET /~gerard/bcrs/index.php?option=com_content&view=category&layout=blog&id=18&Itemid=55 HTTP/1.1" 200 4360 "-" "Mozilla/5.0 (compatible; Googlebot/2.1; +http://www.google.com/bot.html)"
66.249.71.57 - - [25/Sep/2011:19:12:05 +0200] "GET /~gerard/bcrs/index.php?option=com_content&view=article&id=56:jeugdkamp-2011&catid=19:mededelingen-jeugdcommissie&Itemid=56 HTTP/1.1" 200 2687 "-" "Mozilla/5.0 (compatible; Googlebot/2.1; +http://www.google.com/bot.html)"
220.181.108.121 - - [25/Sep/2011:19:33:49 +0200] "GET /robots.txt HTTP/1.1" 404 466 "-" "Baiduspider+(+http://www.baidu.com/search/spider.htm)"
180.76.5.58 - - [25/Sep/2011:21:06:02 +0200] "GET /robots.txt HTTP/1.1" 404 466 "-" "Baiduspider+(+http://www.baidu.com/search/spider.htm)"
66.249.71.57 - - [25/Sep/2011:21:24:45 +0200] "GET /~gerard/bcrs/index.php?option=com_content&view=category&id=12&Itemid=34 HTTP/1.1" 200 3477 "-" "Mozilla/5.0 (compatible; Googlebot/2.1; +http://www.google.com/bot.html)"
66.249.71.57 - - [25/Sep/2011:21:44:32 +0200] "GET /~gerard/bcrs/index.php?option=com_content&view=article&id=87:laatste-jeugdtraining&catid=6:jeugd&Itemid=34 HTTP/1.1" 200 2693 "-" "Mozilla/5.0 (compatible; Googlebot/2.1; +http://www.google.com/bot.html)"
208.80.194.27 - - [25/Sep/2011:22:41:31 +0200] "GET / HTTP/1.0" 200 291 "-" "Mozilla/4.0 (compatible; MSIE 7.0; Windows NT 5.1; .NET CLR 1.1.4322; InfoPath.2; .NET CLR 3.0.04506.30)"
81.30.76.206 - - [25/Sep/2011:22:52:54 +0200] "GET / HTTP/1.1" 200 291 "-" "Mozilla/5.0 (Macintosh; U; Intel Mac OS X 10_5_7; nl-nl) AppleWebKit/528.16 (KHTML, like Gecko) Version/4.0 Safari/528.16"
207.241.224.41 - - [25/Sep/2011:22:59:06 +0200] "GET /robots.txt HTTP/1.1" 404 472 "-" "ia_archiver(OS-Wayback)"
193.252.118.176 - - [26/Sep/2011:01:08:42 +0200] "GET / HTTP/1.1" 200 335 "-" "Mozilla/5.0 (Windows; U; Windows NT 5.1; fr; rv:1.8.1) VoilaBot BETA 1.2 (support.voilabot@orange-ftgroup.com)"
123.125.71.94 - - [26/Sep/2011:06:48:53 +0200] "GET / HTTP/1.1" 200 335 "-" "Mozilla/5.0 (compatible; Baiduspider/2.0; +http://www.baidu.com/search/spider.html)"
85.17.171.225 - - [26/Sep/2011:08:06:02 +0200] "GET /robots.txt HTTP/1.1" 404 466 "-" "Mozilla/5.0 (compatible; Plukkie/1.4; http://www.botje.com/plukkie.htm)"
85.17.171.225 - - [26/Sep/2011:08:06:02 +0200] "GET / HTTP/1.1" 200 335 "-" "Mozilla/5.0 (compatible; Plukkie/1.4; http://www.botje.com/plukkie.htm)"
66.249.71.57 - - [26/Sep/2011:12:01:25 +0200] "GET /robots.txt HTTP/1.1" 404 504 "-" "Mozilla/5.0 (compatible; Googlebot/2.1; +http://www.google.com/bot.html)"
66.249.71.57 - - [26/Sep/2011:12:01:26 +0200] "GET /~gerard/bcrs/index.php?option=com_content&view=article&id=13&Itemid=29 HTTP/1.1" 200 2685 "-" "Mozilla/5.0 (compatible; Googlebot/2.1; +http://www.google.com/bot.html)"
66.249.71.57 - - [26/Sep/2011:12:14:56 +0200] "GET /~gerard/bcrs/index.php?option=com_content&view=category&id=20&Itemid=34 HTTP/1.1" 200 3545 "-" "Mozilla/5.0 (compatible; Googlebot/2.1; +http://www.google.com/bot.html)"
66.249.71.57 - - [26/Sep/2011:13:15:06 +0200] "GET /~gerard/ HTTP/1.1" 304 212 "-" "Mozilla/5.0 (compatible; Googlebot/2.1; +http://www.google.com/bot.html)"
66.249.72.150 - - [26/Sep/2011:13:58:38 +0200] "GET /robots.txt HTTP/1.1" 404 504 "-" "Mozilla/5.0 (compatible; Googlebot/2.1; +http://www.google.com/bot.html)"
66.249.72.150 - - [26/Sep/2011:13:58:39 +0200] "GET /~gerard/bcrs/index.php?option=com_content&view=section&layout=blog&id=1&Itemid=3&limitstart=56 HTTP/1.1" 200 3820 "-" "Mozilla/5.0 (compatible; Googlebot/2.1; +http://www.google.com/bot.html)"
66.249.72.150 - - [26/Sep/2011:14:26:32 +0200] "GET /~gerard/bcrs/index.php?option=com_content&view=article&id=18&Itemid=43 HTTP/1.1" 200 2683 "-" "Mozilla/5.0 (compatible; Googlebot/2.1; +http://www.google.com/bot.html)"
66.249.72.150 - - [26/Sep/2011:15:30:56 +0200] "GET /~gerard/bcrs/index.php?option=com_content&view=article&id=16&Itemid=41 HTTP/1.1" 200 2798 "-" "Mozilla/5.0 (compatible; Googlebot/2.1; +http://www.google.com/bot.html)"
66.249.72.150 - - [26/Sep/2011:15:59:54 +0200] "GET /~gerard/bcrs/index.php?option=com_content&view=category&layout=blog&id=19&Itemid=56 HTTP/1.1" 200 4191 "-" "Mozilla/5.0 (compatible; Googlebot/2.1; +http://www.google.com/bot.html)"
66.249.72.150 - - [26/Sep/2011:16:08:29 +0200] "GET /~gerard/bcrs/index.php?option=com_content&view=article&id=17&Itemid=40 HTTP/1.1" 200 2711 "-" "Mozilla/5.0 (compatible; Googlebot/2.1; +http://www.google.com/bot.html)"
66.249.72.150 - - [26/Sep/2011:16:29:57 +0200] "GET /~gerard/bcrs/index.php?option=com_content&view=category&id=19&layout=blog&Itemid=56&limitstart=25 HTTP/1.1" 200 4068 "-" "Mozilla/5.0 (compatible; Googlebot/2.1; +http://www.google.com/bot.html)"
145.94.185.62 - - [26/Sep/2011:16:48:33 +0200] "GET /home/roel/work/q2profiling HTTP/1.1" 404 515 "-" "Mozilla/5.0 (Windows NT 6.1) AppleWebKit/535.1 (KHTML, like Gecko) Chrome/14.0.835.186 Safari/535.1"
145.94.185.62 - - [26/Sep/2011:16:48:34 +0200] "GET /favicon.ico HTTP/1.1" 404 503 "-" "Mozilla/5.0 (Windows NT 6.1) AppleWebKit/535.1 (KHTML, like Gecko) Chrome/14.0.835.186 Safari/535.1"
145.94.185.62 - - [26/Sep/2011:16:49:21 +0200] "GET /home/roel/work/q2profiling HTTP/1.1" 404 515 "-" "Mozilla/5.0 (Windows NT 6.1) AppleWebKit/535.1 (KHTML, like Gecko) Chrome/14.0.835.186 Safari/535.1"
145.94.185.62 - - [26/Sep/2011:16:49:21 +0200] "GET /favicon.ico HTTP/1.1" 404 503 "-" "Mozilla/5.0 (Windows NT 6.1) AppleWebKit/535.1 (KHTML, like Gecko) Chrome/14.0.835.186 Safari/535.1"
145.94.185.62 - - [26/Sep/2011:16:49:57 +0200] "GET /home/roel/work/q2profiling HTTP/1.1" 404 515 "-" "Mozilla/5.0 (Windows NT 6.1) AppleWebKit/535.1 (KHTML, like Gecko) Chrome/14.0.835.186 Safari/535.1"
145.94.185.62 - - [26/Sep/2011:16:49:58 +0200] "GET /favicon.ico HTTP/1.1" 404 503 "-" "Mozilla/5.0 (Windows NT 6.1) AppleWebKit/535.1 (KHTML, like Gecko) Chrome/14.0.835.186 Safari/535.1"
