124.115.1.62 - - [29/Oct/2011:02:58:09 +0200] "GET / HTTP/1.1" 200 373 "-" "Mozilla/4.0 (compatible; MSIE 6.0; Windows NT 5.1)"
124.115.1.66 - - [29/Oct/2011:03:02:02 +0200] "GET / HTTP/1.1" 200 373 "-" "Mozilla/4.0 (compatible; MSIE 6.0; Windows NT 5.1)"
124.115.11.187 - - [29/Oct/2011:03:02:45 +0200] "GET / HTTP/1.1" 200 373 "-" "Mozilla/4.0 (compatible; MSIE 6.0; Windows NT 5.1)"
124.115.1.61 - - [29/Oct/2011:03:12:44 +0200] "GET / HTTP/1.1" 200 373 "-" "Mozilla/4.0 (compatible; MSIE 6.0; Windows NT 5.1)"
124.115.10.193 - - [29/Oct/2011:03:16:09 +0200] "GET / HTTP/1.1" 200 373 "-" "Mozilla/4.0 (compatible; MSIE 6.0; Windows NT 5.1)"
207.46.13.143 - - [29/Oct/2011:03:18:37 +0200] "GET /robots.txt HTTP/1.1" 404 529 "-" "Mozilla/5.0 (compatible; bingbot/2.0; +http://www.bing.com/bingbot.htm)"
207.46.13.143 - - [29/Oct/2011:03:19:29 +0200] "GET / HTTP/1.1" 304 211 "-" "Mozilla/5.0 (compatible; bingbot/2.0; +http://www.bing.com/bingbot.htm)"
123.125.71.112 - - [29/Oct/2011:11:09:38 +0200] "GET / HTTP/1.1" 200 335 "-" "Mozilla/5.0 (compatible; Baiduspider/2.0; +http://www.baidu.com/search/spider.html)"
220.181.108.121 - - [29/Oct/2011:15:07:23 +0200] "GET /robots.txt HTTP/1.1" 404 466 "-" "Baiduspider+(+http://www.baidu.com/search/spider.htm)"
77.88.24.28 - - [29/Oct/2011:18:11:25 +0200] "GET /robots.txt HTTP/1.1" 404 529 "-" "Mozilla/5.0 (compatible; YandexBot/3.0; +http://yandex.com/bots)"
124.115.11.187 - - [30/Oct/2011:02:32:29 +0200] "GET / HTTP/1.1" 200 373 "-" "Mozilla/4.0 (compatible; MSIE 6.0; Windows NT 5.1)"
124.115.10.193 - - [30/Oct/2011:02:33:09 +0200] "GET / HTTP/1.1" 200 373 "-" "Mozilla/4.0 (compatible; MSIE 6.0; Windows NT 5.1)"
124.115.1.66 - - [30/Oct/2011:02:33:28 +0200] "GET / HTTP/1.1" 200 373 "-" "Mozilla/4.0 (compatible; MSIE 6.0; Windows NT 5.1)"
124.115.1.61 - - [30/Oct/2011:02:42:41 +0200] "GET / HTTP/1.1" 200 373 "-" "Mozilla/4.0 (compatible; MSIE 6.0; Windows NT 5.1)"
124.115.1.62 - - [30/Oct/2011:02:47:01 +0200] "GET / HTTP/1.1" 200 373 "-" "Mozilla/4.0 (compatible; MSIE 6.0; Windows NT 5.1)"
77.88.24.28 - - [30/Oct/2011:02:26:19 +0100] "GET / HTTP/1.1" 200 373 "-" "Mozilla/5.0 (compatible; YandexBot/3.0; +http://yandex.com/bots)"
123.125.71.88 - - [30/Oct/2011:10:51:38 +0100] "GET /robots.txt HTTP/1.1" 404 466 "-" "Baiduspider+(+http://www.baidu.com/search/spider.htm)"
66.249.71.1 - - [30/Oct/2011:13:11:05 +0100] "GET /robots.txt HTTP/1.1" 404 504 "-" "Mozilla/5.0 (compatible; Googlebot/2.1; +http://www.google.com/bot.html)"
66.249.71.1 - - [30/Oct/2011:13:11:06 +0100] "GET / HTTP/1.1" 304 210 "-" "Mozilla/5.0 (compatible; Googlebot/2.1; +http://www.google.com/bot.html)"
66.249.71.1 - - [30/Oct/2011:15:38:03 +0100] "GET /~gerard/bcrs/index.php?option=com_content&view=article&id=22&Itemid=47 HTTP/1.1" 200 3812 "-" "Mozilla/5.0 (compatible; Googlebot/2.1; +http://www.google.com/bot.html)"
124.115.1.61 - - [31/Oct/2011:02:21:56 +0100] "GET / HTTP/1.1" 200 373 "-" "Mozilla/4.0 (compatible; MSIE 6.0; Windows NT 5.1)"
124.115.10.193 - - [31/Oct/2011:02:39:00 +0100] "GET / HTTP/1.1" 200 373 "-" "Mozilla/4.0 (compatible; MSIE 6.0; Windows NT 5.1)"
124.115.1.62 - - [31/Oct/2011:02:54:16 +0100] "GET / HTTP/1.1" 200 373 "-" "Mozilla/4.0 (compatible; MSIE 6.0; Windows NT 5.1)"
124.115.1.66 - - [31/Oct/2011:02:55:22 +0100] "GET / HTTP/1.1" 200 373 "-" "Mozilla/4.0 (compatible; MSIE 6.0; Windows NT 5.1)"
124.115.11.187 - - [31/Oct/2011:03:10:36 +0100] "GET / HTTP/1.1" 200 373 "-" "Mozilla/4.0 (compatible; MSIE 6.0; Windows NT 5.1)"
123.125.71.33 - - [31/Oct/2011:05:33:46 +0100] "GET / HTTP/1.1" 200 291 "-" "Mozilla/5.0 (compatible; Baiduspider/2.0; +http://www.baidu.com/search/spider.html)"
220.181.108.91 - - [31/Oct/2011:05:34:20 +0100] "GET / HTTP/1.1" 200 291 "-" "Mozilla/5.0 (compatible; Baiduspider/2.0; +http://www.baidu.com/search/spider.html)"
123.125.71.47 - - [31/Oct/2011:06:59:15 +0100] "GET / HTTP/1.1" 200 335 "-" "Mozilla/5.0 (compatible; Baiduspider/2.0; +http://www.baidu.com/search/spider.html)"
208.80.194.26 - - [31/Oct/2011:07:05:28 +0100] "GET / HTTP/1.0" 200 291 "-" "Mozilla/4.0 (compatible; MSIE 6.0; Windows NT 5.1; {252529F2-9354-961C-95C7-3189F2EF5F62}; .NET CLR 1.0.3705; .NET CLR 2.0.50727; MSN 6.1; MSNbMSFT; MSNmen-us; MSNc00; v5m)"
123.125.71.14 - - [31/Oct/2011:13:33:50 +0100] "GET / HTTP/1.1" 200 291 "-" "Mozilla/5.0 (compatible; Baiduspider/2.0; +http://www.baidu.com/search/spider.html)"
220.181.108.93 - - [31/Oct/2011:13:34:24 +0100] "GET / HTTP/1.1" 200 291 "-" "Mozilla/5.0 (compatible; Baiduspider/2.0; +http://www.baidu.com/search/spider.html)"
220.181.108.86 - - [31/Oct/2011:15:09:08 +0100] "GET /robots.txt HTTP/1.1" 404 466 "-" "Baiduspider+(+http://www.baidu.com/search/spider.htm)"
77.75.77.11 - - [31/Oct/2011:22:30:59 +0100] "GET /robots.txt HTTP/1.1" 404 504 "-" "SeznamBot/3.0 (+http://fulltext.sblog.cz/)"
77.75.77.11 - - [31/Oct/2011:22:31:00 +0100] "GET / HTTP/1.1" 200 372 "-" "SeznamBot/3.0 (+http://fulltext.sblog.cz/)"
193.252.118.176 - - [01/Nov/2011:00:35:02 +0100] "GET / HTTP/1.1" 200 335 "-" "Mozilla/5.0 (Windows; U; Windows NT 5.1; fr; rv:1.8.1) VoilaBot BETA 1.2 (support.voilabot@orange-ftgroup.com)"
124.115.10.193 - - [01/Nov/2011:02:38:29 +0100] "GET / HTTP/1.1" 200 373 "-" "Mozilla/4.0 (compatible; MSIE 6.0; Windows NT 5.1)"
124.115.1.66 - - [01/Nov/2011:03:15:41 +0100] "GET / HTTP/1.1" 200 373 "-" "Mozilla/4.0 (compatible; MSIE 6.0; Windows NT 5.1)"
124.115.1.62 - - [01/Nov/2011:03:18:01 +0100] "GET / HTTP/1.1" 200 373 "-" "Mozilla/4.0 (compatible; MSIE 6.0; Windows NT 5.1)"
124.115.11.187 - - [01/Nov/2011:03:28:11 +0100] "GET / HTTP/1.1" 200 373 "-" "Mozilla/4.0 (compatible; MSIE 6.0; Windows NT 5.1)"
123.125.71.12 - - [01/Nov/2011:06:20:01 +0100] "GET / HTTP/1.1" 200 335 "-" "Mozilla/5.0 (compatible; Baiduspider/2.0; +http://www.baidu.com/search/spider.html)"
66.249.72.225 - - [01/Nov/2011:07:16:52 +0100] "GET /robots.txt HTTP/1.1" 404 504 "-" "Mozilla/5.0 (compatible; Googlebot/2.1; +http://www.google.com/bot.html)"
66.249.72.225 - - [01/Nov/2011:07:16:52 +0100] "GET /~roel/apport.crash HTTP/1.1" 404 509 "-" "Mozilla/5.0 (compatible; Googlebot/2.1; +http://www.google.com/bot.html)"
66.249.72.225 - - [01/Nov/2011:07:45:32 +0100] "GET /~gerard/bcrs/index.php?option=com_content&view=article&id=12&Itemid=38 HTTP/1.1" 200 3567 "-" "Mozilla/5.0 (compatible; Googlebot/2.1; +http://www.google.com/bot.html)"
66.249.72.225 - - [01/Nov/2011:07:57:01 +0100] "GET /~gerard/bcrs/index.php?option=com_content&view=section&layout=blog&id=1&Itemid=3&limitstart=12 HTTP/1.1" 200 3814 "-" "Mozilla/5.0 (compatible; Googlebot/2.1; +http://www.google.com/bot.html)"
66.249.72.225 - - [01/Nov/2011:08:23:49 +0100] "GET /~gerard/bcrs/index.php?option=com_content&view=category&layout=blog&id=19&Itemid=56 HTTP/1.1" 200 4191 "-" "Mozilla/5.0 (compatible; Googlebot/2.1; +http://www.google.com/bot.html)"
66.249.72.225 - - [01/Nov/2011:08:40:06 +0100] "GET /~gerard/bcrs/index.php?option=com_content&view=article&id=81:spijkenisse-sport-sponsor-battle&catid=20:algemeen&Itemid=34 HTTP/1.1" 200 2845 "-" "Mozilla/5.0 (compatible; Googlebot/2.1; +http://www.google.com/bot.html)"
66.249.72.225 - - [01/Nov/2011:11:01:52 +0100] "GET /torrentflux/downloads/chanti/Sim%20City%204000%20with%20KeyGen%20and%20NoCD%20Crack HTTP/1.1" 404 545 "-" "Mozilla/5.0 (compatible; Googlebot/2.1; +http://www.google.com/bot.html)"
66.249.72.225 - - [01/Nov/2011:11:56:19 +0100] "GET /~gerard/bcrs/index.php?option=com_content&view=article&id=83:bcrs-wint-wisselbeker-unicum-jeugdtoernooi&catid=19:mededelingen-jeugdcommissie&Itemid=56 HTTP/1.1" 200 2635 "-" "Mozilla/5.0 (compatible; Googlebot/2.1; +http://www.google.com/bot.html)"
66.249.72.225 - - [01/Nov/2011:14:48:15 +0100] "GET /~gerard/bcrs/index.php?option=com_content&view=section&layout=blog&id=1&Itemid=3&limitstart=16 HTTP/1.1" 200 3379 "-" "Mozilla/5.0 (compatible; Googlebot/2.1; +http://www.google.com/bot.html)"
208.80.194.28 - - [01/Nov/2011:15:54:16 +0100] "GET / HTTP/1.0" 200 291 "-" "Mozilla/4.0 (compatible; MSIE 6.0; Windows NT 5.1; SV1; .NET CLR 1.1.4322; ImageShack Toolbar 4.0.7)"
124.115.1.61 - - [01/Nov/2011:20:56:46 +0100] "GET / HTTP/1.1" 200 373 "-" "Mozilla/4.0 (compatible; MSIE 6.0; Windows NT 5.1)"
124.115.1.62 - - [02/Nov/2011:02:21:43 +0100] "GET / HTTP/1.1" 200 373 "-" "Mozilla/4.0 (compatible; MSIE 6.0; Windows NT 5.1)"
124.115.11.187 - - [02/Nov/2011:02:50:10 +0100] "GET / HTTP/1.1" 200 373 "-" "Mozilla/4.0 (compatible; MSIE 6.0; Windows NT 5.1)"
124.115.10.193 - - [02/Nov/2011:02:53:41 +0100] "GET / HTTP/1.1" 200 373 "-" "Mozilla/4.0 (compatible; MSIE 6.0; Windows NT 5.1)"
124.115.1.66 - - [02/Nov/2011:03:14:05 +0100] "GET / HTTP/1.1" 200 373 "-" "Mozilla/4.0 (compatible; MSIE 6.0; Windows NT 5.1)"
124.115.1.61 - - [02/Nov/2011:03:18:57 +0100] "GET / HTTP/1.1" 200 373 "-" "Mozilla/4.0 (compatible; MSIE 6.0; Windows NT 5.1)"
66.249.72.225 - - [02/Nov/2011:07:15:09 +0100] "GET /robots.txt HTTP/1.1" 404 504 "-" "Mozilla/5.0 (compatible; Googlebot/2.1; +http://www.google.com/bot.html)"
66.249.72.225 - - [02/Nov/2011:07:15:09 +0100] "GET /~gerard/bcrs/index.php?option=com_content&view=section&layout=blog&id=1&Itemid=3&limitstart=60 HTTP/1.1" 200 4080 "-" "Mozilla/5.0 (compatible; Googlebot/2.1; +http://www.google.com/bot.html)"
66.249.72.225 - - [02/Nov/2011:07:21:54 +0100] "GET /~gerard/bcrs/index.php?option=com_content&view=section&layout=blog&id=1&Itemid=3&limitstart=56 HTTP/1.1" 200 4013 "-" "Mozilla/5.0 (compatible; Googlebot/2.1; +http://www.google.com/bot.html)"
123.125.71.45 - - [02/Nov/2011:07:44:10 +0100] "GET / HTTP/1.1" 200 335 "-" "Mozilla/5.0 (compatible; Baiduspider/2.0; +http://www.baidu.com/search/spider.html)"
66.249.72.225 - - [02/Nov/2011:07:50:37 +0100] "GET /~gerard/bcrs/index.php?option=com_content&view=article&id=21&Itemid=44 HTTP/1.1" 200 2943 "-" "Mozilla/5.0 (compatible; Googlebot/2.1; +http://www.google.com/bot.html)"
66.249.72.225 - - [02/Nov/2011:08:04:59 +0100] "GET /~gerard/bcrs/index.php?option=com_content&view=article&id=19&Itemid=42 HTTP/1.1" 200 2905 "-" "Mozilla/5.0 (compatible; Googlebot/2.1; +http://www.google.com/bot.html)"
66.249.72.225 - - [02/Nov/2011:08:10:03 +0100] "GET /~gerard/bcrs/index.php?option=com_content&view=article&id=25&Itemid=50 HTTP/1.1" 200 2939 "-" "Mozilla/5.0 (compatible; Googlebot/2.1; +http://www.google.com/bot.html)"
66.249.72.225 - - [02/Nov/2011:08:48:36 +0100] "GET /~gerard/bcrs/index.php?option=com_content&view=section&layout=blog&id=1&Itemid=3&limitstart=68 HTTP/1.1" 200 2994 "-" "Mozilla/5.0 (compatible; Googlebot/2.1; +http://www.google.com/bot.html)"
66.249.72.225 - - [02/Nov/2011:09:16:46 +0100] "GET /~gerard/bcrs/index.php?option=com_content&view=section&id=1&Itemid=34 HTTP/1.1" 200 2868 "-" "Mozilla/5.0 (compatible; Googlebot/2.1; +http://www.google.com/bot.html)"
66.249.72.225 - - [02/Nov/2011:09:47:11 +0100] "GET /~gerard/bcrs/index.php?option=com_content&view=article&id=15&Itemid=39 HTTP/1.1" 200 2854 "-" "Mozilla/5.0 (compatible; Googlebot/2.1; +http://www.google.com/bot.html)"
69.58.178.59 - - [02/Nov/2011:13:01:59 +0100] "GET /robots.txt HTTP/1.1" 404 472 "-" "BlackBerry9000/4.6.0.167 Profile/MIDP-2.0 Configuration/CLDC-1.1 VendorID/102 ips-agent"
69.58.178.59 - - [02/Nov/2011:13:02:00 +0100] "GET / HTTP/1.1" 200 298 "-" "Mozilla/5.0 (X11; U; Linux i686; en-US; rv:1.9.1.3; ips-agent) Gecko/20090824 Fedora/1.0.7-1.1.fc4 Firefox/3.5.3"
66.249.72.225 - - [02/Nov/2011:13:45:31 +0100] "GET /~gerard/bcrs/index.php?option=com_content&view=article&id=30&Itemid=53 HTTP/1.1" 200 2673 "-" "Mozilla/5.0 (compatible; Googlebot/2.1; +http://www.google.com/bot.html)"
208.80.194.29 - - [03/Nov/2011:00:41:13 +0100] "GET / HTTP/1.0" 200 291 "-" "Mozilla/4.0 (compatible; MSIE 6.0; Windows NT 5.1; SV1; .NET CLR 2.0.50727; .NET CLR 1.0.3705; .NET CLR 1.1.4322)"
207.46.13.143 - - [03/Nov/2011:01:32:16 +0100] "GET /robots.txt HTTP/1.1" 404 529 "-" "Mozilla/5.0 (compatible; bingbot/2.0; +http://www.bing.com/bingbot.htm)"
207.46.204.212 - - [03/Nov/2011:02:45:36 +0100] "GET / HTTP/1.1" 200 373 "-" "Mozilla/5.0 (compatible; MSIE 9.0; Windows NT 6.1; Trident/5.0)"
124.115.1.66 - - [03/Nov/2011:02:56:16 +0100] "GET / HTTP/1.1" 200 373 "-" "Mozilla/4.0 (compatible; MSIE 6.0; Windows NT 5.1)"
124.115.10.193 - - [03/Nov/2011:03:22:08 +0100] "GET / HTTP/1.1" 200 373 "-" "Mozilla/4.0 (compatible; MSIE 6.0; Windows NT 5.1)"
124.115.1.61 - - [03/Nov/2011:03:49:36 +0100] "GET / HTTP/1.1" 200 373 "-" "Mozilla/4.0 (compatible; MSIE 6.0; Windows NT 5.1)"
124.115.11.187 - - [03/Nov/2011:04:05:15 +0100] "GET / HTTP/1.1" 200 373 "-" "Mozilla/4.0 (compatible; MSIE 6.0; Windows NT 5.1)"
77.88.24.28 - - [03/Nov/2011:04:10:36 +0100] "GET /robots.txt HTTP/1.1" 404 529 "-" "Mozilla/5.0 (compatible; YandexBot/3.0; +http://yandex.com/bots)"
124.115.1.62 - - [03/Nov/2011:04:18:31 +0100] "GET / HTTP/1.1" 200 373 "-" "Mozilla/4.0 (compatible; MSIE 6.0; Windows NT 5.1)"
123.125.71.39 - - [03/Nov/2011:04:52:51 +0100] "GET / HTTP/1.1" 200 335 "-" "Mozilla/5.0 (compatible; Baiduspider/2.0; +http://www.baidu.com/search/spider.html)"
77.88.24.28 - - [03/Nov/2011:12:07:44 +0100] "GET / HTTP/1.1" 200 373 "-" "Mozilla/5.0 (compatible; YandexBot/3.0; +http://yandex.com/bots)"
123.125.71.90 - - [03/Nov/2011:15:55:14 +0100] "GET /robots.txt HTTP/1.1" 404 466 "-" "Baiduspider+(+http://www.baidu.com/search/spider.htm)"
114.80.93.71 - - [03/Nov/2011:20:37:44 +0100] "GET / HTTP/1.1" 200 373 "-" "Mozilla/4.0 (compatible; MSIE 6.0; Windows NT 5.1)"
193.252.118.176 - - [04/Nov/2011:00:39:17 +0100] "GET /robots.txt HTTP/1.1" 404 466 "-" "Mozilla/5.0 (Windows; U; Windows NT 5.1; fr; rv:1.8.1) VoilaBot BETA 1.2 (support.voilabot@orange-ftgroup.com)"
193.252.118.176 - - [04/Nov/2011:00:39:44 +0100] "GET / HTTP/1.1" 200 335 "-" "Mozilla/5.0 (Windows; U; Windows NT 5.1; fr; rv:1.8.1) VoilaBot BETA 1.2 (support.voilabot@orange-ftgroup.com)"
124.115.11.187 - - [04/Nov/2011:02:38:22 +0100] "GET / HTTP/1.1" 200 373 "-" "Mozilla/4.0 (compatible; MSIE 6.0; Windows NT 5.1)"
124.115.1.62 - - [04/Nov/2011:02:41:22 +0100] "GET / HTTP/1.1" 200 373 "-" "Mozilla/4.0 (compatible; MSIE 6.0; Windows NT 5.1)"
124.115.10.193 - - [04/Nov/2011:03:02:57 +0100] "GET / HTTP/1.1" 200 373 "-" "Mozilla/4.0 (compatible; MSIE 6.0; Windows NT 5.1)"
124.115.1.61 - - [04/Nov/2011:04:00:07 +0100] "GET / HTTP/1.1" 200 373 "-" "Mozilla/4.0 (compatible; MSIE 6.0; Windows NT 5.1)"
124.115.1.66 - - [04/Nov/2011:04:10:53 +0100] "GET / HTTP/1.1" 200 373 "-" "Mozilla/4.0 (compatible; MSIE 6.0; Windows NT 5.1)"
123.125.71.91 - - [04/Nov/2011:10:32:55 +0100] "GET /robots.txt HTTP/1.1" 404 466 "-" "Baiduspider+(+http://www.baidu.com/search/spider.htm)"
208.80.194.28 - - [04/Nov/2011:10:55:49 +0100] "GET / HTTP/1.0" 200 291 "-" "Mozilla/4.0 (compatible; MSIE 7.0; Windows NT 5.1; {5EA94A61-4626-4E3F-A51F-42A6C738CC9B}; ESB{75A7B944-5121-4E1A-8A3E-3046E26C96A3}; FunWebProducts)"
123.125.71.103 - - [04/Nov/2011:16:23:05 +0100] "GET / HTTP/1.1" 200 335 "-" "Mozilla/5.0 (compatible; Baiduspider/2.0; +http://www.baidu.com/search/spider.html)"
69.58.178.59 - - [04/Nov/2011:20:27:49 +0100] "GET /robots.txt HTTP/1.1" 404 472 "-" "Mozilla/5.0 (X11; U; Linux i686; en-US; rv:1.9.1.3; ips-agent) Gecko/20090824 Fedora/1.0.7-1.1.fc4 Firefox/3.5.3"
69.58.178.59 - - [04/Nov/2011:20:28:28 +0100] "GET / HTTP/1.1" 200 298 "-" "Mozilla/5.0 (X11; U; Linux i686; en-US; rv:1.9.1.3; ips-agent) Gecko/20090824 Fedora/1.0.7-1.1.fc4 Firefox/3.5.3"
95.108.151.244 - - [04/Nov/2011:23:53:30 +0100] "GET /robots.txt HTTP/1.1" 404 528 "-" "Mozilla/5.0 (compatible; YandexBot/3.0; +http://yandex.com/bots)"
95.108.151.244 - - [04/Nov/2011:23:53:31 +0100] "GET / HTTP/1.1" 200 372 "-" "Mozilla/5.0 (compatible; YandexBot/3.0; +http://yandex.com/bots)"
95.108.151.244 - - [04/Nov/2011:23:53:32 +0100] "GET / HTTP/1.1" 200 372 "-" "Mozilla/5.0 (compatible; YandexBot/3.0; +http://yandex.com/bots)"
124.115.10.193 - - [05/Nov/2011:02:59:31 +0100] "GET / HTTP/1.1" 200 373 "-" "Mozilla/4.0 (compatible; MSIE 6.0; Windows NT 5.1)"
124.115.1.61 - - [05/Nov/2011:03:02:56 +0100] "GET / HTTP/1.1" 200 373 "-" "Mozilla/4.0 (compatible; MSIE 6.0; Windows NT 5.1)"
124.115.1.62 - - [05/Nov/2011:03:05:38 +0100] "GET / HTTP/1.1" 200 373 "-" "Mozilla/4.0 (compatible; MSIE 6.0; Windows NT 5.1)"
124.115.11.187 - - [05/Nov/2011:03:08:34 +0100] "GET / HTTP/1.1" 200 373 "-" "Mozilla/4.0 (compatible; MSIE 6.0; Windows NT 5.1)"
124.115.1.66 - - [05/Nov/2011:03:10:32 +0100] "GET / HTTP/1.1" 200 373 "-" "Mozilla/4.0 (compatible; MSIE 6.0; Windows NT 5.1)"
66.249.72.225 - - [05/Nov/2011:11:26:18 +0100] "GET /robots.txt HTTP/1.1" 404 504 "-" "Mozilla/5.0 (compatible; Googlebot/2.1; +http://www.google.com/bot.html)"
66.249.72.225 - - [05/Nov/2011:11:26:18 +0100] "GET /~gerard/bcrs/index.php?option=com_content&view=article&id=6&Itemid=30 HTTP/1.1" 200 3311 "-" "Mozilla/5.0 (compatible; Googlebot/2.1; +http://www.google.com/bot.html)"
220.181.108.91 - - [05/Nov/2011:11:35:03 +0100] "GET / HTTP/1.1" 200 291 "-" "Mozilla/5.0 (compatible; Baiduspider/2.0; +http://www.baidu.com/search/spider.html)"
123.125.71.23 - - [05/Nov/2011:11:41:38 +0100] "GET / HTTP/1.1" 200 291 "-" "Mozilla/5.0 (compatible; Baiduspider/2.0; +http://www.baidu.com/search/spider.html)"
66.249.72.225 - - [05/Nov/2011:12:52:27 +0100] "GET /~gerard/bcrs/index.php?option=com_content&view=article&id=30&Itemid=53 HTTP/1.1" 200 2673 "-" "Mozilla/5.0 (compatible; Googlebot/2.1; +http://www.google.com/bot.html)"
66.249.72.225 - - [05/Nov/2011:12:57:43 +0100] "GET /~gerard/bcrs/index.php?option=com_content&view=section&id=1&Itemid=34 HTTP/1.1" 200 2868 "-" "Mozilla/5.0 (compatible; Googlebot/2.1; +http://www.google.com/bot.html)"
66.249.72.225 - - [05/Nov/2011:13:53:19 +0100] "GET /~gerard/bcrs/index.php?option=com_content&view=article&id=24&Itemid=49 HTTP/1.1" 200 2956 "-" "Mozilla/5.0 (compatible; Googlebot/2.1; +http://www.google.com/bot.html)"
66.249.72.225 - - [05/Nov/2011:14:00:56 +0100] "GET /~gerard/bcrs/index.php?option=com_content&view=section&layout=blog&id=1&Itemid=3&limitstart=36 HTTP/1.1" 200 4209 "-" "Mozilla/5.0 (compatible; Googlebot/2.1; +http://www.google.com/bot.html)"
66.249.72.225 - - [05/Nov/2011:14:10:28 +0100] "GET /~gerard/bcrs/index.php?option=com_content&view=article&id=15&Itemid=39 HTTP/1.1" 200 2854 "-" "Mozilla/5.0 (compatible; Googlebot/2.1; +http://www.google.com/bot.html)"
220.181.108.93 - - [05/Nov/2011:22:50:49 +0100] "GET /robots.txt HTTP/1.1" 404 466 "-" "Baiduspider+(+http://www.baidu.com/search/spider.htm)"
124.115.10.193 - - [06/Nov/2011:02:40:03 +0100] "GET / HTTP/1.1" 200 373 "-" "Mozilla/4.0 (compatible; MSIE 6.0; Windows NT 5.1)"
124.115.1.66 - - [06/Nov/2011:02:42:52 +0100] "GET / HTTP/1.1" 200 373 "-" "Mozilla/4.0 (compatible; MSIE 6.0; Windows NT 5.1)"
124.115.1.62 - - [06/Nov/2011:03:01:21 +0100] "GET / HTTP/1.1" 200 373 "-" "Mozilla/4.0 (compatible; MSIE 6.0; Windows NT 5.1)"
124.115.11.187 - - [06/Nov/2011:03:05:02 +0100] "GET / HTTP/1.1" 200 373 "-" "Mozilla/4.0 (compatible; MSIE 6.0; Windows NT 5.1)"
124.115.1.61 - - [06/Nov/2011:03:07:54 +0100] "GET / HTTP/1.1" 200 373 "-" "Mozilla/4.0 (compatible; MSIE 6.0; Windows NT 5.1)"
209.20.69.196 - - [06/Nov/2011:05:16:13 +0100] "GET / HTTP/1.1" 200 291 "-" "Python-urllib/2.6"
123.125.71.78 - - [06/Nov/2011:08:16:06 +0100] "GET /robots.txt HTTP/1.1" 404 466 "-" "Baiduspider+(+http://www.baidu.com/search/spider.htm)"
208.77.221.210 - - [06/Nov/2011:11:32:24 +0100] "GET /robots.txt HTTP/1.0" 404 491 "-" "CatchBot/2.0; +http://www.catchbot.com"
208.77.221.210 - - [06/Nov/2011:11:32:24 +0100] "GET / HTTP/1.0" 200 291 "-" "CatchBot/2.0; +http://www.catchbot.com"
123.125.71.104 - - [06/Nov/2011:12:26:43 +0100] "GET / HTTP/1.1" 200 335 "-" "Mozilla/5.0 (compatible; Baiduspider/2.0; +http://www.baidu.com/search/spider.html)"
67.207.136.128 - - [06/Nov/2011:15:18:31 +0100] "GET / HTTP/1.1" 200 291 "-" "Mozilla/5.0 (Macintosh; U; Intel Mac OS X 10_5_8; en-us) AppleWebKit/531.21.8 (KHTML, like Gecko) Version/4.0.4 Safari/531.21.10"
77.75.77.17 - - [06/Nov/2011:17:35:37 +0100] "GET /robots.txt HTTP/1.1" 404 504 "-" "SeznamBot/3.0 (+http://fulltext.sblog.cz/)"
77.75.77.17 - - [06/Nov/2011:17:35:37 +0100] "GET / HTTP/1.1" 200 372 "-" "SeznamBot/3.0 (+http://fulltext.sblog.cz/)"
208.80.194.30 - - [06/Nov/2011:18:07:30 +0100] "GET / HTTP/1.0" 200 291 "-" "Mozilla/4.0 (compatible; MSIE 6.0; Windows NT 5.1; {F202D0AF-4445-06EB-9EB4-11A12921BB22}; SV1; .NET CLR 1.1.4322; MEGAUPLOAD 1.0)"
193.252.118.176 - - [07/Nov/2011:00:36:37 +0100] "GET / HTTP/1.1" 200 335 "-" "Mozilla/5.0 (Windows; U; Windows NT 5.1; fr; rv:1.8.1) VoilaBot BETA 1.2 (support.voilabot@orange-ftgroup.com)"
77.88.24.28 - - [07/Nov/2011:00:50:09 +0100] "GET /robots.txt HTTP/1.1" 404 528 "-" "Mozilla/5.0 (compatible; YandexBot/3.0; +http://yandex.com/bots)"
124.115.10.193 - - [07/Nov/2011:02:58:06 +0100] "GET / HTTP/1.1" 200 373 "-" "Mozilla/4.0 (compatible; MSIE 6.0; Windows NT 5.1)"
124.115.1.61 - - [07/Nov/2011:03:30:37 +0100] "GET / HTTP/1.1" 200 373 "-" "Mozilla/4.0 (compatible; MSIE 6.0; Windows NT 5.1)"
124.115.11.187 - - [07/Nov/2011:03:57:52 +0100] "GET / HTTP/1.1" 200 373 "-" "Mozilla/4.0 (compatible; MSIE 6.0; Windows NT 5.1)"
124.115.1.62 - - [07/Nov/2011:03:58:37 +0100] "GET / HTTP/1.1" 200 373 "-" "Mozilla/4.0 (compatible; MSIE 6.0; Windows NT 5.1)"
124.115.1.66 - - [07/Nov/2011:03:58:46 +0100] "GET / HTTP/1.1" 200 373 "-" "Mozilla/4.0 (compatible; MSIE 6.0; Windows NT 5.1)"
123.125.71.31 - - [07/Nov/2011:05:31:08 +0100] "GET / HTTP/1.1" 200 291 "-" "Mozilla/5.0 (compatible; Baiduspider/2.0; +http://www.baidu.com/search/spider.html)"
220.181.108.75 - - [07/Nov/2011:05:31:43 +0100] "GET / HTTP/1.1" 200 291 "-" "Mozilla/5.0 (compatible; Baiduspider/2.0; +http://www.baidu.com/search/spider.html)"
66.249.72.225 - - [07/Nov/2011:09:53:26 +0100] "GET /robots.txt HTTP/1.1" 404 504 "-" "Mozilla/5.0 (compatible; Googlebot/2.1; +http://www.google.com/bot.html)"
66.249.72.225 - - [07/Nov/2011:09:53:26 +0100] "GET /~gerard/bcrs/index.php?option=com_content&view=section&layout=blog&id=1&Itemid=3 HTTP/1.1" 200 4311 "-" "Mozilla/5.0 (compatible; Googlebot/2.1; +http://www.google.com/bot.html)"
77.88.24.28 - - [07/Nov/2011:10:44:47 +0100] "GET / HTTP/1.1" 200 373 "-" "Mozilla/5.0 (compatible; YandexBot/3.0; +http://yandex.com/bots)"
66.249.72.225 - - [07/Nov/2011:10:47:49 +0100] "GET /~gerard/bcrs/index.php?option=com_content&view=article&id=70&Itemid=59 HTTP/1.1" 200 2873 "-" "Mozilla/5.0 (compatible; Googlebot/2.1; +http://www.google.com/bot.html)"
66.249.72.225 - - [07/Nov/2011:12:50:37 +0100] "GET /~gerard/bcrs/index.php?option=com_content&view=section&layout=blog&id=1&Itemid=3&limitstart=24 HTTP/1.1" 200 4401 "-" "Mozilla/5.0 (compatible; Googlebot/2.1; +http://www.google.com/bot.html)"
130.161.38.28 - - [07/Nov/2011:14:31:55 +0100] "GET /home/roel/work/q2profiling HTTP/1.1" 404 515 "-" "Mozilla/5.0 (X11; Linux i686) AppleWebKit/535.2 (KHTML, like Gecko) Chrome/15.0.874.106 Safari/535.2"
130.161.38.28 - - [07/Nov/2011:14:31:55 +0100] "GET /favicon.ico HTTP/1.1" 404 503 "-" "Mozilla/5.0 (X11; Linux i686) AppleWebKit/535.2 (KHTML, like Gecko) Chrome/15.0.874.106 Safari/535.2"
123.125.71.59 - - [07/Nov/2011:17:45:27 +0100] "GET / HTTP/1.1" 200 335 "-" "Mozilla/5.0 (compatible; Baiduspider/2.0; +http://www.baidu.com/search/spider.html)"
66.249.72.225 - - [07/Nov/2011:19:18:01 +0100] "GET /~gerard/bcrs/index.php?option=com_content&view=section&layout=blog&id=1&Itemid=3&limitstart=16 HTTP/1.1" 200 3377 "-" "Mozilla/5.0 (compatible; Googlebot/2.1; +http://www.google.com/bot.html)"
66.249.72.225 - - [08/Nov/2011:02:16:44 +0100] "GET /robots.txt HTTP/1.1" 404 504 "-" "Mozilla/5.0 (compatible; Googlebot/2.1; +http://www.google.com/bot.html)"
66.249.72.225 - - [08/Nov/2011:02:16:44 +0100] "GET /~gerard/bcrs/index.php?option=com_content&view=section&layout=blog&id=1&Itemid=3&limitstart=56 HTTP/1.1" 200 4009 "-" "Mozilla/5.0 (compatible; Googlebot/2.1; +http://www.google.com/bot.html)"
124.115.10.193 - - [08/Nov/2011:02:27:55 +0100] "GET / HTTP/1.1" 200 373 "-" "Mozilla/4.0 (compatible; MSIE 6.0; Windows NT 5.1)"
124.115.11.187 - - [08/Nov/2011:02:29:09 +0100] "GET / HTTP/1.1" 200 373 "-" "Mozilla/4.0 (compatible; MSIE 6.0; Windows NT 5.1)"
124.115.1.62 - - [08/Nov/2011:02:42:19 +0100] "GET / HTTP/1.1" 200 373 "-" "Mozilla/4.0 (compatible; MSIE 6.0; Windows NT 5.1)"
124.115.1.61 - - [08/Nov/2011:02:46:29 +0100] "GET / HTTP/1.1" 200 373 "-" "Mozilla/4.0 (compatible; MSIE 6.0; Windows NT 5.1)"
124.115.1.66 - - [08/Nov/2011:02:50:25 +0100] "GET / HTTP/1.1" 200 373 "-" "Mozilla/4.0 (compatible; MSIE 6.0; Windows NT 5.1)"
114.80.93.71 - - [08/Nov/2011:03:53:02 +0100] "GET / HTTP/1.1" 200 373 "-" "Mozilla/4.0 (compatible; MSIE 6.0; Windows NT 5.1)"
208.80.194.36 - - [08/Nov/2011:05:59:18 +0100] "GET / HTTP/1.0" 200 291 "-" "Mozilla/4.0 (compatible; MSIE 7.0; America Online Browser 1.1; rev1.2; Windows NT 5.1; FunWebProducts; .NET CLR 1.0.3705; .NET CLR 1.1.4322; Media Center PC 4.0)"
66.249.72.225 - - [08/Nov/2011:06:22:29 +0100] "GET /~gerard/bcrs/index.php?option=com_content&view=article&id=98&catid=13&Itemid=34 HTTP/1.1" 200 3104 "-" "Mozilla/5.0 (compatible; Googlebot/2.1; +http://www.google.com/bot.html)"
64.246.165.210 - - [08/Nov/2011:09:15:55 +0100] "GET /robots.txt HTTP/1.0" 404 491 "-" "Mozilla/5.0 (Windows; U; Windows NT 5.1; en; rv:1.9.0.13) Gecko/2009073022 Firefox/3.5.2 (.NET CLR 3.5.30729) SurveyBot/2.3 (DomainTools)"
64.246.165.210 - - [08/Nov/2011:09:15:55 +0100] "GET / HTTP/1.1" 200 335 "http://whois.domaintools.com/deinon.net" "Mozilla/5.0 (Windows; U; Windows NT 5.1; en; rv:1.9.0.13) Gecko/2009073022 Firefox/3.5.2 (.NET CLR 3.5.30729) SurveyBot/2.3 (DomainTools)"
66.249.72.225 - - [08/Nov/2011:09:54:46 +0100] "GET /~gerard/bcrs/index.php?option=com_content&view=section&layout=blog&id=1&Itemid=3&limitstart=8 HTTP/1.1" 200 4069 "-" "Mozilla/5.0 (compatible; Googlebot/2.1; +http://www.google.com/bot.html)"
220.181.51.110 - - [08/Nov/2011:13:23:43 +0100] "GET / HTTP/1.1" 200 335 "-" "Mozilla/5.0 (Windows NT 5.1; rv:6.0.2) Gecko/20100101 Firefox/6.0.2"
38.100.21.21 - - [08/Nov/2011:14:22:44 +0100] "GET / HTTP/1.1" 200 329 "-" "Mozilla/4.0 (compatible; MSIE 7.0; Windows NT 5.2)"
123.125.71.85 - - [08/Nov/2011:14:34:27 +0100] "GET /robots.txt HTTP/1.1" 404 466 "-" "Baiduspider+(+http://www.baidu.com/search/spider.htm)"
157.55.16.57 - - [08/Nov/2011:21:04:33 +0100] "GET /robots.txt HTTP/1.1" 404 529 "-" "Mozilla/5.0 (compatible; bingbot/2.0; +http://www.bing.com/bingbot.htm)"
46.21.89.26 - - [08/Nov/2011:21:47:24 +0100] "GET /torrentflux/downloads/chanti/The%20Matrix%20Trilogy/The.Matrix.Revolutions-2004%20DVDRip.Xvid.avi HTTP/1.1" 404 610 "http://www.deinon.net/torrentflux/downloads/chanti/The%20Matrix%20Trilogy" "Mozilla/4.0 (compatible; MSIE 6.0; Windows NT 5.1; SV1)"
46.21.89.26 - - [08/Nov/2011:22:12:15 +0100] "GET /torrentflux/downloads/chanti/The%20Matrix%20Trilogy/The.Matrix.Revolutions-2004%20DVDRip.Xvid.avi HTTP/1.1" 404 610 "http://www.deinon.net/torrentflux/downloads/chanti/The%20Matrix%20Trilogy" "Mozilla/4.0 (compatible; MSIE 6.0; Windows NT 5.1; SV1)"
124.115.1.62 - - [09/Nov/2011:02:23:32 +0100] "GET / HTTP/1.1" 200 373 "-" "Mozilla/4.0 (compatible; MSIE 6.0; Windows NT 5.1)"
124.115.10.193 - - [09/Nov/2011:02:26:06 +0100] "GET / HTTP/1.1" 200 373 "-" "Mozilla/4.0 (compatible; MSIE 6.0; Windows NT 5.1)"
124.115.1.61 - - [09/Nov/2011:02:26:09 +0100] "GET / HTTP/1.1" 200 373 "-" "Mozilla/4.0 (compatible; MSIE 6.0; Windows NT 5.1)"
124.115.11.187 - - [09/Nov/2011:02:40:39 +0100] "GET / HTTP/1.1" 200 373 "-" "Mozilla/4.0 (compatible; MSIE 6.0; Windows NT 5.1)"
124.115.1.66 - - [09/Nov/2011:02:48:21 +0100] "GET / HTTP/1.1" 200 373 "-" "Mozilla/4.0 (compatible; MSIE 6.0; Windows NT 5.1)"
66.249.72.225 - - [09/Nov/2011:03:26:11 +0100] "GET /robots.txt HTTP/1.1" 404 504 "-" "Mozilla/5.0 (compatible; Googlebot/2.1; +http://www.google.com/bot.html)"
66.249.72.225 - - [09/Nov/2011:03:26:11 +0100] "GET /~gin/pubfoto/hanslinksonder.jpg HTTP/1.1" 404 519 "-" "Googlebot-Image/1.0"
123.125.71.15 - - [09/Nov/2011:04:34:48 +0100] "GET / HTTP/1.1" 200 335 "-" "Mozilla/5.0 (compatible; Baiduspider/2.0; +http://www.baidu.com/search/spider.html)"
46.21.89.33 - - [09/Nov/2011:06:47:44 +0100] "GET /torrentflux/downloads/chanti/The%20Matrix%20Trilogy/The.Matrix.Revolutions-2004%20DVDRip.Xvid.avi HTTP/1.1" 404 610 "http://www.deinon.net/torrentflux/downloads/chanti/The%20Matrix%20Trilogy" "Mozilla/4.0 (compatible; MSIE 6.0; Windows NT 5.1; SV1)"
66.249.72.225 - - [09/Nov/2011:07:02:38 +0100] "GET / HTTP/1.1" 304 211 "-" "Mozilla/5.0 (compatible; Googlebot/2.1; +http://www.google.com/bot.html)"
46.21.89.33 - - [09/Nov/2011:07:51:54 +0100] "GET /torrentflux/downloads/chanti/The%20Matrix%20Trilogy/The.Matrix.Revolutions-2004%20DVDRip.Xvid.avi HTTP/1.1" 404 610 "http://www.deinon.net/torrentflux/downloads/chanti/The%20Matrix%20Trilogy" "Mozilla/4.0 (compatible; MSIE 6.0; Windows NT 5.1; SV1)"
46.21.89.33 - - [09/Nov/2011:08:05:41 +0100] "GET /torrentflux/downloads/chanti/The%20Matrix%20Trilogy/The.Matrix.Revolutions-2004%20DVDRip.Xvid.avi HTTP/1.1" 404 610 "http://www.deinon.net/torrentflux/downloads/chanti/The%20Matrix%20Trilogy" "Mozilla/4.0 (compatible; MSIE 6.0; Windows NT 5.1; SV1)"
208.80.194.34 - - [09/Nov/2011:19:27:34 +0100] "GET / HTTP/1.0" 200 291 "-" "Mozilla/4.0 (compatible; MSIE 7.0; Windows NT 6.0; WOW64; SLCC1; .NET CLR 2.0.50727; .NET CLR 3.0.04506; InfoPath.2; .NET CLR 1.1.4322)"
193.252.118.176 - - [10/Nov/2011:00:25:54 +0100] "GET /robots.txt HTTP/1.1" 404 466 "-" "Mozilla/5.0 (Windows; U; Windows NT 5.1; fr; rv:1.8.1) VoilaBot BETA 1.2 (support.voilabot@orange-ftgroup.com)"
193.252.118.176 - - [10/Nov/2011:00:26:20 +0100] "GET / HTTP/1.1" 200 335 "-" "Mozilla/5.0 (Windows; U; Windows NT 5.1; fr; rv:1.8.1) VoilaBot BETA 1.2 (support.voilabot@orange-ftgroup.com)"
114.80.93.71 - - [10/Nov/2011:01:36:25 +0100] "GET / HTTP/1.1" 200 373 "-" "Mozilla/4.0 (compatible; MSIE 6.0; Windows NT 5.1)"
180.76.5.53 - - [10/Nov/2011:01:44:59 +0100] "GET /robots.txt HTTP/1.1" 404 466 "-" "Baiduspider+(+http://www.baidu.com/search/spider.htm)"
124.115.10.193 - - [10/Nov/2011:02:54:03 +0100] "GET / HTTP/1.1" 200 373 "-" "Mozilla/4.0 (compatible; MSIE 6.0; Windows NT 5.1)"
124.115.11.187 - - [10/Nov/2011:02:58:22 +0100] "GET / HTTP/1.1" 200 373 "-" "Mozilla/4.0 (compatible; MSIE 6.0; Windows NT 5.1)"
124.115.1.61 - - [10/Nov/2011:03:02:25 +0100] "GET / HTTP/1.1" 200 373 "-" "Mozilla/4.0 (compatible; MSIE 6.0; Windows NT 5.1)"
124.115.1.62 - - [10/Nov/2011:03:05:03 +0100] "GET / HTTP/1.1" 200 373 "-" "Mozilla/4.0 (compatible; MSIE 6.0; Windows NT 5.1)"
124.115.1.66 - - [10/Nov/2011:03:13:30 +0100] "GET / HTTP/1.1" 200 373 "-" "Mozilla/4.0 (compatible; MSIE 6.0; Windows NT 5.1)"
220.181.108.91 - - [10/Nov/2011:05:33:13 +0100] "GET / HTTP/1.1" 200 291 "-" "Mozilla/5.0 (compatible; Baiduspider/2.0; +http://www.baidu.com/search/spider.html)"
123.125.71.32 - - [10/Nov/2011:10:37:24 +0100] "GET / HTTP/1.1" 200 291 "-" "Mozilla/5.0 (compatible; Baiduspider/2.0; +http://www.baidu.com/search/spider.html)"
220.181.108.92 - - [10/Nov/2011:10:37:41 +0100] "GET / HTTP/1.1" 200 291 "-" "Mozilla/5.0 (compatible; Baiduspider/2.0; +http://www.baidu.com/search/spider.html)"
66.249.72.225 - - [10/Nov/2011:20:41:13 +0100] "GET /robots.txt HTTP/1.1" 404 504 "-" "Mozilla/5.0 (compatible; Googlebot/2.1; +http://www.google.com/bot.html)"
66.249.72.225 - - [10/Nov/2011:20:41:13 +0100] "GET /~gerard/front.jpg HTTP/1.1" 304 191 "-" "Googlebot-Image/1.0"
77.88.24.28 - - [11/Nov/2011:00:10:51 +0100] "GET /robots.txt HTTP/1.1" 404 529 "-" "Mozilla/5.0 (compatible; YandexBot/3.0; +http://yandex.com/bots)"
66.249.72.225 - - [11/Nov/2011:01:38:58 +0100] "GET /~gerard/bcrs/index.php?option=com_content&view=section&layout=blog&id=1&Itemid=3&limitstart=64 HTTP/1.1" 200 4237 "-" "Mozilla/5.0 (compatible; Googlebot/2.1; +http://www.google.com/bot.html)"
124.115.1.62 - - [11/Nov/2011:02:33:38 +0100] "GET / HTTP/1.1" 200 373 "-" "Mozilla/4.0 (compatible; MSIE 6.0; Windows NT 5.1)"
124.115.1.66 - - [11/Nov/2011:02:37:06 +0100] "GET / HTTP/1.1" 200 373 "-" "Mozilla/4.0 (compatible; MSIE 6.0; Windows NT 5.1)"
124.115.11.187 - - [11/Nov/2011:02:43:08 +0100] "GET / HTTP/1.1" 200 373 "-" "Mozilla/4.0 (compatible; MSIE 6.0; Windows NT 5.1)"
124.115.1.61 - - [11/Nov/2011:02:51:17 +0100] "GET / HTTP/1.1" 200 373 "-" "Mozilla/4.0 (compatible; MSIE 6.0; Windows NT 5.1)"
124.115.10.193 - - [11/Nov/2011:02:55:11 +0100] "GET / HTTP/1.1" 200 373 "-" "Mozilla/4.0 (compatible; MSIE 6.0; Windows NT 5.1)"
66.249.72.225 - - [11/Nov/2011:03:35:50 +0100] "GET /~gerard/bcrs/index.php?option=com_content&view=article&id=18&Itemid=43 HTTP/1.1" 200 2683 "-" "Mozilla/5.0 (compatible; Googlebot/2.1; +http://www.google.com/bot.html)"
66.249.72.225 - - [11/Nov/2011:04:15:22 +0100] "GET /~gerard/bcrs/index.php?option=com_content&view=article&id=16&Itemid=41 HTTP/1.1" 200 2798 "-" "Mozilla/5.0 (compatible; Googlebot/2.1; +http://www.google.com/bot.html)"
180.76.5.163 - - [11/Nov/2011:04:50:09 +0100] "GET / HTTP/1.1" 200 335 "-" "Mozilla/5.0 (compatible; Baiduspider/2.0; +http://www.baidu.com/search/spider.html)"
208.80.194.26 - - [11/Nov/2011:07:24:38 +0100] "GET / HTTP/1.0" 200 291 "-" "Mozilla/4.0 (compatible; MSIE 7.0; Windows NT 5.1; .NET CLR 1.0.3705; .NET CLR 1.1.4322; Comcast; Comcast)"
123.125.71.104 - - [11/Nov/2011:08:41:11 +0100] "GET / HTTP/1.1" 200 335 "-" "Mozilla/5.0 (compatible; Baiduspider/2.0; +http://www.baidu.com/search/spider.html)"
77.88.24.28 - - [11/Nov/2011:11:19:26 +0100] "GET / HTTP/1.1" 200 373 "-" "Mozilla/5.0 (compatible; YandexBot/3.0; +http://yandex.com/bots)"
66.249.72.225 - - [11/Nov/2011:12:47:32 +0100] "GET /robots.txt HTTP/1.1" 404 504 "-" "Mozilla/5.0 (compatible; Googlebot/2.1; +http://www.google.com/bot.html)"
66.249.72.225 - - [11/Nov/2011:12:47:32 +0100] "GET /~gerard/bcrs/index.php?option=com_content&view=section&layout=blog&id=1&Itemid=3&limitstart=68 HTTP/1.1" 200 2765 "-" "Mozilla/5.0 (compatible; Googlebot/2.1; +http://www.google.com/bot.html)"
66.249.72.225 - - [12/Nov/2011:17:13:48 +0100] "GET /robots.txt HTTP/1.1" 404 504 "-" "Mozilla/5.0 (compatible; Googlebot/2.1; +http://www.google.com/bot.html)"
66.249.72.225 - - [12/Nov/2011:17:13:49 +0100] "GET /~gerard/bcrs/index.php?option=com_content&view=article&id=57&Itemid=58 HTTP/1.1" 200 2726 "-" "Mozilla/5.0 (compatible; Googlebot/2.1; +http://www.google.com/bot.html)"
123.125.71.86 - - [12/Nov/2011:19:22:42 +0100] "GET /robots.txt HTTP/1.1" 404 466 "-" "Baiduspider+(+http://www.baidu.com/search/spider.htm)"
66.249.72.225 - - [12/Nov/2011:19:42:31 +0100] "GET /~gerard/bcrs/index.php?option=com_content&view=section&layout=blog&id=1&Itemid=3&limitstart=68 HTTP/1.1" 200 2766 "-" "Mozilla/5.0 (compatible; Googlebot/2.1; +http://www.google.com/bot.html)"
208.80.194.29 - - [12/Nov/2011:22:04:07 +0100] "GET / HTTP/1.0" 200 291 "-" "Mozilla/4.0 (compatible; MSIE 7.0; Windows NT 5.1; FunWebProducts; .NET CLR 1.1.4322; IEMB3; .NET CLR 2.0.50727; ZangoToolbar 4.8.3; IEMB3)"
87.237.120.141 - - [12/Nov/2011:22:31:25 +0100] "GET / HTTP/1.1" 200 291 "-" "Mozilla/5.0 (Macintosh; Intel Mac OS X 10_7_1) AppleWebKit/535.2 (KHTML, like Gecko) Chrome/15.0.874.24 Safari/535.2"
87.237.120.141 - - [12/Nov/2011:22:31:25 +0100] "GET / HTTP/1.1" 200 291 "-" "Mozilla/5.0 (Macintosh; Intel Mac OS X 10_7_1) AppleWebKit/535.2 (KHTML, like Gecko) Chrome/15.0.874.24 Safari/535.2"
66.249.72.225 - - [12/Nov/2011:23:40:37 +0100] "GET /~gerard/bcrs/index.php?option=com_content&view=article&id=66:team-bcrs-1-kampioen-erc&catid=8:recreanten&Itemid=34 HTTP/1.1" 200 3170 "-" "Mozilla/5.0 (compatible; Googlebot/2.1; +http://www.google.com/bot.html)"
193.252.118.176 - - [13/Nov/2011:00:56:39 +0100] "GET / HTTP/1.1" 200 335 "-" "Mozilla/5.0 (Windows; U; Windows NT 5.1; fr; rv:1.8.1) VoilaBot BETA 1.2 (support.voilabot@orange-ftgroup.com)"
77.75.77.17 - - [13/Nov/2011:07:23:35 +0100] "GET /robots.txt HTTP/1.1" 404 504 "-" "SeznamBot/3.0 (+http://fulltext.sblog.cz/)"
77.75.77.17 - - [13/Nov/2011:07:23:35 +0100] "GET / HTTP/1.1" 200 372 "-" "SeznamBot/3.0 (+http://fulltext.sblog.cz/)"
207.46.204.177 - - [13/Nov/2011:08:08:16 +0100] "GET /robots.txt HTTP/1.1" 404 529 "-" "Mozilla/5.0 (compatible; bingbot/2.0; +http://www.bing.com/bingbot.htm)"
207.46.204.177 - - [13/Nov/2011:08:09:09 +0100] "GET / HTTP/1.1" 304 211 "-" "Mozilla/5.0 (compatible; bingbot/2.0; +http://www.bing.com/bingbot.htm)"
173.240.49.34 - - [13/Nov/2011:10:08:55 +0100] "GET /robots.txt HTTP/1.1" 404 529 "-" "Mozilla/5.0 (compatible; Search17Bot/1.1; http://www.search17.com/bot.php)"
173.240.49.34 - - [13/Nov/2011:10:08:55 +0100] "GET / HTTP/1.1" 200 372 "-" "Mozilla/5.0 (compatible; Search17Bot/1.1; http://www.search17.com/bot.php)"
66.249.71.1 - - [13/Nov/2011:14:02:00 +0100] "GET /robots.txt HTTP/1.1" 404 504 "-" "Mozilla/5.0 (compatible; Googlebot/2.1; +http://www.google.com/bot.html)"
66.249.71.1 - - [13/Nov/2011:14:02:00 +0100] "GET /~gerard/bcrs/index.php?option=com_content&view=article&id=17&Itemid=40 HTTP/1.1" 200 2710 "-" "Mozilla/5.0 (compatible; Googlebot/2.1; +http://www.google.com/bot.html)"
123.125.71.84 - - [13/Nov/2011:14:46:29 +0100] "GET /robots.txt HTTP/1.1" 404 466 "-" "Baiduspider+(+http://www.baidu.com/search/spider.htm)"
207.46.204.177 - - [13/Nov/2011:15:15:15 +0100] "GET /robots.txt HTTP/1.1" 404 529 "-" "Mozilla/5.0 (compatible; bingbot/2.0; +http://www.bing.com/bingbot.htm)"
66.249.71.1 - - [13/Nov/2011:20:39:44 +0100] "GET /robots.txt HTTP/1.1" 404 504 "-" "Mozilla/5.0 (compatible; Googlebot/2.1; +http://www.google.com/bot.html)"
66.249.71.1 - - [13/Nov/2011:20:39:45 +0100] "GET /~gin/djpics/mosbooth.jpg HTTP/1.1" 404 515 "-" "Googlebot-Image/1.0"
207.46.204.177 - - [13/Nov/2011:20:43:58 +0100] "GET /robots.txt HTTP/1.1" 404 529 "-" "Mozilla/5.0 (compatible; bingbot/2.0; +http://www.bing.com/bingbot.htm)"
207.46.204.162 - - [13/Nov/2011:21:46:29 +0100] "GET / HTTP/1.1" 200 316 "-" "Mozilla/5.0 (Windows NT 6.1; WOW64) AppleWebKit/534+ (KHTML, like Gecko)"
208.80.194.26 - - [14/Nov/2011:09:16:42 +0100] "GET / HTTP/1.0" 200 291 "-" "Mozilla/4.0 (compatible; MSIE 7.0; Windows NT 5.1; .NET CLR 1.1.4322; .NET CLR 2.0.50727; InfoPath.1; ZangoToolbar 4.8.2)"
66.249.72.225 - - [14/Nov/2011:09:23:27 +0100] "GET /robots.txt HTTP/1.1" 404 504 "-" "Mozilla/5.0 (compatible; Googlebot/2.1; +http://www.google.com/bot.html)"
66.249.72.225 - - [14/Nov/2011:09:23:27 +0100] "GET /~gerard/bcrs/index.php?option=com_content&view=section&layout=blog&id=1&Itemid=3&limitstart=36 HTTP/1.1" 200 4497 "-" "Mozilla/5.0 (compatible; Googlebot/2.1; +http://www.google.com/bot.html)"
220.181.108.93 - - [14/Nov/2011:10:40:08 +0100] "GET / HTTP/1.1" 200 291 "-" "Mozilla/5.0 (compatible; Baiduspider/2.0; +http://www.baidu.com/search/spider.html)"
123.125.71.27 - - [14/Nov/2011:10:40:29 +0100] "GET / HTTP/1.1" 200 291 "-" "Mozilla/5.0 (compatible; Baiduspider/2.0; +http://www.baidu.com/search/spider.html)"
114.80.93.71 - - [14/Nov/2011:14:51:01 +0100] "GET / HTTP/1.1" 200 373 "-" "Mozilla/4.0 (compatible; MSIE 6.0; Windows NT 5.1)"
77.88.24.28 - - [14/Nov/2011:16:35:42 +0100] "GET /robots.txt HTTP/1.1" 404 529 "-" "Mozilla/5.0 (compatible; YandexBot/3.0; +http://yandex.com/bots)"
123.125.71.82 - - [14/Nov/2011:17:39:21 +0100] "GET /robots.txt HTTP/1.1" 404 466 "-" "Baiduspider+(+http://www.baidu.com/search/spider.htm)"
208.115.111.68 - - [14/Nov/2011:18:10:17 +0100] "GET /robots.txt HTTP/1.1" 404 472 "-" "Mozilla/5.0 (compatible; Ezooms/1.0; ezooms.bot@gmail.com)"
77.88.24.28 - - [14/Nov/2011:18:11:44 +0100] "GET / HTTP/1.1" 200 373 "-" "Mozilla/5.0 (compatible; YandexBot/3.0; +http://yandex.com/bots)"
208.115.111.68 - - [14/Nov/2011:18:38:09 +0100] "GET / HTTP/1.1" 200 298 "-" "Mozilla/5.0 (compatible; Ezooms/1.0; ezooms.bot@gmail.com)"
123.125.71.52 - - [15/Nov/2011:04:56:14 +0100] "GET / HTTP/1.1" 200 335 "-" "Mozilla/5.0 (compatible; Baiduspider/2.0; +http://www.baidu.com/search/spider.html)"
66.249.72.225 - - [15/Nov/2011:05:53:24 +0100] "GET /robots.txt HTTP/1.1" 404 504 "-" "Mozilla/5.0 (compatible; Googlebot/2.1; +http://www.google.com/bot.html)"
66.249.72.225 - - [15/Nov/2011:05:53:24 +0100] "GET /~gerard/bcrs/index.php?option=com_content&view=section&layout=blog&id=1&Itemid=3&limitstart=68 HTTP/1.1" 200 2765 "-" "Mozilla/5.0 (compatible; Googlebot/2.1; +http://www.google.com/bot.html)"
114.80.93.71 - - [15/Nov/2011:11:51:53 +0100] "GET / HTTP/1.1" 200 373 "-" "Mozilla/4.0 (compatible; MSIE 6.0; Windows NT 5.1)"
193.252.118.176 - - [16/Nov/2011:01:00:06 +0100] "GET /robots.txt HTTP/1.1" 404 466 "-" "Mozilla/5.0 (Windows; U; Windows NT 5.1; fr; rv:1.8.1) VoilaBot BETA 1.2 (support.voilabot@orange-ftgroup.com)"
193.252.118.176 - - [16/Nov/2011:01:00:36 +0100] "GET / HTTP/1.1" 200 335 "-" "Mozilla/5.0 (Windows; U; Windows NT 5.1; fr; rv:1.8.1) VoilaBot BETA 1.2 (support.voilabot@orange-ftgroup.com)"
123.125.67.212 - - [16/Nov/2011:01:43:19 +0100] "GET / HTTP/1.1" 200 335 "-" "Mozilla/5.0 (Windows NT 5.1; rv:6.0.2) Gecko/20100101 Firefox/6.0.2"
208.80.194.34 - - [16/Nov/2011:03:44:12 +0100] "GET / HTTP/1.0" 200 291 "-" "Mozilla/4.0 (compatible; MSIE 6.0; Windows NT 5.1; YPC 3.0.3; SV1)"
66.249.72.225 - - [16/Nov/2011:05:10:09 +0100] "GET /robots.txt HTTP/1.1" 404 504 "-" "Mozilla/5.0 (compatible; Googlebot/2.1; +http://www.google.com/bot.html)"
66.249.72.225 - - [16/Nov/2011:05:10:09 +0100] "GET /~gerard/bcrs/index.php?option=com_content&view=category&id=18&layout=blog&Itemid=55 HTTP/1.1" 200 4364 "-" "Mozilla/5.0 (compatible; Googlebot/2.1; +http://www.google.com/bot.html)"
123.125.71.21 - - [16/Nov/2011:05:34:14 +0100] "GET / HTTP/1.1" 200 291 "-" "Mozilla/5.0 (compatible; Baiduspider/2.0; +http://www.baidu.com/search/spider.html)"
220.181.108.91 - - [16/Nov/2011:05:34:51 +0100] "GET / HTTP/1.1" 200 291 "-" "Mozilla/5.0 (compatible; Baiduspider/2.0; +http://www.baidu.com/search/spider.html)"
66.249.72.225 - - [16/Nov/2011:07:08:52 +0100] "GET /~gerard/bcrs/index.php?option=com_content&view=section&layout=blog&id=1&Itemid=3&limitstart=60 HTTP/1.1" 200 4732 "-" "Mozilla/5.0 (compatible; Googlebot/2.1; +http://www.google.com/bot.html)"
67.207.136.128 - - [16/Nov/2011:08:44:57 +0100] "GET / HTTP/1.1" 200 291 "-" "Mozilla/5.0 (Macintosh; U; Intel Mac OS X 10_5_8; en-us) AppleWebKit/531.21.8 (KHTML, like Gecko) Version/4.0.4 Safari/531.21.10"
180.76.5.167 - - [16/Nov/2011:18:27:51 +0100] "GET /robots.txt HTTP/1.1" 404 466 "-" "Baiduspider+(+http://www.baidu.com/search/spider.htm)"
77.88.24.28 - - [16/Nov/2011:23:53:25 +0100] "GET /robots.txt HTTP/1.1" 404 529 "-" "Mozilla/5.0 (compatible; YandexBot/3.0; +http://yandex.com/bots)"
69.84.207.147 - - [17/Nov/2011:03:18:16 +0100] "GET / HTTP/1.1" 206 372 "-" "Mozilla/4.0 (compatible; MSIE 7.0;Windows NT 5.1;.NET CLR 1.1.4322;.NET CLR 2.0.50727;.NET CLR 3.0.04506.30) Lightspeedsystems"
123.125.71.29 - - [17/Nov/2011:03:35:17 +0100] "GET / HTTP/1.1" 200 291 "-" "Mozilla/5.0 (compatible; Baiduspider/2.0; +http://www.baidu.com/search/spider.html)"
220.181.108.97 - - [17/Nov/2011:03:35:56 +0100] "GET / HTTP/1.1" 200 291 "-" "Mozilla/5.0 (compatible; Baiduspider/2.0; +http://www.baidu.com/search/spider.html)"
66.249.72.225 - - [17/Nov/2011:04:55:41 +0100] "GET /robots.txt HTTP/1.1" 404 504 "-" "Mozilla/5.0 (compatible; Googlebot/2.1; +http://www.google.com/bot.html)"
66.249.72.225 - - [17/Nov/2011:04:55:41 +0100] "GET /~gerard/bcrs/index.php?option=com_content&view=section&layout=blog&id=1&Itemid=3 HTTP/1.1" 200 4614 "-" "Mozilla/5.0 (compatible; Googlebot/2.1; +http://www.google.com/bot.html)"
66.249.72.225 - - [17/Nov/2011:05:04:33 +0100] "GET /~roel/gdb.bt.txt HTTP/1.1" 404 510 "-" "Mozilla/5.0 (compatible; Googlebot/2.1; +http://www.google.com/bot.html)"
66.249.72.225 - - [17/Nov/2011:06:44:04 +0100] "GET /~gerard/bcrs/index.php?option=com_content&view=section&layout=blog&id=1&Itemid=3&limitstart=60 HTTP/1.1" 200 4732 "-" "Mozilla/5.0 (compatible; Googlebot/2.1; +http://www.google.com/bot.html)"
77.88.24.28 - - [17/Nov/2011:06:47:53 +0100] "GET / HTTP/1.1" 200 373 "-" "Mozilla/5.0 (compatible; YandexBot/3.0; +http://yandex.com/bots)"
66.249.72.225 - - [17/Nov/2011:08:09:44 +0100] "GET /~gerard/bcrs/index.php?option=com_content&view=article&id=34&Itemid=54 HTTP/1.1" 200 2643 "-" "Mozilla/5.0 (compatible; Googlebot/2.1; +http://www.google.com/bot.html)"
66.249.72.225 - - [17/Nov/2011:09:02:33 +0100] "GET /~gerard/bcrs/index.php?option=com_content&view=section&layout=blog&id=1&Itemid=3&limitstart=12 HTTP/1.1" 200 3814 "-" "Mozilla/5.0 (compatible; Googlebot/2.1; +http://www.google.com/bot.html)"
66.249.72.225 - - [17/Nov/2011:09:21:51 +0100] "GET /~gerard/bcrs/index.php?option=com_content&view=section&layout=blog&id=1&Itemid=3&limitstart=24 HTTP/1.1" 200 4383 "-" "Mozilla/5.0 (compatible; Googlebot/2.1; +http://www.google.com/bot.html)"
180.76.5.167 - - [17/Nov/2011:14:20:11 +0100] "GET /~roel/apport.crash HTTP/1.1" 404 472 "-" "Mozilla/5.0 (compatible; Baiduspider/2.0; +http://www.baidu.com/search/spider.html)"
123.125.71.116 - - [17/Nov/2011:15:17:21 +0100] "GET / HTTP/1.1" 200 335 "-" "Mozilla/5.0 (compatible; Baiduspider/2.0; +http://www.baidu.com/search/spider.html)"
62.75.190.135 - - [17/Nov/2011:16:31:13 +0100] "GET //web/phpMyAdmin/index.php HTTP/1.1" 404 476 "-" "-"
62.75.190.135 - - [17/Nov/2011:16:31:13 +0100] "GET //phpMyAdmin-2/index.php HTTP/1.1" 404 475 "-" "-"
123.125.71.22 - - [17/Nov/2011:19:32:22 +0100] "GET / HTTP/1.1" 200 291 "-" "Mozilla/5.0 (compatible; Baiduspider/2.0; +http://www.baidu.com/search/spider.html)"
220.181.108.92 - - [17/Nov/2011:19:32:51 +0100] "GET / HTTP/1.1" 200 291 "-" "Mozilla/5.0 (compatible; Baiduspider/2.0; +http://www.baidu.com/search/spider.html)"
67.207.136.128 - - [17/Nov/2011:20:36:57 +0100] "GET / HTTP/1.1" 200 291 "-" "Mozilla/5.0 (Macintosh; U; Intel Mac OS X 10_5_8; en-us) AppleWebKit/531.21.8 (KHTML, like Gecko) Version/4.0.4 Safari/531.21.10"
67.207.136.128 - - [17/Nov/2011:20:37:05 +0100] "GET / HTTP/1.1" 200 291 "-" "Mozilla/5.0 (Macintosh; U; Intel Mac OS X 10_5_8; en-us) AppleWebKit/531.21.8 (KHTML, like Gecko) Version/4.0.4 Safari/531.21.10"
114.80.93.71 - - [17/Nov/2011:22:05:49 +0100] "GET / HTTP/1.1" 200 373 "-" "Mozilla/4.0 (compatible; MSIE 6.0; Windows NT 5.1)"
123.125.71.71 - - [18/Nov/2011:03:38:36 +0100] "GET /robots.txt HTTP/1.1" 404 466 "-" "Baiduspider+(+http://www.baidu.com/search/spider.htm)"
180.76.5.165 - - [18/Nov/2011:04:41:14 +0100] "GET /robots.txt HTTP/1.1" 404 466 "-" "Baiduspider+(+http://www.baidu.com/search/spider.htm)"
173.192.48.66 - - [18/Nov/2011:10:53:41 +0100] "GET /muieblackcat HTTP/1.1" 404 468 "-" "-"
173.192.48.66 - - [18/Nov/2011:10:53:41 +0100] "GET //index.php HTTP/1.1" 404 465 "-" "-"
173.192.48.66 - - [18/Nov/2011:10:53:42 +0100] "GET //admin/index.php HTTP/1.1" 404 470 "-" "-"
173.192.48.66 - - [18/Nov/2011:10:53:42 +0100] "GET //admin/pma/index.php HTTP/1.1" 404 472 "-" "-"
173.192.48.66 - - [18/Nov/2011:10:53:42 +0100] "GET //admin/phpmyadmin/index.php HTTP/1.1" 404 474 "-" "-"
173.192.48.66 - - [18/Nov/2011:10:53:43 +0100] "GET //db/index.php HTTP/1.1" 404 467 "-" "-"
173.192.48.66 - - [18/Nov/2011:10:53:43 +0100] "GET //dbadmin/index.php HTTP/1.1" 404 471 "-" "-"
173.192.48.66 - - [18/Nov/2011:10:53:43 +0100] "GET //myadmin/index.php HTTP/1.1" 404 471 "-" "-"
173.192.48.66 - - [18/Nov/2011:10:53:43 +0100] "GET //mysql/index.php HTTP/1.1" 404 471 "-" "-"
173.192.48.66 - - [18/Nov/2011:10:53:44 +0100] "GET //mysqladmin/index.php HTTP/1.1" 404 474 "-" "-"
173.192.48.66 - - [18/Nov/2011:10:53:44 +0100] "GET //typo3/phpmyadmin/index.php HTTP/1.1" 404 477 "-" "-"
173.192.48.66 - - [18/Nov/2011:10:53:45 +0100] "GET //phpadmin/index.php HTTP/1.1" 404 471 "-" "-"
173.192.48.66 - - [18/Nov/2011:10:53:45 +0100] "GET //phpMyAdmin/index.php HTTP/1.1" 404 473 "-" "-"
173.192.48.66 - - [18/Nov/2011:10:53:45 +0100] "GET //phpmyadmin/index.php HTTP/1.1" 403 474 "-" "-"
173.192.48.66 - - [18/Nov/2011:10:53:45 +0100] "GET //phpmyadmin1/index.php HTTP/1.1" 404 474 "-" "-"
173.192.48.66 - - [18/Nov/2011:10:53:46 +0100] "GET //phpmyadmin2/index.php HTTP/1.1" 404 473 "-" "-"
173.192.48.66 - - [18/Nov/2011:10:53:46 +0100] "GET //pma/index.php HTTP/1.1" 404 468 "-" "-"
173.192.48.66 - - [18/Nov/2011:10:53:46 +0100] "GET //web/phpMyAdmin/index.php HTTP/1.1" 404 476 "-" "-"
173.192.48.66 - - [18/Nov/2011:10:53:47 +0100] "GET //xampp/phpmyadmin/index.php HTTP/1.1" 404 477 "-" "-"
173.192.48.66 - - [18/Nov/2011:10:53:47 +0100] "GET //web/index.php HTTP/1.1" 404 468 "-" "-"
173.192.48.66 - - [18/Nov/2011:10:53:47 +0100] "GET //php-my-admin/index.php HTTP/1.1" 404 475 "-" "-"
173.192.48.66 - - [18/Nov/2011:10:53:47 +0100] "GET //websql/index.php HTTP/1.1" 404 471 "-" "-"
173.192.48.66 - - [18/Nov/2011:10:53:48 +0100] "GET //phpmyadmin/index.php HTTP/1.1" 403 474 "-" "-"
173.192.48.66 - - [18/Nov/2011:10:53:48 +0100] "GET //phpMyAdmin/index.php HTTP/1.1" 404 473 "-" "-"
173.192.48.66 - - [18/Nov/2011:10:53:48 +0100] "GET //phpMyAdmin-2/index.php HTTP/1.1" 404 475 "-" "-"
173.192.48.66 - - [18/Nov/2011:10:53:48 +0100] "GET //php-my-admin/index.php HTTP/1.1" 404 475 "-" "-"
173.192.48.66 - - [18/Nov/2011:10:53:49 +0100] "GET //phpMyAdmin-2.2.3/index.php HTTP/1.1" 404 477 "-" "-"
173.192.48.66 - - [18/Nov/2011:10:53:49 +0100] "GET //phpMyAdmin-2.2.6/index.php HTTP/1.1" 404 477 "-" "-"
173.192.48.66 - - [18/Nov/2011:10:53:49 +0100] "GET //phpMyAdmin-2.5.1/index.php HTTP/1.1" 404 478 "-" "-"
173.192.48.66 - - [18/Nov/2011:10:53:49 +0100] "GET //phpMyAdmin-2.5.4/index.php HTTP/1.1" 404 478 "-" "-"
173.192.48.66 - - [18/Nov/2011:10:53:50 +0100] "GET //phpMyAdmin-2.5.5-rc1/index.php HTTP/1.1" 404 481 "-" "-"
173.192.48.66 - - [18/Nov/2011:10:53:50 +0100] "GET //phpMyAdmin-2.5.5-rc2/index.php HTTP/1.1" 404 481 "-" "-"
173.192.48.66 - - [18/Nov/2011:10:53:50 +0100] "GET //phpMyAdmin-2.5.5/index.php HTTP/1.1" 404 478 "-" "-"
