66.249.72.161 - - [01/Feb/2012:04:21:36 +0100] "GET /~gerard/bcrs/index.php?option=com_content&view=section&layout=blog&id=1&Itemid=3&limitstart=52 HTTP/1.1" 200 3569 "-" "Mozilla/5.0 (compatible; Googlebot/2.1; +http://www.google.com/bot.html)"
124.115.1.61 - - [01/Feb/2012:11:33:26 +0100] "GET / HTTP/1.1" 200 373 "-" "Mozilla/4.0 (compatible; MSIE 6.0; Windows NT 5.1)"
124.115.1.62 - - [01/Feb/2012:11:48:52 +0100] "GET / HTTP/1.1" 200 373 "-" "Mozilla/4.0 (compatible; MSIE 6.0; Windows NT 5.1)"
124.115.1.66 - - [01/Feb/2012:12:09:11 +0100] "GET / HTTP/1.1" 200 373 "-" "Mozilla/4.0 (compatible; MSIE 6.0; Windows NT 5.1)"
124.115.11.187 - - [01/Feb/2012:12:14:03 +0100] "GET / HTTP/1.1" 200 373 "-" "Mozilla/4.0 (compatible; MSIE 6.0; Windows NT 5.1)"
124.115.1.61 - - [01/Feb/2012:12:29:46 +0100] "GET / HTTP/1.1" 200 373 "-" "Mozilla/4.0 (compatible; MSIE 6.0; Windows NT 5.1)"
124.115.1.62 - - [01/Feb/2012:12:44:53 +0100] "GET / HTTP/1.1" 200 373 "-" "Mozilla/4.0 (compatible; MSIE 6.0; Windows NT 5.1)"
124.115.1.62 - - [01/Feb/2012:14:38:57 +0100] "GET / HTTP/1.1" 200 373 "-" "Mozilla/4.0 (compatible; MSIE 6.0; Windows NT 5.1)"
124.115.1.61 - - [01/Feb/2012:15:06:50 +0100] "GET / HTTP/1.1" 200 373 "-" "Mozilla/4.0 (compatible; MSIE 6.0; Windows NT 5.1)"
124.115.1.66 - - [01/Feb/2012:15:25:13 +0100] "GET / HTTP/1.1" 200 373 "-" "Mozilla/4.0 (compatible; MSIE 6.0; Windows NT 5.1)"
66.249.72.161 - - [01/Feb/2012:15:54:09 +0100] "GET /robots.txt HTTP/1.1" 404 504 "-" "Mozilla/5.0 (compatible; Googlebot/2.1; +http://www.google.com/bot.html)"
66.249.72.161 - - [01/Feb/2012:15:54:09 +0100] "GET /~gerard/bcrs/index.php?option=com_content&view=article&id=94:vrijspelen-op-zaterdag&catid=20:algemeen&Itemid=34 HTTP/1.1" 200 2668 "-" "Mozilla/5.0 (compatible; Googlebot/2.1; +http://www.google.com/bot.html)"
124.115.1.66 - - [01/Feb/2012:15:55:45 +0100] "GET / HTTP/1.1" 200 373 "-" "Mozilla/4.0 (compatible; MSIE 6.0; Windows NT 5.1)"
123.125.71.34 - - [01/Feb/2012:16:36:50 +0100] "GET / HTTP/1.1" 200 291 "-" "Mozilla/5.0 (compatible; Baiduspider/2.0; +http://www.baidu.com/search/spider.html)"
220.181.108.88 - - [01/Feb/2012:16:37:34 +0100] "GET / HTTP/1.1" 200 291 "-" "Mozilla/5.0 (compatible; Baiduspider/2.0; +http://www.baidu.com/search/spider.html)"
124.115.1.62 - - [01/Feb/2012:17:20:25 +0100] "GET / HTTP/1.1" 200 373 "-" "Mozilla/4.0 (compatible; MSIE 6.0; Windows NT 5.1)"
124.115.11.187 - - [01/Feb/2012:17:25:35 +0100] "GET / HTTP/1.1" 200 373 "-" "Mozilla/4.0 (compatible; MSIE 6.0; Windows NT 5.1)"
66.249.72.161 - - [01/Feb/2012:17:27:50 +0100] "GET /~gerard/bcrs/ HTTP/1.1" 200 4140 "-" "Mozilla/5.0 (compatible; Googlebot/2.1; +http://www.google.com/bot.html)"
123.125.71.18 - - [01/Feb/2012:17:44:51 +0100] "GET / HTTP/1.1" 200 291 "-" "Mozilla/5.0 (compatible; Baiduspider/2.0; +http://www.baidu.com/search/spider.html)"
220.181.108.97 - - [01/Feb/2012:17:45:43 +0100] "GET / HTTP/1.1" 200 291 "-" "Mozilla/5.0 (compatible; Baiduspider/2.0; +http://www.baidu.com/search/spider.html)"
124.115.1.61 - - [01/Feb/2012:18:07:05 +0100] "GET / HTTP/1.1" 200 373 "-" "Mozilla/4.0 (compatible; MSIE 6.0; Windows NT 5.1)"
77.88.24.28 - - [01/Feb/2012:18:21:43 +0100] "GET /robots.txt HTTP/1.1" 404 529 "-" "Mozilla/5.0 (compatible; YandexBot/3.0; +http://yandex.com/bots)"
124.115.1.62 - - [01/Feb/2012:18:52:15 +0100] "GET / HTTP/1.1" 200 373 "-" "Mozilla/4.0 (compatible; MSIE 6.0; Windows NT 5.1)"
123.125.71.26 - - [01/Feb/2012:19:35:36 +0100] "GET / HTTP/1.1" 200 291 "-" "Mozilla/5.0 (compatible; Baiduspider/2.0; +http://www.baidu.com/search/spider.html)"
220.181.108.90 - - [01/Feb/2012:19:36:16 +0100] "GET / HTTP/1.1" 200 291 "-" "Mozilla/5.0 (compatible; Baiduspider/2.0; +http://www.baidu.com/search/spider.html)"
124.115.1.66 - - [01/Feb/2012:19:46:16 +0100] "GET / HTTP/1.1" 200 373 "-" "Mozilla/4.0 (compatible; MSIE 6.0; Windows NT 5.1)"
50.17.160.128 - - [01/Feb/2012:19:55:48 +0100] "GET / HTTP/1.0" 200 291 "-" "Mozilla/5.0 (compatible; NetcraftSurveyAgent/1.0; +info@netcraft.com)"
66.249.72.161 - - [01/Feb/2012:20:33:20 +0100] "GET /~gerard/bcrs/index.php?option=com_content&view=article&id=105&catid=12&Itemid=34 HTTP/1.1" 200 3197 "-" "Mozilla/5.0 (compatible; Googlebot/2.1; +http://www.google.com/bot.html)"
173.193.219.168 - - [01/Feb/2012:20:52:19 +0100] "GET / HTTP/1.1" 200 329 "-" "Aboundex/0.2 (http://www.aboundex.com/crawler/)"
66.249.72.161 - - [01/Feb/2012:20:55:08 +0100] "GET /~gerard/bcrs/index.php?option=com_content&view=article&id=106&catid=13&Itemid=34 HTTP/1.1" 200 2711 "-" "Mozilla/5.0 (compatible; Googlebot/2.1; +http://www.google.com/bot.html)"
124.115.11.187 - - [01/Feb/2012:21:00:30 +0100] "GET / HTTP/1.1" 200 373 "-" "Mozilla/4.0 (compatible; MSIE 6.0; Windows NT 5.1)"
124.115.1.61 - - [01/Feb/2012:21:20:43 +0100] "GET / HTTP/1.1" 200 373 "-" "Mozilla/4.0 (compatible; MSIE 6.0; Windows NT 5.1)"
124.115.1.61 - - [01/Feb/2012:22:21:18 +0100] "GET / HTTP/1.1" 200 373 "-" "Mozilla/4.0 (compatible; MSIE 6.0; Windows NT 5.1)"
124.115.11.187 - - [01/Feb/2012:22:32:05 +0100] "GET / HTTP/1.1" 200 373 "-" "Mozilla/4.0 (compatible; MSIE 6.0; Windows NT 5.1)"
124.115.1.66 - - [01/Feb/2012:22:39:03 +0100] "GET / HTTP/1.1" 200 373 "-" "Mozilla/4.0 (compatible; MSIE 6.0; Windows NT 5.1)"
124.115.11.187 - - [02/Feb/2012:00:09:30 +0100] "GET / HTTP/1.1" 200 373 "-" "Mozilla/4.0 (compatible; MSIE 6.0; Windows NT 5.1)"
77.88.24.28 - - [02/Feb/2012:00:48:52 +0100] "GET / HTTP/1.1" 200 373 "-" "Mozilla/5.0 (compatible; YandexBot/3.0; +http://yandex.com/bots)"
124.115.1.66 - - [02/Feb/2012:01:29:53 +0100] "GET / HTTP/1.1" 200 373 "-" "Mozilla/4.0 (compatible; MSIE 6.0; Windows NT 5.1)"
123.125.71.25 - - [02/Feb/2012:02:36:52 +0100] "GET / HTTP/1.1" 200 291 "-" "Mozilla/5.0 (compatible; Baiduspider/2.0; +http://www.baidu.com/search/spider.html)"
220.181.108.89 - - [02/Feb/2012:02:37:21 +0100] "GET / HTTP/1.1" 200 291 "-" "Mozilla/5.0 (compatible; Baiduspider/2.0; +http://www.baidu.com/search/spider.html)"
66.249.72.161 - - [02/Feb/2012:05:44:24 +0100] "GET /robots.txt HTTP/1.1" 404 504 "-" "Mozilla/5.0 (compatible; Googlebot/2.1; +http://www.google.com/bot.html)"
66.249.72.161 - - [02/Feb/2012:05:44:24 +0100] "GET /~gerard/bcrs/index.php?option=com_content&view=section&layout=blog&id=1&Itemid=3&limitstart=56 HTTP/1.1" 200 4009 "-" "Mozilla/5.0 (compatible; Googlebot/2.1; +http://www.google.com/bot.html)"
124.115.6.10 - - [02/Feb/2012:06:34:27 +0100] "GET /robots.txt HTTP/1.1" 404 504 "-" "Sosospider+(+http://help.soso.com/webspider.htm)"
114.80.93.71 - - [02/Feb/2012:13:14:39 +0100] "GET / HTTP/1.1" 200 373 "-" "Mozilla/4.0 (compatible; MSIE 6.0; Windows NT 5.1)"
66.249.72.161 - - [02/Feb/2012:13:28:09 +0100] "GET /~gerard/ HTTP/1.1" 304 212 "-" "Mozilla/5.0 (compatible; Googlebot/2.1; +http://www.google.com/bot.html)"
124.115.11.187 - - [02/Feb/2012:14:25:06 +0100] "GET / HTTP/1.1" 200 373 "-" "Mozilla/4.0 (compatible; MSIE 6.0; Windows NT 5.1)"
77.75.77.17 - - [02/Feb/2012:15:28:44 +0100] "GET /robots.txt HTTP/1.1" 404 504 "-" "SeznamBot/3.0 (+http://fulltext.sblog.cz/)"
77.75.77.17 - - [02/Feb/2012:15:28:44 +0100] "GET / HTTP/1.1" 200 372 "-" "SeznamBot/3.0 (+http://fulltext.sblog.cz/)"
124.115.1.66 - - [02/Feb/2012:15:44:39 +0100] "GET / HTTP/1.1" 200 373 "-" "Mozilla/4.0 (compatible; MSIE 6.0; Windows NT 5.1)"
124.115.1.61 - - [02/Feb/2012:16:15:59 +0100] "GET / HTTP/1.1" 200 373 "-" "Mozilla/4.0 (compatible; MSIE 6.0; Windows NT 5.1)"
123.125.71.17 - - [02/Feb/2012:21:37:49 +0100] "GET / HTTP/1.1" 200 291 "-" "Mozilla/5.0 (compatible; Baiduspider/2.0; +http://www.baidu.com/search/spider.html)"
220.181.108.82 - - [02/Feb/2012:21:38:30 +0100] "GET / HTTP/1.1" 200 291 "-" "Mozilla/5.0 (compatible; Baiduspider/2.0; +http://www.baidu.com/search/spider.html)"
66.249.72.161 - - [02/Feb/2012:22:00:42 +0100] "GET /robots.txt HTTP/1.1" 404 504 "-" "Mozilla/5.0 (compatible; Googlebot/2.1; +http://www.google.com/bot.html)"
66.249.72.161 - - [02/Feb/2012:22:00:42 +0100] "GET /~gerard/bcrs/index.php?option=com_content&view=article&id=38:indeling-jeugdcompetitie-2011&catid=6:jeugd&Itemid=34 HTTP/1.1" 200 2938 "-" "Mozilla/5.0 (compatible; Googlebot/2.1; +http://www.google.com/bot.html)"
208.80.194.33 - - [02/Feb/2012:22:07:33 +0100] "GET / HTTP/1.0" 200 291 "-" "Mozilla/4.0 (compatible; MSIE 7.0; AOL 9.0; Windows NT 5.1; acc=vonner; acc=none; (none); iebar; FunWebProducts; .NET CLR 1.1.4322)"
124.115.1.62 - - [02/Feb/2012:22:28:09 +0100] "GET / HTTP/1.1" 200 373 "-" "Mozilla/4.0 (compatible; MSIE 6.0; Windows NT 5.1)"
114.80.93.71 - - [03/Feb/2012:14:32:32 +0100] "GET / HTTP/1.1" 200 373 "-" "Mozilla/4.0 (compatible; MSIE 6.0; Windows NT 5.1)"
124.115.6.10 - - [03/Feb/2012:14:35:27 +0100] "GET /robots.txt HTTP/1.1" 404 504 "-" "Sosospider+(+http://help.soso.com/webspider.htm)"
124.115.11.187 - - [03/Feb/2012:15:41:26 +0100] "GET / HTTP/1.1" 200 373 "-" "Mozilla/4.0 (compatible; MSIE 6.0; Windows NT 5.1)"
124.115.1.61 - - [03/Feb/2012:16:03:27 +0100] "GET / HTTP/1.1" 200 373 "-" "Mozilla/4.0 (compatible; MSIE 6.0; Windows NT 5.1)"
124.115.1.62 - - [03/Feb/2012:16:30:58 +0100] "GET / HTTP/1.1" 200 373 "-" "Mozilla/4.0 (compatible; MSIE 6.0; Windows NT 5.1)"
124.115.1.66 - - [03/Feb/2012:17:18:28 +0100] "GET / HTTP/1.1" 200 373 "-" "Mozilla/4.0 (compatible; MSIE 6.0; Windows NT 5.1)"
66.249.72.161 - - [04/Feb/2012:01:49:17 +0100] "GET /robots.txt HTTP/1.1" 404 504 "-" "Mozilla/5.0 (compatible; Googlebot/2.1; +http://www.google.com/bot.html)"
66.249.72.161 - - [04/Feb/2012:01:49:17 +0100] "GET /~gerard/bcrs/index.php?option=com_content&view=article&id=105&catid=12&Itemid=34 HTTP/1.1" 200 3195 "-" "Mozilla/5.0 (compatible; Googlebot/2.1; +http://www.google.com/bot.html)"
216.55.169.159 - - [04/Feb/2012:06:31:38 +0100] "GET / HTTP/1.1" 200 335 "-" "Mozilla/5.0 (Windows NT 6.1; rv:7.0.1) Gecko/20100101 Firefox/7.0.1"
69.58.178.57 - - [04/Feb/2012:13:28:31 +0100] "GET /robots.txt HTTP/1.1" 404 472 "-" "Mozilla/5.0 (X11; U; Linux i686; en-US; rv:1.9.2.24; ips-agent) Gecko/20111107 Ubuntu/10.04 (lucid) Firefox/3.6.24"
69.58.178.57 - - [04/Feb/2012:13:29:15 +0100] "GET / HTTP/1.1" 200 298 "-" "Mozilla/5.0 (X11; U; Linux i686; en-US; rv:1.9.2.24; ips-agent) Gecko/20111107 Ubuntu/10.04 (lucid) Firefox/3.6.24"
124.115.1.66 - - [04/Feb/2012:15:16:48 +0100] "GET / HTTP/1.1" 200 373 "-" "Mozilla/4.0 (compatible; MSIE 6.0; Windows NT 5.1)"
208.80.194.35 - - [04/Feb/2012:17:01:09 +0100] "GET / HTTP/1.0" 200 291 "-" "Mozilla/4.0 (compatible; MSIE 7.0; AOL 9.0; Windows NT 5.1; FunWebProducts; (R1 1.5); .NET CLR 1.1.4322)"
124.115.11.187 - - [04/Feb/2012:17:28:44 +0100] "GET / HTTP/1.1" 200 373 "-" "Mozilla/4.0 (compatible; MSIE 6.0; Windows NT 5.1)"
124.115.1.61 - - [04/Feb/2012:17:43:56 +0100] "GET / HTTP/1.1" 200 373 "-" "Mozilla/4.0 (compatible; MSIE 6.0; Windows NT 5.1)"
124.115.1.62 - - [04/Feb/2012:21:44:24 +0100] "GET / HTTP/1.1" 200 373 "-" "Mozilla/4.0 (compatible; MSIE 6.0; Windows NT 5.1)"
124.115.6.10 - - [04/Feb/2012:22:57:41 +0100] "GET /robots.txt HTTP/1.1" 404 504 "-" "Sosospider+(+http://help.soso.com/webspider.htm)"
123.125.71.116 - - [05/Feb/2012:05:07:04 +0100] "GET /robots.txt HTTP/1.1" 404 466 "-" "Baiduspider+(+http://www.baidu.com/search/spider.htm)"
114.80.93.71 - - [05/Feb/2012:10:02:31 +0100] "GET / HTTP/1.1" 200 373 "-" "Mozilla/4.0 (compatible; MSIE 6.0; Windows NT 5.1)"
124.115.1.62 - - [05/Feb/2012:12:49:02 +0100] "GET / HTTP/1.1" 200 373 "-" "Mozilla/4.0 (compatible; MSIE 6.0; Windows NT 5.1)"
123.125.71.95 - - [05/Feb/2012:13:21:56 +0100] "GET / HTTP/1.1" 200 335 "-" "Mozilla/5.0 (compatible; Baiduspider/2.0; +http://www.baidu.com/search/spider.html)"
124.115.1.66 - - [05/Feb/2012:13:43:13 +0100] "GET / HTTP/1.1" 200 373 "-" "Mozilla/4.0 (compatible; MSIE 6.0; Windows NT 5.1)"
124.115.1.61 - - [05/Feb/2012:14:12:52 +0100] "GET / HTTP/1.1" 200 373 "-" "Mozilla/4.0 (compatible; MSIE 6.0; Windows NT 5.1)"
124.115.11.187 - - [05/Feb/2012:14:40:09 +0100] "GET / HTTP/1.1" 200 373 "-" "Mozilla/4.0 (compatible; MSIE 6.0; Windows NT 5.1)"
95.108.151.244 - - [05/Feb/2012:16:00:39 +0100] "GET /robots.txt HTTP/1.1" 404 528 "-" "Mozilla/5.0 (compatible; YandexBot/3.0; +http://yandex.com/bots)"
95.108.151.244 - - [05/Feb/2012:16:00:40 +0100] "GET / HTTP/1.1" 200 372 "-" "Mozilla/5.0 (compatible; YandexBot/3.0; +http://yandex.com/bots)"
95.108.151.244 - - [05/Feb/2012:16:00:41 +0100] "GET / HTTP/1.1" 200 372 "-" "Mozilla/5.0 (compatible; YandexBot/3.0; +http://yandex.com/bots)"
123.125.71.13 - - [06/Feb/2012:07:18:44 +0100] "GET / HTTP/1.1" 200 335 "-" "Mozilla/5.0 (compatible; Baiduspider/2.0; +http://www.baidu.com/search/spider.html)"
124.115.6.10 - - [06/Feb/2012:07:47:20 +0100] "GET /robots.txt HTTP/1.1" 404 504 "-" "Sosospider+(+http://help.soso.com/webspider.htm)"
66.249.72.161 - - [06/Feb/2012:08:05:58 +0100] "GET /robots.txt HTTP/1.1" 404 504 "-" "Mozilla/5.0 (compatible; Googlebot/2.1; +http://www.google.com/bot.html)"
66.249.72.161 - - [06/Feb/2012:08:05:58 +0100] "GET /~gerard/bcrs/index.php?option=com_content&view=article&id=32:klaverjasavond-12-november&catid=12:kantine&Itemid=34 HTTP/1.1" 200 3088 "-" "Mozilla/5.0 (compatible; Googlebot/2.1; +http://www.google.com/bot.html)"
66.249.72.161 - - [06/Feb/2012:08:43:52 +0100] "GET /~gerard/bcrs/index.php?option=com_content&view=article&id=20&Itemid=33 HTTP/1.1" 200 3696 "-" "Mozilla/5.0 (compatible; Googlebot/2.1; +http://www.google.com/bot.html)"
157.55.18.25 - - [06/Feb/2012:08:54:45 +0100] "GET /robots.txt HTTP/1.1" 404 529 "-" "Mozilla/5.0 (compatible; bingbot/2.0; +http://www.bing.com/bingbot.htm)"
157.55.18.25 - - [06/Feb/2012:09:01:20 +0100] "GET / HTTP/1.1" 304 211 "-" "Mozilla/5.0 (compatible; bingbot/2.0; +http://www.bing.com/bingbot.htm)"
208.80.194.32 - - [06/Feb/2012:11:20:12 +0100] "GET / HTTP/1.0" 200 291 "-" "Mozilla/4.0 (compatible; MSIE 7.0; Windows NT 5.1; Q312461; TBP_7.0_GS)"
65.52.109.153 - - [06/Feb/2012:12:11:30 +0100] "GET /robots.txt HTTP/1.1" 404 529 "-" "Mozilla/5.0 (compatible; bingbot/2.0; +http://www.bing.com/bingbot.htm)"
65.52.110.201 - - [06/Feb/2012:17:26:13 +0100] "GET /robots.txt HTTP/1.1" 404 529 "-" "Mozilla/5.0 (compatible; bingbot/2.0; +http://www.bing.com/bingbot.htm)"
207.46.204.216 - - [06/Feb/2012:17:26:51 +0100] "GET / HTTP/1.1" 200 316 "-" "Mozilla/5.0 (Windows NT 6.1; WOW64) AppleWebKit/534+ (KHTML, like Gecko) BingPreview/1.0b"
65.52.110.201 - - [06/Feb/2012:18:02:47 +0100] "GET /robots.txt HTTP/1.1" 404 529 "-" "Mozilla/5.0 (compatible; bingbot/2.0; +http://www.bing.com/bingbot.htm)"
66.249.72.161 - - [06/Feb/2012:19:17:01 +0100] "GET /robots.txt HTTP/1.1" 404 504 "-" "Mozilla/5.0 (compatible; Googlebot/2.1; +http://www.google.com/bot.html)"
66.249.72.161 - - [06/Feb/2012:19:17:01 +0100] "GET /~gerard/bcrs/index.php?option=com_content&view=article&id=28&Itemid=52 HTTP/1.1" 200 2815 "-" "Mozilla/5.0 (compatible; Googlebot/2.1; +http://www.google.com/bot.html)"
64.27.5.162 - - [06/Feb/2012:21:44:24 +0100] "GET / HTTP/1.1" 200 316 "-" "Mozilla/4.0 (compatible; MSIE 6.0; Windows NT 5.1)"
85.17.171.225 - - [07/Feb/2012:02:00:05 +0100] "GET /robots.txt HTTP/1.1" 404 466 "-" "Mozilla/5.0 (compatible; Plukkie/1.4; http://www.botje.com/plukkie.htm)"
85.17.171.225 - - [07/Feb/2012:02:00:05 +0100] "GET / HTTP/1.1" 200 335 "-" "Mozilla/5.0 (compatible; Plukkie/1.4; http://www.botje.com/plukkie.htm)"
66.249.72.161 - - [07/Feb/2012:03:40:00 +0100] "GET /robots.txt HTTP/1.1" 404 504 "-" "Mozilla/5.0 (compatible; Googlebot/2.1; +http://www.google.com/bot.html)"
66.249.72.161 - - [07/Feb/2012:03:40:00 +0100] "GET / HTTP/1.1" 304 210 "-" "Mozilla/5.0 (compatible; Googlebot/2.1; +http://www.google.com/bot.html)"
66.249.72.161 - - [07/Feb/2012:06:33:51 +0100] "GET /robots.txt HTTP/1.1" 404 504 "-" "Mozilla/5.0 (compatible; Googlebot/2.1; +http://www.google.com/bot.html)"
66.249.72.161 - - [07/Feb/2012:06:33:51 +0100] "GET /~gerard/bcrs/index.php?option=com_content&view=article&id=10&Itemid=32 HTTP/1.1" 200 2904 "-" "Mozilla/5.0 (compatible; Googlebot/2.1; +http://www.google.com/bot.html)"
66.249.72.161 - - [07/Feb/2012:06:50:33 +0100] "GET /~gerard/bcrs/index.php?option=com_content&view=section&layout=blog&id=1&Itemid=3&limitstart=16 HTTP/1.1" 200 3380 "-" "Mozilla/5.0 (compatible; Googlebot/2.1; +http://www.google.com/bot.html)"
124.115.1.62 - - [07/Feb/2012:08:38:27 +0100] "GET / HTTP/1.1" 200 373 "-" "Mozilla/4.0 (compatible; MSIE 6.0; Windows NT 5.1)"
124.115.1.61 - - [07/Feb/2012:08:45:35 +0100] "GET / HTTP/1.1" 200 373 "-" "Mozilla/4.0 (compatible; MSIE 6.0; Windows NT 5.1)"
124.115.1.66 - - [07/Feb/2012:08:50:49 +0100] "GET / HTTP/1.1" 200 373 "-" "Mozilla/4.0 (compatible; MSIE 6.0; Windows NT 5.1)"
124.115.11.187 - - [07/Feb/2012:08:53:42 +0100] "GET / HTTP/1.1" 200 373 "-" "Mozilla/4.0 (compatible; MSIE 6.0; Windows NT 5.1)"
123.125.71.17 - - [07/Feb/2012:09:49:45 +0100] "GET / HTTP/1.1" 200 335 "-" "Mozilla/5.0 (compatible; Baiduspider/2.0; +http://www.baidu.com/search/spider.html)"
66.249.72.161 - - [07/Feb/2012:10:06:26 +0100] "GET /~gerard/bcrs/index.php?option=com_content&view=article&id=17&Itemid=40 HTTP/1.1" 200 2712 "-" "Mozilla/5.0 (compatible; Googlebot/2.1; +http://www.google.com/bot.html)"
66.249.72.161 - - [07/Feb/2012:10:52:41 +0100] "GET /~gerard/bcrs/index.php?option=com_content&view=section&layout=blog&id=1&Itemid=3 HTTP/1.1" 200 4615 "-" "Mozilla/5.0 (compatible; Googlebot/2.1; +http://www.google.com/bot.html)"
66.249.72.161 - - [07/Feb/2012:16:14:38 +0100] "GET /robots.txt HTTP/1.1" 404 504 "-" "Mozilla/5.0 (compatible; Googlebot/2.1; +http://www.google.com/bot.html)"
66.249.72.161 - - [07/Feb/2012:16:14:38 +0100] "GET /~gerard/bcrs/index.php?option=com_content&view=section&layout=blog&id=1&Itemid=3&limitstart=44 HTTP/1.1" 200 4776 "-" "Mozilla/5.0 (compatible; Googlebot/2.1; +http://www.google.com/bot.html)"
66.249.72.161 - - [07/Feb/2012:16:46:47 +0100] "GET /~gerard/bcrs/index.php?option=com_content&view=article&id=34&Itemid=54 HTTP/1.1" 200 2644 "-" "Mozilla/5.0 (compatible; Googlebot/2.1; +http://www.google.com/bot.html)"
124.115.6.10 - - [07/Feb/2012:16:48:17 +0100] "GET /robots.txt HTTP/1.1" 404 504 "-" "Sosospider+(+http://help.soso.com/webspider.htm)"
193.252.118.176 - - [07/Feb/2012:16:53:00 +0100] "GET /robots.txt HTTP/1.1" 404 466 "-" "Mozilla/5.0 (Windows; U; Windows NT 5.1; fr; rv:1.8.1) VoilaBot BETA 1.2 (support.voilabot@orange-ftgroup.com)"
193.252.118.176 - - [07/Feb/2012:16:53:02 +0100] "GET / HTTP/1.1" 200 335 "-" "Mozilla/5.0 (Windows; U; Windows NT 5.1; fr; rv:1.8.1) VoilaBot BETA 1.2 (support.voilabot@orange-ftgroup.com)"
66.249.72.161 - - [07/Feb/2012:21:02:07 +0100] "GET /robots.txt HTTP/1.1" 404 504 "-" "Mozilla/5.0 (compatible; Googlebot/2.1; +http://www.google.com/bot.html)"
66.249.72.161 - - [07/Feb/2012:21:02:07 +0100] "GET /~gerard/bcrs/index.php?option=com_content&view=section&layout=blog&id=1&Itemid=3&limitstart=56 HTTP/1.1" 200 4010 "-" "Mozilla/5.0 (compatible; Googlebot/2.1; +http://www.google.com/bot.html)"
66.249.72.161 - - [07/Feb/2012:22:16:39 +0100] "GET /~gerard/bcrs/index.php?option=com_content&view=article&id=9&Itemid=31 HTTP/1.1" 200 3517 "-" "Mozilla/5.0 (compatible; Googlebot/2.1; +http://www.google.com/bot.html)"
66.249.72.161 - - [08/Feb/2012:02:14:29 +0100] "GET /~gerard/bcrs/index.php?option=com_content&view=section&layout=blog&id=1&Itemid=3&limitstart=40 HTTP/1.1" 200 3449 "-" "Mozilla/5.0 (compatible; Googlebot/2.1; +http://www.google.com/bot.html)"
123.125.71.90 - - [08/Feb/2012:05:11:34 +0100] "GET /robots.txt HTTP/1.1" 404 466 "-" "Baiduspider+(+http://www.baidu.com/search/spider.htm)"
208.80.194.34 - - [08/Feb/2012:06:31:09 +0100] "GET / HTTP/1.0" 200 291 "-" "Mozilla/4.0 (compatible; MSIE 7.0; Windows NT 5.1; .NET CLR 1.1.4322; .NET CLR 2.0.50727; .NET CLR 3.0.04506.30; MSN 9.0; MSNbMSNI; MSNmen-us; MSNcOTH)"
124.115.1.61 - - [08/Feb/2012:07:26:41 +0100] "GET / HTTP/1.1" 200 373 "-" "Mozilla/4.0 (compatible; MSIE 6.0; Windows NT 5.1)"
220.181.108.85 - - [08/Feb/2012:07:33:08 +0100] "GET / HTTP/1.1" 200 291 "-" "Mozilla/5.0 (compatible; Baiduspider/2.0; +http://www.baidu.com/search/spider.html)"
123.125.71.17 - - [08/Feb/2012:07:34:39 +0100] "GET / HTTP/1.1" 200 291 "-" "Mozilla/5.0 (compatible; Baiduspider/2.0; +http://www.baidu.com/search/spider.html)"
124.115.1.66 - - [08/Feb/2012:07:44:04 +0100] "GET / HTTP/1.1" 200 373 "-" "Mozilla/4.0 (compatible; MSIE 6.0; Windows NT 5.1)"
124.115.11.187 - - [08/Feb/2012:07:51:38 +0100] "GET / HTTP/1.1" 200 373 "-" "Mozilla/4.0 (compatible; MSIE 6.0; Windows NT 5.1)"
124.115.1.62 - - [08/Feb/2012:07:52:41 +0100] "GET / HTTP/1.1" 200 373 "-" "Mozilla/4.0 (compatible; MSIE 6.0; Windows NT 5.1)"
124.115.6.10 - - [08/Feb/2012:18:15:29 +0100] "GET /robots.txt HTTP/1.1" 404 504 "-" "Sosospider+(+http://help.soso.com/webspider.htm)"
220.181.108.90 - - [08/Feb/2012:18:39:36 +0100] "GET / HTTP/1.1" 200 291 "-" "Mozilla/5.0 (compatible; Baiduspider/2.0; +http://www.baidu.com/search/spider.html)"
184.105.140.157 - - [08/Feb/2012:20:00:07 +0100] "HEAD / HTTP/1.1" 200 283 "-" "curl/7.15.5 (x86_64-redhat-linux-gnu) libcurl/7.15.5 OpenSSL/0.9.8b zlib/1.2.3 libidn/0.6.5"
66.249.72.161 - - [09/Feb/2012:00:50:11 +0100] "GET /robots.txt HTTP/1.1" 404 504 "-" "Mozilla/5.0 (compatible; Googlebot/2.1; +http://www.google.com/bot.html)"
66.249.72.161 - - [09/Feb/2012:00:50:11 +0100] "GET /~gerard/bcrs/index.php?option=com_content&view=article&id=61:oproep-van-de-kantinecommissie&catid=12:kantine&Itemid=34 HTTP/1.1" 200 3336 "-" "Mozilla/5.0 (compatible; Googlebot/2.1; +http://www.google.com/bot.html)"
66.249.72.161 - - [09/Feb/2012:02:43:26 +0100] "GET /~gerard/bcrs/index.php?option=com_content&view=article&id=17&Itemid=40 HTTP/1.1" 200 2712 "-" "Mozilla/5.0 (compatible; Googlebot/2.1; +http://www.google.com/bot.html)"
66.249.72.161 - - [09/Feb/2012:03:12:31 +0100] "GET /~gerard/bcrs/index.php?option=com_content&view=article&id=12&Itemid=38 HTTP/1.1" 200 3570 "-" "Mozilla/5.0 (compatible; Googlebot/2.1; +http://www.google.com/bot.html)"
114.80.93.71 - - [09/Feb/2012:04:33:42 +0100] "GET / HTTP/1.1" 200 373 "-" "Mozilla/4.0 (compatible; MSIE 6.0; Windows NT 5.1)"
124.115.1.66 - - [09/Feb/2012:05:50:16 +0100] "GET / HTTP/1.1" 200 373 "-" "Mozilla/4.0 (compatible; MSIE 6.0; Windows NT 5.1)"
124.115.1.62 - - [09/Feb/2012:05:54:58 +0100] "GET / HTTP/1.1" 200 373 "-" "Mozilla/4.0 (compatible; MSIE 6.0; Windows NT 5.1)"
124.115.1.61 - - [09/Feb/2012:06:01:13 +0100] "GET / HTTP/1.1" 200 373 "-" "Mozilla/4.0 (compatible; MSIE 6.0; Windows NT 5.1)"
124.115.11.187 - - [09/Feb/2012:06:12:37 +0100] "GET / HTTP/1.1" 200 373 "-" "Mozilla/4.0 (compatible; MSIE 6.0; Windows NT 5.1)"
66.228.60.129 - - [09/Feb/2012:07:57:45 +0100] "GET / HTTP/1.0" 200 291 "-" "-"
66.228.60.129 - - [09/Feb/2012:07:57:45 +0100] "GET / HTTP/1.1" 200 298 "-" "-"
66.228.60.129 - - [09/Feb/2012:07:57:46 +0100] "GET / HTTP/1.1" 200 298 "-" "-"
66.228.60.129 - - [09/Feb/2012:07:57:46 +0100] "GET / HTTP/1.1" 200 298 "-" "-"
66.228.60.129 - - [09/Feb/2012:07:57:47 +0100] "GET / HTTP/1.0" 200 291 "-" "-"
66.228.60.129 - - [09/Feb/2012:07:57:47 +0100] "GET / HTTP/1.0" 200 291 "-" "-"
64.246.178.34 - - [09/Feb/2012:16:03:19 +0100] "GET /robots.txt HTTP/1.0" 404 491 "-" "Mozilla/5.0 (Windows; U; Windows NT 5.1; en; rv:1.9.0.13) Gecko/2009073022 Firefox/3.5.2 (.NET CLR 3.5.30729) SurveyBot/2.3 (DomainTools)"
64.246.178.34 - - [09/Feb/2012:16:03:19 +0100] "GET / HTTP/1.1" 200 335 "http://whois.domaintools.com/deinon.net" "Mozilla/5.0 (Windows; U; Windows NT 5.1; en; rv:1.9.0.13) Gecko/2009073022 Firefox/3.5.2 (.NET CLR 3.5.30729) SurveyBot/2.3 (DomainTools)"
38.100.21.23 - - [09/Feb/2012:16:37:03 +0100] "GET / HTTP/1.1" 200 329 "-" "Mozilla/4.0 (compatible; MSIE 7.0; Windows NT 5.2)"
77.88.24.28 - - [09/Feb/2012:20:16:13 +0100] "GET /robots.txt HTTP/1.1" 404 529 "-" "Mozilla/5.0 (compatible; YandexBot/3.0; +http://yandex.com/bots)"
91.205.96.19 - - [09/Feb/2012:20:53:41 +0100] "GET /robots.txt HTTP/1.1" 404 529 "-" "Mozilla/5.0 (compatible; WBSearchBot/1.1; +http://www.warebay.com/bot.html)"
91.205.96.19 - - [09/Feb/2012:20:53:44 +0100] "GET /robots.txt HTTP/1.1" 404 524 "-" "Mozilla/5.0 (compatible; WBSearchBot/1.1; +http://www.warebay.com/bot.html)"
91.205.96.19 - - [09/Feb/2012:20:53:44 +0100] "GET / HTTP/1.1" 200 328 "-" "Mozilla/5.0 (compatible; WBSearchBot/1.1; +http://www.warebay.com/bot.html)"
91.205.96.19 - - [09/Feb/2012:20:53:47 +0100] "GET / HTTP/1.1" 200 328 "-" "Mozilla/5.0 (compatible; WBSearchBot/1.1; +http://www.warebay.com/bot.html)"
123.125.71.32 - - [09/Feb/2012:21:36:46 +0100] "GET / HTTP/1.1" 200 291 "-" "Mozilla/5.0 (compatible; Baiduspider/2.0; +http://www.baidu.com/search/spider.html)"
220.181.108.97 - - [09/Feb/2012:21:37:04 +0100] "GET / HTTP/1.1" 200 291 "-" "Mozilla/5.0 (compatible; Baiduspider/2.0; +http://www.baidu.com/search/spider.html)"
124.115.6.10 - - [09/Feb/2012:21:56:46 +0100] "GET /robots.txt HTTP/1.1" 404 504 "-" "Sosospider+(+http://help.soso.com/webspider.htm)"
66.249.72.161 - - [09/Feb/2012:22:44:53 +0100] "GET /robots.txt HTTP/1.1" 404 504 "-" "Mozilla/5.0 (compatible; Googlebot/2.1; +http://www.google.com/bot.html)"
66.249.72.161 - - [09/Feb/2012:22:44:53 +0100] "GET /~gerard/bcrs/index.php?option=com_content&view=category&id=19&layout=blog&Itemid=56&limitstart=15 HTTP/1.1" 200 3754 "-" "Mozilla/5.0 (compatible; Googlebot/2.1; +http://www.google.com/bot.html)"
193.25.197.108 - - [10/Feb/2012:00:13:54 +0100] "GET / HTTP/1.0" 200 329 "-" "Wget/1.11.4 Red Hat modified"
66.249.72.161 - - [10/Feb/2012:00:47:49 +0100] "GET /~gerard/bcrs/index.php?option=com_content&view=category&layout=blog&id=19&Itemid=56&limitstart=10 HTTP/1.1" 200 3537 "-" "Mozilla/5.0 (compatible; Googlebot/2.1; +http://www.google.com/bot.html)"
208.80.194.27 - - [10/Feb/2012:02:05:47 +0100] "GET / HTTP/1.0" 200 291 "-" "Mozilla/4.0 (compatible; MSIE 6.0; Windows NT 5.1; SV1; .NET CLR 1.1.4322; Media Center PC 4.0)"
77.88.24.28 - - [10/Feb/2012:03:26:16 +0100] "GET / HTTP/1.1" 200 373 "-" "Mozilla/5.0 (compatible; YandexBot/3.0; +http://yandex.com/bots)"
124.115.11.187 - - [10/Feb/2012:04:44:57 +0100] "GET / HTTP/1.1" 200 373 "-" "Mozilla/4.0 (compatible; MSIE 6.0; Windows NT 5.1)"
124.115.1.66 - - [10/Feb/2012:04:49:21 +0100] "GET / HTTP/1.1" 200 373 "-" "Mozilla/4.0 (compatible; MSIE 6.0; Windows NT 5.1)"
124.115.1.61 - - [10/Feb/2012:04:52:53 +0100] "GET / HTTP/1.1" 200 373 "-" "Mozilla/4.0 (compatible; MSIE 6.0; Windows NT 5.1)"
124.115.1.62 - - [10/Feb/2012:04:56:42 +0100] "GET / HTTP/1.1" 200 373 "-" "Mozilla/4.0 (compatible; MSIE 6.0; Windows NT 5.1)"
220.181.108.83 - - [10/Feb/2012:05:31:47 +0100] "GET / HTTP/1.1" 200 291 "-" "Mozilla/5.0 (compatible; Baiduspider/2.0; +http://www.baidu.com/search/spider.html)"
123.125.71.27 - - [10/Feb/2012:05:33:23 +0100] "GET / HTTP/1.1" 200 291 "-" "Mozilla/5.0 (compatible; Baiduspider/2.0; +http://www.baidu.com/search/spider.html)"
220.181.51.111 - - [10/Feb/2012:09:15:14 +0100] "GET / HTTP/1.1" 200 335 "-" "Mozilla/5.0 (Windows NT 5.1; rv:6.0.2) Gecko/20100101 Firefox/6.0.2"
220.181.108.76 - - [10/Feb/2012:21:32:01 +0100] "GET / HTTP/1.1" 200 291 "-" "Mozilla/5.0 (compatible; Baiduspider/2.0; +http://www.baidu.com/search/spider.html)"
123.125.71.34 - - [10/Feb/2012:21:33:33 +0100] "GET / HTTP/1.1" 200 291 "-" "Mozilla/5.0 (compatible; Baiduspider/2.0; +http://www.baidu.com/search/spider.html)"
193.252.118.176 - - [11/Feb/2012:00:54:28 +0100] "GET / HTTP/1.1" 200 335 "-" "Mozilla/5.0 (Windows; U; Windows NT 5.1; fr; rv:1.8.1) VoilaBot BETA 1.2 (support.voilabot@orange-ftgroup.com)"
124.115.11.187 - - [11/Feb/2012:04:11:44 +0100] "GET / HTTP/1.1" 200 373 "-" "Mozilla/4.0 (compatible; MSIE 6.0; Windows NT 5.1)"
124.115.1.61 - - [11/Feb/2012:04:13:33 +0100] "GET / HTTP/1.1" 200 373 "-" "Mozilla/4.0 (compatible; MSIE 6.0; Windows NT 5.1)"
124.115.1.66 - - [11/Feb/2012:04:17:13 +0100] "GET / HTTP/1.1" 200 373 "-" "Mozilla/4.0 (compatible; MSIE 6.0; Windows NT 5.1)"
124.115.1.62 - - [11/Feb/2012:04:25:16 +0100] "GET / HTTP/1.1" 200 373 "-" "Mozilla/4.0 (compatible; MSIE 6.0; Windows NT 5.1)"
124.115.6.10 - - [11/Feb/2012:05:31:50 +0100] "GET /robots.txt HTTP/1.1" 404 504 "-" "Sosospider+(+http://help.soso.com/webspider.htm)"
123.125.71.31 - - [11/Feb/2012:05:33:20 +0100] "GET / HTTP/1.1" 200 291 "-" "Mozilla/5.0 (compatible; Baiduspider/2.0; +http://www.baidu.com/search/spider.html)"
220.181.108.85 - - [11/Feb/2012:05:33:47 +0100] "GET / HTTP/1.1" 200 291 "-" "Mozilla/5.0 (compatible; Baiduspider/2.0; +http://www.baidu.com/search/spider.html)"
220.181.108.82 - - [11/Feb/2012:12:33:44 +0100] "GET / HTTP/1.1" 200 291 "-" "Mozilla/5.0 (compatible; Baiduspider/2.0; +http://www.baidu.com/search/spider.html)"
123.125.71.33 - - [11/Feb/2012:12:33:52 +0100] "GET / HTTP/1.1" 200 291 "-" "Mozilla/5.0 (compatible; Baiduspider/2.0; +http://www.baidu.com/search/spider.html)"
65.52.109.199 - - [11/Feb/2012:13:22:20 +0100] "GET /robots.txt HTTP/1.1" 404 529 "-" "Mozilla/5.0 (compatible; bingbot/2.0; +http://www.bing.com/bingbot.htm)"
207.46.204.215 - - [11/Feb/2012:13:52:30 +0100] "GET / HTTP/1.1" 200 316 "-" "Mozilla/5.0 (Windows NT 6.1; WOW64) AppleWebKit/534+ (KHTML, like Gecko) BingPreview/1.0b"
220.181.108.90 - - [11/Feb/2012:19:37:25 +0100] "GET / HTTP/1.1" 200 291 "-" "Mozilla/5.0 (compatible; Baiduspider/2.0; +http://www.baidu.com/search/spider.html)"
123.125.71.30 - - [11/Feb/2012:19:39:01 +0100] "GET / HTTP/1.1" 200 291 "-" "Mozilla/5.0 (compatible; Baiduspider/2.0; +http://www.baidu.com/search/spider.html)"
124.115.11.187 - - [12/Feb/2012:03:51:52 +0100] "GET / HTTP/1.1" 200 373 "-" "Mozilla/4.0 (compatible; MSIE 6.0; Windows NT 5.1)"
124.115.1.61 - - [12/Feb/2012:04:05:47 +0100] "GET / HTTP/1.1" 200 373 "-" "Mozilla/4.0 (compatible; MSIE 6.0; Windows NT 5.1)"
124.115.1.66 - - [12/Feb/2012:04:13:50 +0100] "GET / HTTP/1.1" 200 373 "-" "Mozilla/4.0 (compatible; MSIE 6.0; Windows NT 5.1)"
124.115.1.62 - - [12/Feb/2012:04:23:41 +0100] "GET / HTTP/1.1" 200 373 "-" "Mozilla/4.0 (compatible; MSIE 6.0; Windows NT 5.1)"
95.96.155.188 - - [12/Feb/2012:12:45:49 +0100] "GET /~gin/djpics/mybooth1.jpg HTTP/1.1" 404 517 "http://www.dj2dj.nl/forum/viewtopic.php?f=2&t=2668" "Mozilla/4.0 (compatible; MSIE 8.0; Windows NT 6.1; Trident/4.0; SLCC2; .NET CLR 2.0.50727; .NET CLR 3.5.30729; .NET CLR 3.0.30729; Media Center PC 6.0; InfoPath.1; .NET4.0C)"
95.96.155.188 - - [12/Feb/2012:12:46:03 +0100] "GET /~gin/djpics/mybooth1.jpg HTTP/1.1" 404 516 "http://www.dj2dj.nl/forum/viewtopic.php?f=2&t=2668" "Mozilla/4.0 (compatible; MSIE 8.0; Windows NT 6.1; Trident/4.0; SLCC2; .NET CLR 2.0.50727; .NET CLR 3.5.30729; .NET CLR 3.0.30729; Media Center PC 6.0; InfoPath.1; .NET4.0C)"
124.115.6.10 - - [12/Feb/2012:13:20:57 +0100] "GET /robots.txt HTTP/1.1" 404 504 "-" "Sosospider+(+http://help.soso.com/webspider.htm)"
123.125.71.100 - - [12/Feb/2012:15:26:47 +0100] "GET / HTTP/1.1" 200 335 "-" "Mozilla/5.0 (compatible; Baiduspider/2.0; +http://www.baidu.com/search/spider.html)"
208.80.194.36 - - [12/Feb/2012:19:06:52 +0100] "GET / HTTP/1.0" 200 291 "-" "Mozilla/4.0 (compatible; MSIE 6.0; Windows NT 5.1; SV1; FunWebProducts; Tablet PC 1.7; .NET CLR 1.0.3705; .NET CLR 1.1.4322; .NET CLR 2.0.50727; InfoPath.1; .NET CLR 3.0.04506.30)"
220.181.108.86 - - [12/Feb/2012:21:30:18 +0100] "GET / HTTP/1.1" 200 291 "-" "Mozilla/5.0 (compatible; Baiduspider/2.0; +http://www.baidu.com/search/spider.html)"
123.125.71.21 - - [12/Feb/2012:21:33:10 +0100] "GET / HTTP/1.1" 200 291 "-" "Mozilla/5.0 (compatible; Baiduspider/2.0; +http://www.baidu.com/search/spider.html)"
66.249.72.161 - - [12/Feb/2012:22:15:39 +0100] "GET /robots.txt HTTP/1.1" 404 504 "-" "Mozilla/5.0 (compatible; Googlebot/2.1; +http://www.google.com/bot.html)"
66.249.72.161 - - [12/Feb/2012:22:15:40 +0100] "GET /~gerard/bcrs/index.php?option=com_content&view=article&id=9&catid=11&Itemid=31 HTTP/1.1" 200 3515 "-" "Mozilla/5.0 (compatible; Googlebot/2.1; +http://www.google.com/bot.html)"
220.181.108.85 - - [13/Feb/2012:02:56:09 +0100] "GET /robots.txt HTTP/1.1" 404 466 "-" "Baiduspider+(+http://www.baidu.com/search/spider.htm)"
220.181.108.81 - - [13/Feb/2012:04:31:37 +0100] "GET / HTTP/1.1" 200 291 "-" "Mozilla/5.0 (compatible; Baiduspider/2.0; +http://www.baidu.com/search/spider.html)"
123.125.71.20 - - [13/Feb/2012:04:32:14 +0100] "GET / HTTP/1.1" 200 291 "-" "Mozilla/5.0 (compatible; Baiduspider/2.0; +http://www.baidu.com/search/spider.html)"
123.125.71.24 - - [13/Feb/2012:05:31:31 +0100] "GET / HTTP/1.1" 200 291 "-" "Mozilla/5.0 (compatible; Baiduspider/2.0; +http://www.baidu.com/search/spider.html)"
220.181.108.96 - - [13/Feb/2012:05:31:48 +0100] "GET / HTTP/1.1" 200 291 "-" "Mozilla/5.0 (compatible; Baiduspider/2.0; +http://www.baidu.com/search/spider.html)"
124.115.1.66 - - [13/Feb/2012:05:31:59 +0100] "GET / HTTP/1.1" 200 373 "-" "Mozilla/4.0 (compatible; MSIE 6.0; Windows NT 5.1)"
124.115.1.62 - - [13/Feb/2012:05:48:47 +0100] "GET / HTTP/1.1" 200 373 "-" "Mozilla/4.0 (compatible; MSIE 6.0; Windows NT 5.1)"
124.115.11.187 - - [13/Feb/2012:05:59:36 +0100] "GET / HTTP/1.1" 200 373 "-" "Mozilla/4.0 (compatible; MSIE 6.0; Windows NT 5.1)"
124.115.1.61 - - [13/Feb/2012:07:45:45 +0100] "GET / HTTP/1.1" 200 373 "-" "Mozilla/4.0 (compatible; MSIE 6.0; Windows NT 5.1)"
180.76.5.165 - - [13/Feb/2012:16:55:48 +0100] "GET /robots.txt HTTP/1.1" 404 466 "-" "Baiduspider+(+http://www.baidu.com/search/spider.htm)"
124.115.6.10 - - [13/Feb/2012:21:12:02 +0100] "GET /robots.txt HTTP/1.1" 404 504 "-" "Sosospider+(+http://help.soso.com/webspider.htm)"
77.75.77.17 - - [13/Feb/2012:23:54:42 +0100] "GET /robots.txt HTTP/1.1" 404 504 "-" "SeznamBot/3.0 (+http://fulltext.sblog.cz/)"
77.75.77.17 - - [13/Feb/2012:23:54:42 +0100] "GET / HTTP/1.1" 304 210 "-" "SeznamBot/3.0 (+http://fulltext.sblog.cz/)"
193.252.118.176 - - [14/Feb/2012:01:37:18 +0100] "GET /robots.txt HTTP/1.1" 404 466 "-" "Mozilla/5.0 (Windows; U; Windows NT 5.1; fr; rv:1.8.1) VoilaBot BETA 1.2 (support.voilabot@orange-ftgroup.com)"
193.252.118.176 - - [14/Feb/2012:01:37:28 +0100] "GET / HTTP/1.1" 200 335 "-" "Mozilla/5.0 (Windows; U; Windows NT 5.1; fr; rv:1.8.1) VoilaBot BETA 1.2 (support.voilabot@orange-ftgroup.com)"
114.80.93.71 - - [14/Feb/2012:07:24:19 +0100] "GET / HTTP/1.1" 200 373 "-" "Mozilla/4.0 (compatible; MSIE 6.0; Windows NT 5.1)"
124.115.1.62 - - [14/Feb/2012:07:27:57 +0100] "GET / HTTP/1.1" 200 373 "-" "Mozilla/4.0 (compatible; MSIE 6.0; Windows NT 5.1)"
124.115.1.61 - - [14/Feb/2012:07:41:33 +0100] "GET / HTTP/1.1" 200 373 "-" "Mozilla/4.0 (compatible; MSIE 6.0; Windows NT 5.1)"
124.115.11.187 - - [14/Feb/2012:07:44:38 +0100] "GET / HTTP/1.1" 200 373 "-" "Mozilla/4.0 (compatible; MSIE 6.0; Windows NT 5.1)"
124.115.1.66 - - [14/Feb/2012:08:00:20 +0100] "GET / HTTP/1.1" 200 373 "-" "Mozilla/4.0 (compatible; MSIE 6.0; Windows NT 5.1)"
66.249.72.161 - - [14/Feb/2012:08:27:38 +0100] "GET /robots.txt HTTP/1.1" 404 504 "-" "Mozilla/5.0 (compatible; Googlebot/2.1; +http://www.google.com/bot.html)"
66.249.72.161 - - [14/Feb/2012:08:27:38 +0100] "GET /~gerard/bcrs/index.php?option=com_content&view=section&layout=blog&id=1&Itemid=3&limitstart=12 HTTP/1.1" 200 3814 "-" "Mozilla/5.0 (compatible; Googlebot/2.1; +http://www.google.com/bot.html)"
208.80.194.34 - - [14/Feb/2012:15:38:09 +0100] "GET / HTTP/1.0" 200 291 "-" "Mozilla/4.0 (compatible; MSIE 6.0; Windows NT 5.1; BTOW; SV1; .NET CLR 1.1.4322)"
66.249.72.161 - - [14/Feb/2012:17:15:26 +0100] "GET /robots.txt HTTP/1.1" 404 504 "-" "Mozilla/5.0 (compatible; Googlebot/2.1; +http://www.google.com/bot.html)"
66.249.72.161 - - [14/Feb/2012:17:15:26 +0100] "GET /~gerard/bcrs/index.php?option=com_content&view=section&layout=blog&id=1&Itemid=3&limitstart=16 HTTP/1.1" 200 3379 "-" "Mozilla/5.0 (compatible; Googlebot/2.1; +http://www.google.com/bot.html)"
66.249.72.161 - - [14/Feb/2012:18:04:53 +0100] "GET /~gerard/bcrs/index.php?option=com_content&view=section&layout=blog&id=1&Itemid=3&format=feed&type=atom HTTP/1.1" 200 20438 "-" "Mozilla/5.0 (compatible; Googlebot/2.1; +http://www.google.com/bot.html)"
123.125.71.21 - - [14/Feb/2012:19:32:39 +0100] "GET / HTTP/1.1" 200 291 "-" "Mozilla/5.0 (compatible; Baiduspider/2.0; +http://www.baidu.com/search/spider.html)"
220.181.108.75 - - [14/Feb/2012:19:33:19 +0100] "GET / HTTP/1.1" 200 291 "-" "Mozilla/5.0 (compatible; Baiduspider/2.0; +http://www.baidu.com/search/spider.html)"
66.249.72.161 - - [15/Feb/2012:03:12:16 +0100] "GET /robots.txt HTTP/1.1" 404 504 "-" "Mozilla/5.0 (compatible; Googlebot/2.1; +http://www.google.com/bot.html)"
66.249.72.161 - - [15/Feb/2012:03:12:16 +0100] "GET /~gerard/ HTTP/1.1" 304 211 "-" "Mozilla/5.0 (compatible; Googlebot/2.1; +http://www.google.com/bot.html)"
123.125.71.100 - - [15/Feb/2012:04:26:40 +0100] "GET /robots.txt HTTP/1.1" 404 466 "-" "Baiduspider+(+http://www.baidu.com/search/spider.htm)"
77.75.77.11 - - [15/Feb/2012:04:35:47 +0100] "GET /robots.txt HTTP/1.1" 404 504 "-" "SeznamBot/3.0 (+http://fulltext.sblog.cz/)"
77.75.77.11 - - [15/Feb/2012:04:35:48 +0100] "GET / HTTP/1.1" 304 210 "-" "SeznamBot/3.0 (+http://fulltext.sblog.cz/)"
66.249.72.161 - - [15/Feb/2012:04:52:34 +0100] "GET /~gerard/bcrs/index.php?option=com_content&view=article&id=76:sport-en-spel-dag-18-juni&catid=12:kantine&Itemid=34 HTTP/1.1" 200 3711 "-" "Mozilla/5.0 (compatible; Googlebot/2.1; +http://www.google.com/bot.html)"
124.115.6.10 - - [15/Feb/2012:05:32:26 +0100] "GET /robots.txt HTTP/1.1" 404 504 "-" "Sosospider+(+http://help.soso.com/webspider.htm)"
66.249.72.161 - - [15/Feb/2012:05:40:03 +0100] "GET /~gerard/bcrs/index.php?option=com_content&view=article&id=20&Itemid=33 HTTP/1.1" 200 3696 "-" "Mozilla/5.0 (compatible; Googlebot/2.1; +http://www.google.com/bot.html)"
110.75.173.206 - - [15/Feb/2012:06:16:10 +0100] "GET / HTTP/1.1" 200 373 "-" "Yahoo! Slurp China"
124.115.11.187 - - [15/Feb/2012:07:09:02 +0100] "GET / HTTP/1.1" 200 373 "-" "Mozilla/4.0 (compatible; MSIE 6.0; Windows NT 5.1)"
124.115.1.62 - - [15/Feb/2012:07:09:06 +0100] "GET / HTTP/1.1" 200 373 "-" "Mozilla/4.0 (compatible; MSIE 6.0; Windows NT 5.1)"
124.115.1.66 - - [15/Feb/2012:07:58:19 +0100] "GET / HTTP/1.1" 200 373 "-" "Mozilla/4.0 (compatible; MSIE 6.0; Windows NT 5.1)"
124.115.1.61 - - [15/Feb/2012:09:11:35 +0100] "GET / HTTP/1.1" 200 373 "-" "Mozilla/4.0 (compatible; MSIE 6.0; Windows NT 5.1)"
123.125.71.97 - - [15/Feb/2012:12:30:44 +0100] "GET / HTTP/1.1" 200 335 "-" "Mozilla/5.0 (compatible; Baiduspider/2.0; +http://www.baidu.com/search/spider.html)"
123.125.71.28 - - [15/Feb/2012:17:40:24 +0100] "GET / HTTP/1.1" 200 291 "-" "Mozilla/5.0 (compatible; Baiduspider/2.0; +http://www.baidu.com/search/spider.html)"
220.181.108.94 - - [15/Feb/2012:17:41:11 +0100] "GET / HTTP/1.1" 200 291 "-" "Mozilla/5.0 (compatible; Baiduspider/2.0; +http://www.baidu.com/search/spider.html)"
123.125.71.20 - - [15/Feb/2012:20:28:47 +0100] "GET / HTTP/1.1" 200 291 "-" "Mozilla/5.0 (compatible; Baiduspider/2.0; +http://www.baidu.com/search/spider.html)"
220.181.108.87 - - [15/Feb/2012:20:29:16 +0100] "GET / HTTP/1.1" 200 291 "-" "Mozilla/5.0 (compatible; Baiduspider/2.0; +http://www.baidu.com/search/spider.html)"
220.181.108.91 - - [16/Feb/2012:05:31:32 +0100] "GET / HTTP/1.1" 200 291 "-" "Mozilla/5.0 (compatible; Baiduspider/2.0; +http://www.baidu.com/search/spider.html)"
123.125.71.29 - - [16/Feb/2012:05:32:30 +0100] "GET / HTTP/1.1" 200 291 "-" "Mozilla/5.0 (compatible; Baiduspider/2.0; +http://www.baidu.com/search/spider.html)"
124.115.11.187 - - [16/Feb/2012:06:14:53 +0100] "GET / HTTP/1.1" 200 373 "-" "Mozilla/4.0 (compatible; MSIE 6.0; Windows NT 5.1)"
72.94.249.37 - - [16/Feb/2012:06:25:33 +0100] "GET / HTTP/1.1" 200 291 "-" "Mozilla/4.0 (compatible; MSIE 6.0; Windows NT 5.1; SV1; .NET CLR 1.1.4322)"
124.115.1.61 - - [16/Feb/2012:07:20:55 +0100] "GET / HTTP/1.1" 200 373 "-" "Mozilla/4.0 (compatible; MSIE 6.0; Windows NT 5.1)"
124.115.1.66 - - [16/Feb/2012:07:32:21 +0100] "GET / HTTP/1.1" 200 373 "-" "Mozilla/4.0 (compatible; MSIE 6.0; Windows NT 5.1)"
124.115.1.62 - - [16/Feb/2012:07:36:48 +0100] "GET / HTTP/1.1" 200 373 "-" "Mozilla/4.0 (compatible; MSIE 6.0; Windows NT 5.1)"
114.80.93.71 - - [16/Feb/2012:08:41:32 +0100] "GET / HTTP/1.1" 200 373 "-" "Mozilla/4.0 (compatible; MSIE 6.0; Windows NT 5.1)"
220.181.51.111 - - [16/Feb/2012:09:22:00 +0100] "GET / HTTP/1.1" 200 335 "-" "Mozilla/5.0 (Windows NT 5.1; rv:6.0.2) Gecko/20100101 Firefox/6.0.2"
123.125.71.100 - - [16/Feb/2012:11:14:08 +0100] "GET /robots.txt HTTP/1.1" 404 466 "-" "Baiduspider+(+http://www.baidu.com/search/spider.htm)"
123.125.71.102 - - [16/Feb/2012:11:37:51 +0100] "GET / HTTP/1.1" 200 335 "-" "Mozilla/5.0 (compatible; Baiduspider/2.0; +http://www.baidu.com/search/spider.html)"
65.52.108.26 - - [16/Feb/2012:14:17:00 +0100] "GET /robots.txt HTTP/1.1" 404 529 "-" "Mozilla/5.0 (compatible; bingbot/2.0; +http://www.bing.com/bingbot.htm)"
65.52.108.26 - - [16/Feb/2012:14:18:01 +0100] "GET / HTTP/1.1" 304 211 "-" "Mozilla/5.0 (compatible; bingbot/2.0; +http://www.bing.com/bingbot.htm)"
124.115.6.10 - - [16/Feb/2012:14:24:06 +0100] "GET /robots.txt HTTP/1.1" 404 504 "-" "Sosospider+(+http://help.soso.com/webspider.htm)"
208.80.194.30 - - [16/Feb/2012:16:36:46 +0100] "GET / HTTP/1.0" 200 291 "-" "Mozilla/4.0 (compatible; MSIE 7.0; Windows NT 5.1; MEGAUPLOAD 1.0; .NET CLR 1.1.4322)"
66.249.72.161 - - [17/Feb/2012:00:10:51 +0100] "GET /robots.txt HTTP/1.1" 404 504 "-" "Mozilla/5.0 (compatible; Googlebot/2.1; +http://www.google.com/bot.html)"
66.249.72.161 - - [17/Feb/2012:00:10:51 +0100] "GET /~gerard/bcrs/index.php?option=com_content&view=category&id=19:mededelingen-jeugdcommissie&layout=blog&Itemid=56&layout=default HTTP/1.1" 200 4097 "-" "Mozilla/5.0 (compatible; Googlebot/2.1; +http://www.google.com/bot.html)"
66.249.72.161 - - [17/Feb/2012:00:28:03 +0100] "GET /~gerard/bcrs/index.php?option=com_content&view=article&id=61:oproep-van-de-kantinecommissie&catid=12:kantine&Itemid=34 HTTP/1.1" 200 3338 "-" "Mozilla/5.0 (compatible; Googlebot/2.1; +http://www.google.com/bot.html)"
193.252.118.176 - - [17/Feb/2012:00:48:43 +0100] "GET / HTTP/1.1" 200 335 "-" "Mozilla/5.0 (Windows; U; Windows NT 5.1; fr; rv:1.8.1) VoilaBot BETA 1.2 (support.voilabot@orange-ftgroup.com)"
66.249.72.161 - - [17/Feb/2012:02:08:23 +0100] "GET /~gerard/bcrs/index.php?option=com_content&view=article&id=24&Itemid=49 HTTP/1.1" 200 2957 "-" "Mozilla/5.0 (compatible; Googlebot/2.1; +http://www.google.com/bot.html)"
66.249.72.161 - - [17/Feb/2012:02:16:48 +0100] "GET /~gerard/bcrs/index.php?option=com_content&view=article&id=25&Itemid=50 HTTP/1.1" 200 2940 "-" "Mozilla/5.0 (compatible; Googlebot/2.1; +http://www.google.com/bot.html)"
114.80.93.71 - - [17/Feb/2012:02:37:47 +0100] "GET / HTTP/1.1" 200 373 "-" "Mozilla/4.0 (compatible; MSIE 6.0; Windows NT 5.1)"
66.249.72.161 - - [17/Feb/2012:11:09:04 +0100] "GET / HTTP/1.1" 304 211 "-" "Mozilla/5.0 (compatible; Googlebot/2.1; +http://www.google.com/bot.html)"
66.249.72.161 - - [17/Feb/2012:11:16:30 +0100] "GET /~gerard/bcrs/index.php?option=com_content&view=article&id=55:ron-daniels-training-bij-bcrs&catid=20:algemeen&Itemid=34 HTTP/1.1" 200 3786 "-" "Mozilla/5.0 (compatible; Googlebot/2.1; +http://www.google.com/bot.html)"
66.249.72.161 - - [17/Feb/2012:11:26:27 +0100] "GET /~gerard/bcrs/index.php?option=com_content&view=category&id=6&Itemid=34 HTTP/1.1" 200 3569 "-" "Mozilla/5.0 (compatible; Googlebot/2.1; +http://www.google.com/bot.html)"
66.249.72.161 - - [17/Feb/2012:12:22:20 +0100] "GET /robots.txt HTTP/1.1" 404 504 "-" "Mozilla/5.0 (compatible; Googlebot/2.1; +http://www.google.com/bot.html)"
66.249.72.161 - - [17/Feb/2012:12:22:21 +0100] "GET /~gerard/bcrs/index.php?option=com_content&view=article&id=96:informatie-bardiensten-&catid=12:kantine&Itemid=34 HTTP/1.1" 200 3023 "-" "Mozilla/5.0 (compatible; Googlebot/2.1; +http://www.google.com/bot.html)"
180.76.5.155 - - [17/Feb/2012:12:46:37 +0100] "GET /robots.txt HTTP/1.1" 404 466 "-" "Baiduspider+(+http://www.baidu.com/search/spider.htm)"
74.125.78.88 - - [17/Feb/2012:20:10:58 +0100] "GET /~gin/djpics/mybooth1.jpg HTTP/1.1" 404 460 "http://www.dj2dj.nl/forum/viewtopic.php?f=2&t=2668" "Mozilla/5.0 (X11; Linux x86_64) AppleWebKit/534.51 (KHTML, like Gecko; Google Web Preview) Chrome/12.0.742 Safari/534.51"
66.249.72.161 - - [17/Feb/2012:22:33:40 +0100] "GET /~gerard/bcrs/index.php?option=com_content&view=article&id=54:bcrs-jx-toernooi-in-de-krant&catid=19:mededelingen-jeugdcommissie&Itemid=56 HTTP/1.1" 200 2669 "-" "Mozilla/5.0 (compatible; Googlebot/2.1; +http://www.google.com/bot.html)"
124.115.6.10 - - [17/Feb/2012:23:18:27 +0100] "GET /robots.txt HTTP/1.1" 404 504 "-" "Sosospider+(+http://help.soso.com/webspider.htm)"
180.76.5.146 - - [18/Feb/2012:02:53:37 +0100] "GET / HTTP/1.1" 200 335 "-" "Mozilla/5.0 (compatible; Baiduspider/2.0; +http://www.baidu.com/search/spider.html)"
124.115.1.61 - - [18/Feb/2012:05:26:33 +0100] "GET / HTTP/1.1" 200 373 "-" "Mozilla/4.0 (compatible; MSIE 6.0; Windows NT 5.1)"
124.115.1.66 - - [18/Feb/2012:05:33:07 +0100] "GET / HTTP/1.1" 200 373 "-" "Mozilla/4.0 (compatible; MSIE 6.0; Windows NT 5.1)"
124.115.11.187 - - [18/Feb/2012:05:57:21 +0100] "GET / HTTP/1.1" 200 373 "-" "Mozilla/4.0 (compatible; MSIE 6.0; Windows NT 5.1)"
124.115.1.62 - - [18/Feb/2012:05:58:01 +0100] "GET / HTTP/1.1" 200 373 "-" "Mozilla/4.0 (compatible; MSIE 6.0; Windows NT 5.1)"
207.45.117.213 - - [18/Feb/2012:08:18:24 +0100] "GET /administrator/index.php HTTP/1.0" 404 542 "-" "Mozilla/5.0 (Windows; U; Windows NT 5.1; ru; rv:1.9.2.3) Gecko/20100401 Firefox/3.6.3"
66.249.72.161 - - [18/Feb/2012:09:55:18 +0100] "GET /robots.txt HTTP/1.1" 404 504 "-" "Mozilla/5.0 (compatible; Googlebot/2.1; +http://www.google.com/bot.html)"
66.249.72.161 - - [18/Feb/2012:09:55:18 +0100] "GET /~gerard/bcrs/index.php?option=com_content&view=article&id=79:algemene-ledenvergadering-bcrs&catid=20:algemeen&Itemid=34 HTTP/1.1" 200 3059 "-" "Mozilla/5.0 (compatible; Googlebot/2.1; +http://www.google.com/bot.html)"
66.249.72.161 - - [18/Feb/2012:10:25:30 +0100] "GET /~gerard/bcrs/index.php?option=com_content&view=article&id=10&Itemid=32 HTTP/1.1" 200 2905 "-" "Mozilla/5.0 (compatible; Googlebot/2.1; +http://www.google.com/bot.html)"
208.80.194.34 - - [18/Feb/2012:20:53:55 +0100] "GET / HTTP/1.0" 200 291 "-" "Mozilla/4.0 (compatible; MSIE 6.0; Windows NT 5.0; SIMBAR Enabled; SIMBAR={095FFCD9-84CF-4b3a-B861-EB767BC65205})"
69.71.222.186 - - [19/Feb/2012:03:48:45 +0100] "GET / HTTP/1.0" 200 291 "http://www.sitedossier.com/site/www.deinon.net" "-"
124.115.1.62 - - [19/Feb/2012:05:47:51 +0100] "GET / HTTP/1.1" 200 373 "-" "Mozilla/4.0 (compatible; MSIE 6.0; Windows NT 5.1)"
124.115.1.66 - - [19/Feb/2012:05:56:42 +0100] "GET / HTTP/1.1" 200 373 "-" "Mozilla/4.0 (compatible; MSIE 6.0; Windows NT 5.1)"
124.115.1.61 - - [19/Feb/2012:06:27:45 +0100] "GET / HTTP/1.1" 200 373 "-" "Mozilla/4.0 (compatible; MSIE 6.0; Windows NT 5.1)"
124.115.11.187 - - [19/Feb/2012:06:34:05 +0100] "GET / HTTP/1.1" 200 373 "-" "Mozilla/4.0 (compatible; MSIE 6.0; Windows NT 5.1)"
124.115.6.10 - - [19/Feb/2012:08:06:38 +0100] "GET /robots.txt HTTP/1.1" 404 504 "-" "Sosospider+(+http://help.soso.com/webspider.htm)"
66.249.72.161 - - [19/Feb/2012:10:06:25 +0100] "GET /robots.txt HTTP/1.1" 404 504 "-" "Mozilla/5.0 (compatible; Googlebot/2.1; +http://www.google.com/bot.html)"
66.249.72.161 - - [19/Feb/2012:10:06:25 +0100] "GET /~gerard/bcrs/index.php?option=com_content&view=article&id=67:erc-slottoernooi&catid=8:recreanten&Itemid=34 HTTP/1.1" 200 3397 "-" "Mozilla/5.0 (compatible; Googlebot/2.1; +http://www.google.com/bot.html)"
66.249.72.161 - - [19/Feb/2012:10:51:16 +0100] "GET /~gerard/bcrs/index.php?option=com_content&view=article&id=28&Itemid=52 HTTP/1.1" 200 2816 "-" "Mozilla/5.0 (compatible; Googlebot/2.1; +http://www.google.com/bot.html)"
66.249.72.161 - - [19/Feb/2012:19:23:30 +0100] "GET /~gerard/bcrs/index.php?option=com_content&view=article&id=39:informatieavond-ouders-jeugdcompetitie&catid=6:jeugd&Itemid=34 HTTP/1.1" 200 2743 "-" "Mozilla/5.0 (compatible; Googlebot/2.1; +http://www.google.com/bot.html)"
124.115.1.61 - - [20/Feb/2012:05:39:43 +0100] "GET / HTTP/1.1" 200 373 "-" "Mozilla/4.0 (compatible; MSIE 6.0; Windows NT 5.1)"
124.115.1.62 - - [20/Feb/2012:05:45:13 +0100] "GET / HTTP/1.1" 200 373 "-" "Mozilla/4.0 (compatible; MSIE 6.0; Windows NT 5.1)"
124.115.1.66 - - [20/Feb/2012:05:51:06 +0100] "GET / HTTP/1.1" 200 373 "-" "Mozilla/4.0 (compatible; MSIE 6.0; Windows NT 5.1)"
124.115.11.187 - - [20/Feb/2012:05:51:15 +0100] "GET / HTTP/1.1" 200 373 "-" "Mozilla/4.0 (compatible; MSIE 6.0; Windows NT 5.1)"
66.249.72.161 - - [20/Feb/2012:06:03:46 +0100] "GET /robots.txt HTTP/1.1" 404 504 "-" "Mozilla/5.0 (compatible; Googlebot/2.1; +http://www.google.com/bot.html)"
66.249.72.161 - - [20/Feb/2012:06:03:47 +0100] "GET /~gerard/bcrs/index.php?option=com_content&view=article&id=5:website-bcrs-online&catid=7:website&Itemid=34 HTTP/1.1" 200 3101 "-" "Mozilla/5.0 (compatible; Googlebot/2.1; +http://www.google.com/bot.html)"
66.249.72.161 - - [20/Feb/2012:09:26:59 +0100] "GET /~gerard/bcrs/index.php?option=com_content&view=section&layout=blog&id=1&Itemid=3&limitstart=12 HTTP/1.1" 200 3815 "-" "Mozilla/5.0 (compatible; Googlebot/2.1; +http://www.google.com/bot.html)"
95.108.151.244 - - [20/Feb/2012:15:07:42 +0100] "GET /robots.txt HTTP/1.1" 404 528 "-" "Mozilla/5.0 (compatible; YandexBot/3.0; +http://yandex.com/bots)"
95.108.151.244 - - [20/Feb/2012:15:07:43 +0100] "GET / HTTP/1.1" 200 372 "-" "Mozilla/5.0 (compatible; YandexBot/3.0; +http://yandex.com/bots)"
95.108.151.244 - - [20/Feb/2012:15:07:44 +0100] "GET / HTTP/1.1" 200 372 "-" "Mozilla/5.0 (compatible; YandexBot/3.0; +http://yandex.com/bots)"
124.115.6.10 - - [20/Feb/2012:16:41:43 +0100] "GET /robots.txt HTTP/1.1" 404 504 "-" "Sosospider+(+http://help.soso.com/webspider.htm)"
